148
CDUS45 KSLC 231228
CLISLC


CLIMATE REPORT
NATIONAL WEATHER SERVICE SALT LAKE CITY UT
627 AM MDT MON APR 23 2018


...................................

...THE SALT LAKE CITY UT CLIMATE SUMMARY FOR APRIL 22 2018...

CLIMATE NORMAL PERIOD 1981 TO 2010
CLIMATE RECORD PERIOD 1874 TO 2018


WEATHER ITEM   OBSERVED TIME   RECORD YEAR NORMAL DEPARTURE LAST
                VALUE   (LST)  VALUE       VALUE  FROM      YEAR
                                                  NORMAL
..................................................................
TEMPERATURE (F)
 YESTERDAY
  MAXIMUM         77    532 PM  86    2012  63     14       65
  MINIMUM         47    544 AM  26    1963  41      6       38
  AVERAGE         62                        52     10       52

PRECIPITATION (IN)
  YESTERDAY        0.00          1.00 1957   0.07  -0.07     0.00
  MONTH TO DATE    1.18                      1.45  -0.27     2.24
  SINCE OCT 1      7.77                     10.12  -2.35    14.05
  SINCE JAN 1      5.64                      5.74  -0.10     9.41

SNOWFALL (IN)
  YESTERDAY        0.0           2.0  1923   0.1   -0.1      0.0
  MONTH TO DATE    1.4                       3.4   -2.0      1.0
  SINCE OCT 1     43.5                      55.3  -11.8     51.3
  SINCE JUL 1     43.5                      55.3  -11.8     51.3
  SNOW DEPTH       0

DEGREE DAYS
 HEATING
  YESTERDAY        3                        13    -10       13
  MONTH TO DATE  262                       343    -81      299
  SINCE MAR 1    828                      1005   -177      755
  SINCE JUL 1   4364                      5261   -897     4508

 COOLING
  YESTERDAY        0                         0      0        0
  MONTH TO DATE    0                         0      0        0
  SINCE MAR 1      0                         0      0        2
  SINCE JAN 1      0                         0      0        2
..................................................................


WIND (MPH)
  RESULTANT WIND SPEED   3   RESULTANT WIND DIRECTION  SE (130)
  HIGHEST WIND SPEED    14   HIGHEST WIND DIRECTION     S (160)
  HIGHEST GUST SPEED    16   HIGHEST GUST DIRECTION     S (160)
  AVERAGE WIND SPEED     6.2


SKY COVER
  POSSIBLE SUNSHINE  MM
  AVERAGE SKY COVER 0.0


WEATHER CONDITIONS
 THE FOLLOWING WEATHER WAS RECORDED YESTERDAY.
  NO SIGNIFICANT WEATHER WAS OBSERVED.


RELATIVE HUMIDITY (PERCENT)
 HIGHEST    58           500 AM
 LOWEST     15           400 PM
 AVERAGE    37

..........................................................


THE SALT LAKE CITY UT CLIMATE NORMALS FOR TODAY
                         NORMAL    RECORD    YEAR
 MAXIMUM TEMPERATURE (F)   64        88      2012
 MINIMUM TEMPERATURE (F)   41        27      1968


SUNRISE AND SUNSET
APRIL 23 2018.........SUNRISE   637 AM MDT   SUNSET   816 PM MDT
APRIL 24 2018.........SUNRISE   636 AM MDT   SUNSET   817 PM MDT


-  INDICATES NEGATIVE NUMBERS.
R  INDICATES RECORD WAS SET OR TIED.
MM INDICATES DATA IS MISSING.
T  INDICATES TRACE AMOUNT.




$$
