000
CDUS46 KSGX 250023
CLISNA


CLIMATE REPORT
NATIONAL WEATHER SERVICE SAN DIEGO, CA
523 PM PDT THU MAY 24 2018


...................................

...THE JOHN WAYNE AIRPORT CA CLIMATE SUMMARY FOR MAY 24 2018...
VALID TODAY AS OF 0500 PM LOCAL TIME.

CLIMATE NORMAL PERIOD 1981 TO 2010
CLIMATE RECORD PERIOD 1999 TO 2018


WEATHER ITEM   OBSERVED TIME   RECORD YEAR NORMAL DEPARTURE LAST
                VALUE   (LST)  VALUE       VALUE  FROM      YEAR
                                                  NORMAL
..................................................................
TEMPERATURE (F)
 TODAY
  MAXIMUM         67    137 PM  80    2006  72     -5       72
  MINIMUM         58    358 AM  53    2008  59     -1       59
  AVERAGE         63                        66     -3       66

PRECIPITATION (IN)
  TODAY            T   R         T    2007   0.00   0.00     0.00
                                      2007
                                      2016
  MONTH TO DATE    0.06                      0.22  -0.16     0.08
  SINCE OCT 1      2.77                     12.95 -10.18    15.88
  SINCE JAN 1      2.76                      8.87  -6.11     9.69

DEGREE DAYS
 HEATING
  TODAY            2                         1      1        0
  MONTH TO DATE   37                        35      2       23
  SINCE MAR 1    244                       336    -92      137
  SINCE JUL 1    708                      1242   -534      878

 COOLING
  TODAY            0                         1     -1        1
  MONTH TO DATE   15                        24     -9       45
  SINCE MAR 1     42                        45     -3      106
  SINCE JAN 1     68                        53     15      106
..................................................................


WIND (MPH)
  RESULTANT WIND SPEED   4   RESULTANT WIND DIRECTION  SW (210)
  HIGHEST WIND SPEED    15   HIGHEST WIND DIRECTION    SW (210)
  HIGHEST GUST SPEED    19   HIGHEST GUST DIRECTION     S (200)
  AVERAGE WIND SPEED     5.4


SKY COVER
  POSSIBLE SUNSHINE  MM
  AVERAGE SKY COVER 1.0


WEATHER CONDITIONS
 THE FOLLOWING WEATHER WAS RECORDED TODAY.
  LIGHT RAIN
  FOG
  HAZE


RELATIVE HUMIDITY (PERCENT)
 HIGHEST    93           200 AM
 LOWEST     58           200 PM
 AVERAGE    76

..........................................................


THE JOHN WAYNE AIRPORT CA CLIMATE NORMALS FOR TOMORROW
                         NORMAL    RECORD    YEAR
 MAXIMUM TEMPERATURE (F)   72        77      2014
 MINIMUM TEMPERATURE (F)   59        51      2008


SUNRISE AND SUNSET
MAY 24 2018...........SUNRISE   545 AM PDT   SUNSET   752 PM PDT
MAY 25 2018...........SUNRISE   545 AM PDT   SUNSET   753 PM PDT


-  INDICATES NEGATIVE NUMBERS.
R  INDICATES RECORD WAS SET OR TIED.
MM INDICATES DATA IS MISSING.
T  INDICATES TRACE AMOUNT.




$$
