000
CDAK48 PAFC 211304
CLISNP


CLIMATE REPORT
NATIONAL WEATHER SERVICE ANCHORAGE, AK
504 AM AKDT MON MAY 21 2018


...................................

...THE SAINT PAUL ISLAND CLIMATE SUMMARY FOR MAY 20 2018...

CLIMATE NORMAL PERIOD 1981 TO 2010
CLIMATE RECORD PERIOD 1892 TO 2018


WEATHER ITEM   OBSERVED TIME   RECORD YEAR NORMAL DEPARTURE LAST
                VALUE   (LST)  VALUE       VALUE  FROM      YEAR
                                                  NORMAL
..................................................................
TEMPERATURE (F)
 YESTERDAY
  MAXIMUM         44    457 PM  46    2016  41      3       45
                                      2015
                                      2003
  MINIMUM         35   1159 PM  23    1993  33      2       35
                                      1986
  AVERAGE         40                        37      3       40

PRECIPITATION (IN)
  YESTERDAY        T             0.38 1989   0.03  -0.03     0.00
  MONTH TO DATE    0.95                      0.73   0.22     1.18
  SINCE MAR 1      5.42                      2.88   2.54     2.35
  SINCE JAN 1      8.40                      5.76   2.64     5.44

SNOWFALL (IN)
  YESTERDAY        0.0          MM      MM   0.1   -0.1      0.0
  MONTH TO DATE    T                         1.0   -1.0       T
  SINCE MAR 1      4.1                      14.7  -10.6      0.6
  SINCE JUL 1     14.6                      59.7  -45.1     48.8
  SNOW DEPTH       0

DEGREE DAYS
 HEATING
  YESTERDAY       25                        28     -3       25
  MONTH TO DATE  545                       598    -53      541
  SINCE MAR 1   2409                      2916   -507     2728
  SINCE JUL 1   8404                      9833  -1429     8603

 COOLING
  YESTERDAY        0                         0      0        0
  MONTH TO DATE    0                         0      0        0
  SINCE MAR 1      0                         0      0        0
  SINCE JAN 1      0                         0      0        0
..................................................................


WIND (MPH)
  RESULTANT WIND SPEED  21   RESULTANT WIND DIRECTION   N (350)
  HIGHEST WIND SPEED    29   HIGHEST WIND DIRECTION     N (340)
  HIGHEST GUST SPEED    36   HIGHEST GUST DIRECTION     N (340)
  AVERAGE WIND SPEED    21.4



WEATHER CONDITIONS
 THE FOLLOWING WEATHER WAS RECORDED YESTERDAY.
  LIGHT RAIN
  FOG


RELATIVE HUMIDITY (PERCENT)
 HIGHEST   100
 LOWEST     76
 AVERAGE    88

..........................................................


THE SAINT PAUL ISLAND CLIMATE NORMALS FOR TODAY
                         NORMAL    RECORD    YEAR
 MAXIMUM TEMPERATURE (F)   42        51      2003
 MINIMUM TEMPERATURE (F)   33        18      1990


SUNRISE AND SUNSET
MAY 21 2018...........SUNRISE   650 AM AKDT  SUNSET  1146 PM AKDT
MAY 22 2018...........SUNRISE   648 AM AKDT  SUNSET  1148 PM AKDT


-  INDICATES NEGATIVE NUMBERS.
R  INDICATES RECORD WAS SET OR TIED.
MM INDICATES DATA IS MISSING.
T  INDICATES TRACE AMOUNT.




$$
