000
CDUS43 KILX 250630
CLISPI


CLIMATE REPORT
NATIONAL WEATHER SERVICE LINCOLN IL
129 AM CDT FRI MAY 25 2018


...................................

...THE SPRINGFIELD IL CLIMATE SUMMARY FOR MAY 24 2018...

CLIMATE NORMAL PERIOD 1981 TO 2010
CLIMATE RECORD PERIOD 1879 TO 2018


WEATHER ITEM   OBSERVED TIME   RECORD YEAR NORMAL DEPARTURE LAST
                VALUE   (LST)  VALUE       VALUE  FROM      YEAR
                                                  NORMAL
..................................................................
TEMPERATURE (F)
 YESTERDAY
  MAXIMUM         90    415 PM  94    1939  77     13       68
  MINIMUM         62    435 AM  37    1925  55      7       52
  AVERAGE         76                        66     10       60

PRECIPITATION (IN)
  YESTERDAY        0.00          2.07 1994   0.14  -0.14     0.12
  MONTH TO DATE    1.56                      3.24  -1.68     4.05
  SINCE MAR 1      8.10                      9.38  -1.28    15.23
  SINCE JAN 1     12.82                     13.01  -0.19    16.70

SNOWFALL (IN)
  YESTERDAY        0.0           0.0    MM   0.0    0.0      0.0
  MONTH TO DATE    0.0                       0.0    0.0      0.0
  SINCE MAR 1      4.8                       2.8    2.0      4.6
  SINCE JUL 1     11.8                      20.9   -9.1     10.3
  SNOW DEPTH       0

DEGREE DAYS
 HEATING
  YESTERDAY        0                         3     -3        5
  MONTH TO DATE    0                       112   -112      110
  SINCE MAR 1   1267                      1186     81      909
  SINCE JUL 1   5245                      5457   -212     4164

 COOLING
  YESTERDAY       11                         4      7        0
  MONTH TO DATE  190                        54    136       73
  SINCE MAR 1    200                        74    126      110
  SINCE JAN 1    200                        74    126      110
..................................................................


WIND (MPH)
  HIGHEST WIND SPEED    14   HIGHEST WIND DIRECTION    SE (120)
  HIGHEST GUST SPEED    19   HIGHEST GUST DIRECTION    SE (140)
  AVERAGE WIND SPEED     5.4


SKY COVER
  POSSIBLE SUNSHINE  MM
  AVERAGE SKY COVER 0.0


WEATHER CONDITIONS
 THE FOLLOWING WEATHER WAS RECORDED YESTERDAY.
  NO SIGNIFICANT WEATHER WAS OBSERVED.


RELATIVE HUMIDITY (PERCENT)
 HIGHEST    84           400 AM
 LOWEST     34           100 PM
 AVERAGE    59

..........................................................


THE SPRINGFIELD IL CLIMATE NORMALS FOR TODAY
                         NORMAL    RECORD    YEAR
 MAXIMUM TEMPERATURE (F)   77        95      1967
 MINIMUM TEMPERATURE (F)   56        35      1925


SUNRISE AND SUNSET
MAY 25 2018...........SUNRISE   536 AM CDT   SUNSET   816 PM CDT
MAY 26 2018...........SUNRISE   536 AM CDT   SUNSET   817 PM CDT


-  INDICATES NEGATIVE NUMBERS.
R  INDICATES RECORD WAS SET OR TIED.
MM INDICATES DATA IS MISSING.
T  INDICATES TRACE AMOUNT.




$$
