000
CDUS43 KEAX 240632
CLISTJ


CLIMATE REPORT
NATIONAL WEATHER SERVICE KANSAS CITY/PLEASANT HILL MO
132 AM CDT TUE APR 24 2018


...................................

...THE ST. JOSEPH MO CLIMATE SUMMARY FOR APRIL 23 2018...

CLIMATE NORMAL PERIOD 1981 TO 2010
CLIMATE RECORD PERIOD 1892 TO 2018


WEATHER ITEM   OBSERVED TIME   RECORD YEAR NORMAL DEPARTURE LAST
                VALUE   (LST)  VALUE       VALUE  FROM      YEAR
                                                  NORMAL
..................................................................
TEMPERATURE (F)
 YESTERDAY
  MAXIMUM         77    337 PM  92    1950  68      9       72
  MINIMUM         46   1147 PM  30    1996  45      1       32
  AVERAGE         62                        56      6       52

PRECIPITATION (IN)
  YESTERDAY        0.00          1.31 1968   0.15  -0.15     0.00
  MONTH TO DATE    0.23                      2.61  -2.38     2.83
  SINCE MAR 1      0.58                      4.86  -4.28     5.40
  SINCE JAN 1      2.04                      6.35  -4.31     6.42

DEGREE DAYS
 HEATING
  YESTERDAY        3                         9     -6       13
  MONTH TO DATE  509                       288    221      187
  SINCE MAR 1   1206                       973    233      754
  SINCE JUL 1   5077                      5281   -204     4051

 COOLING
  YESTERDAY        0                         1     -1        0
  MONTH TO DATE    2                        16    -14       14
  SINCE MAR 1      2                        18    -16       18
  SINCE JAN 1      2                        18    -16       18
..................................................................


WIND (MPH)
  HIGHEST WIND SPEED    18   HIGHEST WIND DIRECTION    NE (40)
  HIGHEST GUST SPEED    25   HIGHEST GUST DIRECTION    NE (60)
  AVERAGE WIND SPEED     8.8


SKY COVER
  POSSIBLE SUNSHINE  MM
  AVERAGE SKY COVER 0.2


WEATHER CONDITIONS
 THE FOLLOWING WEATHER WAS RECORDED YESTERDAY.
  NO SIGNIFICANT WEATHER WAS OBSERVED.


RELATIVE HUMIDITY (PERCENT)
 HIGHEST    54           500 AM
 LOWEST     19           300 PM
 AVERAGE    37

..........................................................


THE ST. JOSEPH MO CLIMATE NORMALS FOR TODAY
                         NORMAL    RECORD    YEAR
 MAXIMUM TEMPERATURE (F)   68        92      1989
 MINIMUM TEMPERATURE (F)   45        27      2013
                                             1967


SUNRISE AND SUNSET
APRIL 24 2018.........SUNRISE   629 AM CDT   SUNSET   807 PM CDT
APRIL 25 2018.........SUNRISE   628 AM CDT   SUNSET   808 PM CDT


-  INDICATES NEGATIVE NUMBERS.
R  INDICATES RECORD WAS SET OR TIED.
MM INDICATES DATA IS MISSING.
T  INDICATES TRACE AMOUNT.




$$
