000
CDUS43 KFSD 232225
CLISUX


CLIMATE REPORT
NATIONAL WEATHER SERVICE SIOUX FALLS SD
524 PM CDT MON APR 23 2018


...................................

...THE SIOUX CITY IA CLIMATE SUMMARY FOR APRIL 23 2018...
VALID TODAY AS OF 0500 PM LOCAL TIME.

CLIMATE NORMAL PERIOD 1981 TO 2010
CLIMATE RECORD PERIOD 1889 TO 2018


WEATHER ITEM   OBSERVED TIME   RECORD YEAR NORMAL DEPARTURE LAST
                VALUE   (LST)  VALUE       VALUE  FROM      YEAR
                                                  NORMAL
..................................................................
TEMPERATURE (F)
 TODAY
  MAXIMUM         73    359 PM  92    2009  66      7       75
  MINIMUM         32    530 AM  25    1996  40     -8       36
                                      1910
  AVERAGE         53                        53      0       56

PRECIPITATION (IN)
  TODAY            0.00          1.71 1935   0.11  -0.11     0.00
  MONTH TO DATE    1.01                      2.21  -1.20     1.34
  SINCE MAR 1      2.96                      4.21  -1.25     2.85
  SINCE JAN 1      5.39                      5.50  -0.11     4.44

SNOWFALL (IN)
  TODAY            0.0           0.2  2001   0.0    0.0      0.0
                                      1968
  MONTH TO DATE    9.5                       1.6    7.9       T
  SINCE MAR 1     13.4                       8.1    5.3      3.1
  SINCE JUL 1     45.2                      34.6   10.6     28.6
  SNOW DEPTH       0

DEGREE DAYS
 HEATING
  TODAY           12                        13     -1        9
  MONTH TO DATE  644                       395    249      298
  SINCE MAR 1   1507                      1279    228     1067
  SINCE JUL 1   6841                      6573    268     5304

 COOLING
  TODAY            0                         1     -1        0
  MONTH TO DATE    0                         3     -3        1
  SINCE MAR 1      0                         3     -3        1
  SINCE JAN 1      0                         3     -3        1
..................................................................


WIND (MPH)
  HIGHEST WIND SPEED    12   HIGHEST WIND DIRECTION    SE (130)
  HIGHEST GUST SPEED    19   HIGHEST GUST DIRECTION     S (180)
  AVERAGE WIND SPEED     3.8


SKY COVER
  POSSIBLE SUNSHINE  MM
  AVERAGE SKY COVER 0.0


WEATHER CONDITIONS
 THE FOLLOWING WEATHER WAS RECORDED TODAY.
  FOG


RELATIVE HUMIDITY (PERCENT)
 HIGHEST    96           500 AM
 LOWEST     20           200 PM
 AVERAGE    58

..........................................................


THE SIOUX CITY IA CLIMATE NORMALS FOR TOMORROW
                         NORMAL    RECORD    YEAR
 MAXIMUM TEMPERATURE (F)   66        89      2012
 MINIMUM TEMPERATURE (F)   40        23      1956


SUNRISE AND SUNSET
APRIL 23 2018.........SUNRISE   632 AM CDT   SUNSET   816 PM CDT
APRIL 24 2018.........SUNRISE   631 AM CDT   SUNSET   817 PM CDT


-  INDICATES NEGATIVE NUMBERS.
R  INDICATES RECORD WAS SET OR TIED.
MM INDICATES DATA IS MISSING.
T  INDICATES TRACE AMOUNT.




$$
