000
CDUS44 KBMX 230825
CLITOI


CLIMATE REPORT
NATIONAL WEATHER SERVICE BIRMINGHAM, AL
324 AM CDT MON APR 23 2018


...................................

...THE TROY CLIMATE SUMMARY FOR APRIL 22 2018...

CLIMATE NORMAL PERIOD 1981 TO 2010
CLIMATE RECORD PERIOD 9999 TO 9999


WEATHER ITEM   OBSERVED TIME   RECORD YEAR NORMAL DEPARTURE LAST
                VALUE   (LST)  VALUE       VALUE  FROM      YEAR
                                                  NORMAL
..................................................................
TEMPERATURE (F)
 YESTERDAY
  MAXIMUM         73   1016 AM  MM      MM  78     -5       84
  MINIMUM         62   1159 PM  MM      MM  51     11       59
  AVERAGE         68                        65      3       72

PRECIPITATION (IN)
  YESTERDAY        1.32                      0.11   1.21      T
  MONTH TO DATE    3.30                      3.30   0.00     1.54
  SINCE MAR 1      6.21                      9.33  -3.12     4.03
  SINCE JAN 1     11.47                     18.46  -6.99    22.66

SNOWFALL (IN)
  YESTERDAY        0.0                      MM     MM        0.0
  MONTH TO DATE    0.0                      MM     MM        0.0
  SINCE MAR 1      0.0                      MM     MM        0.0
  SINCE JUL 1      T                        MM     MM        0.0
  SNOW DEPTH       0

DEGREE DAYS
 HEATING
  YESTERDAY        0                         3     -3        0
  MONTH TO DATE  113                        98     15       39
  SINCE MAR 1    406                       380     26      256
  SINCE JUL 1   2061                      2299   -238     1417

 COOLING
  YESTERDAY        3                         2      1        7
  MONTH TO DATE   25                        35    -10       77
  SINCE MAR 1     53                        49      4      129
  SINCE JAN 1    111                        54     57      151
..................................................................


WIND (MPH)
  HIGHEST WIND SPEED    21   HIGHEST WIND DIRECTION    SE (140)
  HIGHEST GUST SPEED    27   HIGHEST GUST DIRECTION     S (160)
  AVERAGE WIND SPEED    10.3


SKY COVER
  AVERAGE SKY COVER 1.0


WEATHER CONDITIONS
 THE FOLLOWING WEATHER WAS RECORDED YESTERDAY.
  HEAVY RAIN
  RAIN
  LIGHT RAIN
  FOG


RELATIVE HUMIDITY (PERCENT)
 HIGHEST   100           600 PM
 LOWEST     78          1000 AM
 AVERAGE    89

..........................................................


THE TROY CLIMATE NORMALS FOR TODAY
                         NORMAL    RECORD    YEAR
 MAXIMUM TEMPERATURE (F)   78        MM        MM
 MINIMUM TEMPERATURE (F)   52        MM        MM


SUNRISE AND SUNSET
APRIL 23 2018.........SUNRISE   606 AM CDT   SUNSET   719 PM CDT
APRIL 24 2018.........SUNRISE   605 AM CDT   SUNSET   719 PM CDT


-  INDICATES NEGATIVE NUMBERS.
R  INDICATES RECORD WAS SET OR TIED.
MM INDICATES DATA IS MISSING.
T  INDICATES TRACE AMOUNT.




$$
