000
CDUS45 KLKN 230930
CLITPH


CLIMATE REPORT
NATIONAL WEATHER SERVICE ELKO NV
226 AM PDT WED MAY 23 2018


...................................

...THE TONOPAH AIRPORT NV CLIMATE SUMMARY FOR MAY 22 2018...

CLIMATE NORMAL PERIOD 1981 TO 2010
CLIMATE RECORD PERIOD 1954 TO 2018


WEATHER ITEM   OBSERVED TIME   RECORD YEAR NORMAL DEPARTURE LAST
                VALUE   (LST)  VALUE       VALUE  FROM      YEAR
                                                  NORMAL
..................................................................
TEMPERATURE (F)
 YESTERDAY
  MAXIMUM         71    258 PM  92    2000  76     -5       83
                                      1967
  MINIMUM         46    319 AM  31    2002  45      1       51
                                      1960
  AVERAGE         59                        61     -2       67

PRECIPITATION (IN)
  YESTERDAY        0.03          0.45 1957   0.02   0.01     0.00
  MONTH TO DATE    0.42                      0.36   0.06     0.79
  SINCE OCT 1      1.15                      3.45  -2.30     2.78
  SINCE JAN 1      1.14                      2.36  -1.22     2.25

DEGREE DAYS
 HEATING
  YESTERDAY        6                         6      0        0
  MONTH TO DATE  143                       179    -36      157
  SINCE MAR 1   1203                      1330   -127     1110
  SINCE JUL 1   4783                      5372   -589     4975

 COOLING
  YESTERDAY        0                         1     -1        2
  MONTH TO DATE   20                         9     11        6
  SINCE MAR 1     22                        10     12        6
  SINCE JAN 1     22                        10     12        6
..................................................................


WIND (MPH)
  HIGHEST WIND SPEED    18   HIGHEST WIND DIRECTION     S (190)
  HIGHEST GUST SPEED    22   HIGHEST GUST DIRECTION     S (190)
  AVERAGE WIND SPEED     5.1



WEATHER CONDITIONS
 THE FOLLOWING WEATHER WAS RECORDED YESTERDAY.
  LIGHT RAIN


RELATIVE HUMIDITY (PERCENT)
 HIGHEST    86          1200 AM
 LOWEST     28           400 PM
 AVERAGE    57

..........................................................


THE TONOPAH AIRPORT NV CLIMATE NORMALS FOR TODAY
                         NORMAL    RECORD    YEAR
 MAXIMUM TEMPERATURE (F)   77        93      1984
 MINIMUM TEMPERATURE (F)   45        31      2010


SUNRISE AND SUNSET
MAY 23 2018...........SUNRISE   532 AM PDT   SUNSET   759 PM PDT
MAY 24 2018...........SUNRISE   531 AM PDT   SUNSET   800 PM PDT


-  INDICATES NEGATIVE NUMBERS.
R  INDICATES RECORD WAS SET OR TIED.
MM INDICATES DATA IS MISSING.
T  INDICATES TRACE AMOUNT.




$$
