000
CDUS43 KAPX 262127
CLITVC


CLIMATE REPORT
NATIONAL WEATHER SERVICE GAYLORD MI
527 PM EDT SAT MAY 26 2018


...................................

...THE TRAVERSE CITY MI CLIMATE SUMMARY FOR MAY 26 2018...
VALID TODAY AS OF 0500 PM LOCAL TIME.

CLIMATE NORMAL PERIOD 1981 TO 2010
CLIMATE RECORD PERIOD 1896 TO 2018


WEATHER ITEM   OBSERVED TIME   RECORD YEAR NORMAL DEPARTURE LAST
                VALUE   (LST)  VALUE       VALUE  FROM      YEAR
                                                  NORMAL
..................................................................
TEMPERATURE (F)
 TODAY
  MAXIMUM         83    244 PM  89    1978  69     14       70
  MINIMUM         68    608 AM  27    1969  45     23       50
  AVERAGE         76                        57     19       60

PRECIPITATION (IN)
  TODAY            T             0.96 1985   0.08  -0.08     0.00
  MONTH TO DATE    2.25                      2.16   0.09     1.12
  SINCE MAR 1      6.26                      6.80  -0.54     5.56
  SINCE JAN 1      8.67                     11.12  -2.45     8.89

DEGREE DAYS
 HEATING
  TODAY            0                         9     -9        5
  MONTH TO DATE  207                       330   -123      337
  SINCE MAR 1   2163                      2057    106     1871
  SINCE JUL 1   7066                      7397   -331     6044

 COOLING
  TODAY           11                         1     10        0
  MONTH TO DATE   41                         9     32       18
  SINCE MAR 1     41                        12     29       21
  SINCE JAN 1     41                        12     29       21
..................................................................


WIND (MPH)
  RESULTANT WIND SPEED   3   RESULTANT WIND DIRECTION   N (10)
  HIGHEST WIND SPEED    17   HIGHEST WIND DIRECTION    NW (300)
  HIGHEST GUST SPEED    22   HIGHEST GUST DIRECTION    NW (300)
  AVERAGE WIND SPEED     5.8


SKY COVER
  POSSIBLE SUNSHINE  MM
  AVERAGE SKY COVER 0.4


WEATHER CONDITIONS
 THE FOLLOWING WEATHER WAS RECORDED TODAY.
  NO SIGNIFICANT WEATHER WAS OBSERVED.


RELATIVE HUMIDITY (PERCENT)
 HIGHEST    70           200 AM
 LOWEST     54          1100 AM
 AVERAGE    62

..........................................................




SUNRISE AND SUNSET
MAY 26 2018...........SUNRISE   604 AM EDT   SUNSET   916 PM EDT
MAY 27 2018...........SUNRISE   603 AM EDT   SUNSET   916 PM EDT


-  INDICATES NEGATIVE NUMBERS.
R  INDICATES RECORD WAS SET OR TIED.
MM INDICATES DATA IS MISSING.
T  INDICATES TRACE AMOUNT.




$$
