000
CDUS45 KBOI 270937
CLITWF


CLIMATE REPORT
NATIONAL WEATHER SERVICE BOISE ID
336 AM MDT SUN MAY 27 2018


...................................

...THE TWIN FALLS ID CLIMATE SUMMARY FOR MAY 26 2018...

CLIMATE NORMAL PERIOD 1981 TO 2010
CLIMATE RECORD PERIOD 9999 TO 9999


WEATHER ITEM   OBSERVED TIME   NORMAL DEPARTURE LAST
                VALUE   (LST)  VALUE  FROM      YEAR
                                      NORMAL
......................................................
TEMPERATURE (F)
 YESTERDAY
  MAXIMUM         70   1257 PM  73     -3       60
  MINIMUM         48   1159 PM  45      3       41
  AVERAGE         59

PRECIPITATION (IN)
  YESTERDAY        0.06          0.04   0.02     0.37
  MONTH TO DATE    0.94          1.15  -0.21     1.12
  SINCE OCT 1      6.49          8.37  -1.88    10.87
  SINCE JAN 1      3.93          5.12  -1.19     6.37

DEGREE DAYS
 HEATING
  YESTERDAY        6             7     -1       14
  MONTH TO DATE  180           256    -76      301
  SINCE MAR 1   1460          1487    -27     1502
  SINCE JUL 1   5992          6054    -62     6282

 COOLING
  YESTERDAY        0             1     -1        0
  MONTH TO DATE    6            14     -8        1
  SINCE MAR 1      6            15     -9        1
  SINCE JAN 1      6            15     -9        1
......................................................


WIND (MPH)
  HIGHEST WIND SPEED    35   HIGHEST WIND DIRECTION    SW (230)
  HIGHEST GUST SPEED    45   HIGHEST GUST DIRECTION    SW (220)
  AVERAGE WIND SPEED    11.7


SKY COVER
  AVERAGE SKY COVER 0.1


WEATHER CONDITIONS
 THE FOLLOWING WEATHER WAS RECORDED YESTERDAY.
  THUNDERSTORM
  LIGHT RAIN


RELATIVE HUMIDITY (PERCENT)
 HIGHEST    86          1000 PM
 LOWEST     44           100 PM
 AVERAGE    65

..........................................................




SUNRISE AND SUNSET
MAY 27 2018...........SUNRISE   606 AM MDT   SUNSET   905 PM MDT
MAY 28 2018...........SUNRISE   605 AM MDT   SUNSET   905 PM MDT


-  INDICATES NEGATIVE NUMBERS.
R  INDICATES RECORD WAS SET OR TIED.
MM INDICATES DATA IS MISSING.
T  INDICATES TRACE AMOUNT.




$$
