000
CDUS44 KSHV 210755
CLITXK


CLIMATE REPORT
NATIONAL WEATHER SERVICE SHREVEPORT, LA
255 AM CDT SAT APR 21 2018


...................................

...THE TEXARKANA CLIMATE SUMMARY FOR APRIL 20 2018...

CLIMATE NORMAL PERIOD 1981 TO 2010
CLIMATE RECORD PERIOD 1896 TO 2018


WEATHER ITEM   OBSERVED TIME   RECORD YEAR NORMAL DEPARTURE LAST
                VALUE   (LST)  VALUE       VALUE  FROM      YEAR
                                                  NORMAL
..................................................................
TEMPERATURE (F)
 YESTERDAY
  MAXIMUM         67    502 PM  92    1987  76     -9       82
  MINIMUM         40    524 AM  35    1901  54    -14       66
  AVERAGE         54                        65    -11       74

PRECIPITATION (IN)
  YESTERDAY        0.00          1.62 1982   0.13  -0.13     0.00
  MONTH TO DATE    1.34                      2.48  -1.14     3.12
  SINCE DEC 1     28.61                     19.12   9.49    20.86
  SINCE JAN 1     22.02                     14.07   7.95    14.44

SNOWFALL (IN)
  YESTERDAY        0.0
  MONTH TO DATE    0.0
  SINCE MAR 1      0.0
  SINCE JUL 1      2.0
  SNOW DEPTH       0

DEGREE DAYS
 HEATING
  YESTERDAY       11                         3      8        0
  MONTH TO DATE  160                        90     70       23
  SINCE MAR 1    379                       390    -11      222
  SINCE JUL 1   2494                      2584    -90     1673

 COOLING
  YESTERDAY        0                         3     -3        9
  MONTH TO DATE   16                        41    -25       66
  SINCE MAR 1     44                        60    -16      115
  SINCE JAN 1     58                        64     -6      147
..................................................................


WIND (MPH)
  HIGHEST WIND SPEED    15   HIGHEST WIND DIRECTION    NE (40)
  HIGHEST GUST SPEED    22   HIGHEST GUST DIRECTION    NE (50)
  AVERAGE WIND SPEED     6.3


SKY COVER
  POSSIBLE SUNSHINE  MM
  AVERAGE SKY COVER 0.0


WEATHER CONDITIONS
 THE FOLLOWING WEATHER WAS RECORDED YESTERDAY.
  NO SIGNIFICANT WEATHER WAS OBSERVED.


RELATIVE HUMIDITY (PERCENT)
 HIGHEST    82           300 AM
 LOWEST     34           400 PM
 AVERAGE    58

..........................................................


THE TEXARKANA CLIMATE NORMALS FOR TODAY
                         NORMAL    RECORD    YEAR
 MAXIMUM TEMPERATURE (F)   77        91      1913
 MINIMUM TEMPERATURE (F)   54        37      1993


SUNRISE AND SUNSET
APRIL 21 2018.........SUNRISE   638 AM CDT   SUNSET   751 PM CDT
APRIL 22 2018.........SUNRISE   637 AM CDT   SUNSET   752 PM CDT


-  INDICATES NEGATIVE NUMBERS.
R  INDICATES RECORD WAS SET OR TIED.
MM INDICATES DATA IS MISSING.
T  INDICATES TRACE AMOUNT.




$$
