191
CDUS43 KLSX 210727
CLIUIN


CLIMATE REPORT
NATIONAL WEATHER SERVICE ST LOUIS MO
227 AM CDT SAT APR 21 2018


...................................

...THE QUINCY IL CLIMATE SUMMARY FOR APRIL 20 2018...

CLIMATE NORMAL PERIOD 1981 TO 2010
CLIMATE RECORD PERIOD 1901 TO 2018


WEATHER ITEM   OBSERVED TIME   RECORD YEAR NORMAL DEPARTURE LAST
                VALUE   (LST)  VALUE       VALUE  FROM      YEAR
                                                  NORMAL
..................................................................
TEMPERATURE (F)
 YESTERDAY
  MAXIMUM         61    432 PM  90    1987  65     -4       73
  MINIMUM         31    528 AM  27    2013  45    -14       48
  AVERAGE         46                        55     -9

PRECIPITATION (IN)
  YESTERDAY        0.00          1.91 1976   0.13  -0.13      T
  MONTH TO DATE    0.63                      2.37  -1.74     2.00
  SINCE MAR 1      4.01                      4.83  -0.82     5.18
  SINCE JAN 1      8.13                      8.23  -0.10     7.23

DEGREE DAYS
 HEATING
  YESTERDAY       19                        11      8
  MONTH TO DATE  489                       278    211
  SINCE MAR 1   1264                       996    268
  SINCE JUL 1   5431                      5338     93

 COOLING
  YESTERDAY        0                         1     -1
  MONTH TO DATE    6                         7     -1
  SINCE MAR 1      6                         9     -3
  SINCE JAN 1      6                         9     -3
..................................................................


WIND (MPH)
  HIGHEST WIND SPEED    16   HIGHEST WIND DIRECTION    SE (140)
  HIGHEST GUST SPEED    23   HIGHEST GUST DIRECTION    SE (120)
  AVERAGE WIND SPEED     8.2


SKY COVER
  AVERAGE SKY COVER 0.0



RELATIVE HUMIDITY (PERCENT)
 HIGHEST    70           600 AM
 LOWEST     17           200 PM
 AVERAGE    44

..........................................................


THE QUINCY IL CLIMATE NORMALS FOR TODAY
                         NORMAL    RECORD    YEAR
 MAXIMUM TEMPERATURE (F)   65        90      1902
 MINIMUM TEMPERATURE (F)   45        26      1904


SUNRISE AND SUNSET
APRIL 21 2018.........SUNRISE   618 AM CDT   SUNSET   749 PM CDT
APRIL 22 2018.........SUNRISE   617 AM CDT   SUNSET   750 PM CDT


-  INDICATES NEGATIVE NUMBERS.
R  INDICATES RECORD WAS SET OR TIED.
MM INDICATES DATA IS MISSING.
T  INDICATES TRACE AMOUNT.




$$
