000
CDUS46 KLOX 270905
CLIWJF


CLIMATE REPORT
NATIONAL WEATHER SERVICE LOS ANGELES/OXNARD CA
204 AM PDT SUN MAY 27 2018


...................................

...THE LANCASTER FOX FIELD CA CLIMATE SUMMARY FOR MAY 26 2018...

CLIMATE NORMAL PERIOD 1981 TO 2010
CLIMATE RECORD PERIOD 1948 TO 2018


WEATHER ITEM   OBSERVED TIME   RECORD YEAR NORMAL DEPARTURE
                VALUE   (LST)  VALUE       VALUE  FROM
                                                  NORMAL
...............................................................
TEMPERATURE (F)
 YESTERDAY
  MAXIMUM         71    156 PM 104    1974  85    -14
  MINIMUM         51    422 AM  37    1953  57     -6
  AVERAGE         61                        71    -10

PRECIPITATION (IN)
  YESTERDAY        0.00          0.28 1950   0.00   0.00
  MONTH TO DATE    0.00                      0.08  -0.08
  SINCE OCT 1      2.76                      6.98  -4.22
  SINCE JAN 1      2.74                      4.85  -2.11

SNOWFALL (IN)
  YESTERDAY        0.0           0.0    MM
  MONTH TO DATE    0.0
  SINCE MAR 1      0.0
  SINCE JUL 1      0.0
  SNOW DEPTH       0

DEGREE DAYS
 HEATING
  YESTERDAY        4                                3
  MONTH TO DATE   39                              -16
  SINCE MAR 1    546                              -84
  SINCE JUL 1   2531                             -392

 COOLING
  YESTERDAY        0                               -7
  MONTH TO DATE   86                              -35
  SINCE MAR 1    134                              -17
  SINCE JAN 1    134                              -17
...............................................................


WIND (MPH)
  HIGHEST WIND SPEED    39   HIGHEST WIND DIRECTION     W (270)
  HIGHEST GUST SPEED    44   HIGHEST GUST DIRECTION     W (270)
  AVERAGE WIND SPEED    23.6




RELATIVE HUMIDITY (PERCENT)
 HIGHEST    77
 LOWEST     31
 AVERAGE    54

..........................................................


THE LANCASTER FOX FIELD CA CLIMATE NORMALS FOR TODAY
                         NORMAL    RECORD    YEAR
 MAXIMUM TEMPERATURE (F)   86       101      1984
 MINIMUM TEMPERATURE (F)   57        43      1998


SUNRISE AND SUNSET
MAY 27 2018...........SUNRISE   543 AM PDT   SUNSET   758 PM PDT
MAY 28 2018...........SUNRISE   542 AM PDT   SUNSET   758 PM PDT


-  INDICATES NEGATIVE NUMBERS.
R  INDICATES RECORD WAS SET OR TIED.
MM INDICATES DATA IS MISSING.
T  INDICATES TRACE AMOUNT.




$$
