000
CDUS46 KPDT 260040
CLIYKM

CLIMATE REPORT
NATIONAL WEATHER SERVICE PENDLETON OR
531 PM PDT FRI MAY 25 2018


...................................

...THE YAKIMA WA CLIMATE SUMMARY FOR MAY 25 2018...
VALID TODAY AS OF 0500 PM LOCAL TIME.

CLIMATE NORMAL PERIOD 1981 TO 2010
CLIMATE RECORD PERIOD 1946 TO 2018


WEATHER ITEM   OBSERVED TIME   RECORD YEAR NORMAL DEPARTURE LAST
                VALUE   (LST)  VALUE       VALUE  FROM      YEAR
                                                  NORMAL
..................................................................
TEMPERATURE (F)
 TODAY
  MAXIMUM         82   1219 PM  95    1947  75      7       77
  MINIMUM         57    422 AM  31    1984  45     12       42
                                      1973
  AVERAGE         70                        60     10       60

PRECIPITATION (IN)
  TODAY            0.00          0.26 1981   0.02  -0.02     0.00
  MONTH TO DATE    0.13                      0.45  -0.32     0.46
  SINCE OCT 1      4.64                      6.66  -2.02    11.21
  SINCE JAN 1      2.35                      3.54  -1.19     7.29

SNOWFALL (IN)
  TODAY            0.0           0.0  2002   0.0    0.0      0.0
                                      2001
                                      2000
  MONTH TO DATE    0.0                       0.0    0.0      0.0
  SINCE JAN 1      0.8                       8.6   -7.8     29.1
  SINCE JUL 1      2.4                      21.6  -19.2     36.5
  SNOW DEPTH       0

DEGREE DAYS
 HEATING
  TODAY            0                         6     -6        5
  MONTH TO DATE   27                       227   -200      164
  SINCE MAR 1   1040                      1382   -342     1190
  SINCE JUL 1   4806                      5909  -1103     5619

 COOLING
  TODAY            5                         1      4        0
  MONTH TO DATE   87                        14     73       22
  SINCE MAR 1     87                        15     72       22
  SINCE JAN 1     87                        15     72       22
..................................................................


WIND (MPH)
  HIGHEST WIND SPEED    12   HIGHEST WIND DIRECTION     S (160)
  HIGHEST GUST SPEED    15   HIGHEST GUST DIRECTION     S (160)
  AVERAGE WIND SPEED     4.0


SKY COVER
  POSSIBLE SUNSHINE  MM
  AVERAGE SKY COVER 0.1


WEATHER CONDITIONS
 THE FOLLOWING WEATHER WAS RECORDED TODAY.
  NO SIGNIFICANT WEATHER WAS OBSERVED.


RELATIVE HUMIDITY (PERCENT)
 HIGHEST    72           300 AM
 LOWEST     26           100 PM
 AVERAGE    49

..........................................................


THE YAKIMA WA CLIMATE NORMALS FOR TOMORROW
                         NORMAL    RECORD    YEAR
 MAXIMUM TEMPERATURE (F)   75        98      1958
 MINIMUM TEMPERATURE (F)   45        31      1973


SUNRISE AND SUNSET
MAY 25 2018...........SUNRISE   518 AM PDT   SUNSET   841 PM PDT
MAY 26 2018...........SUNRISE   517 AM PDT   SUNSET   842 PM PDT


-  INDICATES NEGATIVE NUMBERS.
R  INDICATES RECORD WAS SET OR TIED.
MM INDICATES DATA IS MISSING.
T  INDICATES TRACE AMOUNT.




$$
