594
CXUS55 KPUB 020143 CCA
CLMALS

CLIMATE REPORT...CORRECTION
NATIONAL WEATHER SERVICE PUEBLO
733 PM MDT TUE MAY 1 2018

...................................

...THE ALAMOSA CO CLIMATE SUMMARY FOR THE MONTH OF APRIL 2018...

CLIMATE NORMAL PERIOD 1981 TO 2010
CLIMATE RECORD PERIOD 1932 TO 2018

WEATHER         OBSERVED          NORMAL  DEPART  LAST YEAR`S
                 VALUE   DATE(S)  VALUE   FROM    VALUE  DATE(S)
                                          NORMAL
................................................................
TEMPERATURE (F)
RECORD
 HIGH              80   04/20/1989
 LOW               -6   04/08/1973
HIGHEST            72   04/07        63       9       74  04/18
                        04/27
                        04/29
LOWEST             13   04/18        20      -7       16  04/10
AVG. MAXIMUM     63.5              59.3     4.2     60.4
AVG. MINIMUM     26.0              24.4     1.6     26.6
MEAN             44.8              41.8     3.0     43.5
DAYS MAX >= 90      0               0.0     0.0
DAYS MAX <= 32      0               0.0     0.0
DAYS MIN <= 32     24              25.9    -1.9
DAYS MIN <= 0       0               0.0     0.0

PRECIPITATION (INCHES)
RECORD
 MAXIMUM         3.06   1942
 MINIMUM            T   1972
TOTALS           0.20              0.59   -0.39     0.63
DAILY AVG.       0.01              0.02   -0.01
DAYS >= .01         3               5.2    -2.2
DAYS >= .10         1               1.7    -0.7
DAYS >= .50         0               0.2    -0.2
DAYS >= 1.00        0               0.0     0.0
GREATEST
 24 HR. TOTAL    0.10   04/20

SNOWFALL (INCHES)
RECORDS
 TOTAL           17.0   1938
TOTALS            0.3               3.6    -3.3      4.9
SINCE 7/1         9.1              26.7   -17.6     41.1
SNOWDEPTH AVG.      0
DAYS >= 1.0         0               1.1    -1.1
GREATEST
 SNOW DEPTH         0                                  3
 24 HR TOTAL      0.3   04/20                        2.9

DEGREE_DAYS
HEATING TOTAL     599               694     -95      636
 SINCE 7/1       6810              8000   -1190     7164
COOLING TOTAL       0                 0       0        0
 SINCE 1/1          0                 0       0        0
.................................................................

WIND (MPH)
AVERAGE WIND SPEED              11.8
HIGHEST WIND SPEED/DIRECTION    53/230    DATE  04/17
HIGHEST GUST SPEED/DIRECTION    68/230    DATE  04/17

SKY COVER
POSSIBLE SUNSHINE (PERCENT)   MM
AVERAGE SKY COVER           0.20
NUMBER OF DAYS FAIR           24
NUMBER OF DAYS PC              6
NUMBER OF DAYS CLOUDY          0

AVERAGE RH (PERCENT)     39

WEATHER CONDITIONS. NUMBER OF DAYS WITH
THUNDERSTORM              1     MIXED PRECIP               0
HEAVY RAIN                0     RAIN                       2
LIGHT RAIN                6     FREEZING RAIN              0
LT FREEZING RAIN          0     HAIL                       0
HEAVY SNOW                0     SNOW                       2
LIGHT SNOW                2     SLEET                      0
FOG                       3     FOG W/VIS <= 1/4 MILE      1
HAZE                      1

-  INDICATES NEGATIVE NUMBERS.
R  INDICATES RECORD WAS SET OR TIED.
MM INDICATES DATA IS MISSING.
T  INDICATES TRACE AMOUNT.

$$
