000
CXUS53 KAPX 012010
CLMAPN


CLIMATE REPORT
NATIONAL WEATHER SERVICE GAYLORD MI
409 PM EDT SUN APR 1 2018

...................................

...THE ALPENA MI CLIMATE SUMMARY FOR THE MONTH OF MARCH 2018...

CLIMATE NORMAL PERIOD 1981 TO 2010
CLIMATE RECORD PERIOD 1916 TO 2018

WEATHER         OBSERVED          NORMAL  DEPART  LAST YEAR`S
                 VALUE   DATE(S)  VALUE   FROM    VALUE  DATE(S)
                                          NORMAL
................................................................
TEMPERATURE (F)
RECORD
 HIGH              87   03/21/2012
 LOW              -27   03/04/1962
                        03/02/1962
HIGHEST            48   03/29        MM      MM       58  03/07
LOWEST              3   03/11        MM      MM       -6  03/14
AVG. MAXIMUM     36.3              38.3    -2.0     36.5
AVG. MINIMUM     19.1              19.2    -0.1     20.2
MEAN             27.7              28.7    -1.0     28.4
DAYS MAX >= 90      0               0.0     0.0        0
DAYS MAX <= 32      9               8.6     0.4        9
DAYS MIN <= 32     30              27.9     2.1       26
DAYS MIN <= 0       0               2.2    -2.2        2

PRECIPITATION (INCHES)
RECORD
 MAXIMUM           MM   MM
 MINIMUM           MM   MM
TOTALS           1.51              1.86   -0.35     2.83
DAILY AVG.       0.05              0.06   -0.01     0.09
DAYS >= .01         7              11.2    -4.2       18
DAYS >= .10         6               4.6     1.4        6
DAYS >= .50         0               1.0    -1.0        3
DAYS >= 1.00        0               0.1    -0.1        0
GREATEST
 24 HR. TOTAL    0.40   03/27 TO 03/27
 STORM TOTAL       MM
 (MM/DD(HH))            MM

SNOWFALL (INCHES)
RECORDS
 TOTAL             MM   MM
 SNOW DEPTH        MM   MM
TOTALS           14.7              12.2     2.5     12.9
SINCE 7/1        51.8              78.3   -26.5     66.4
SNOWDEPTH AVG.      2                 7      -5        1
DAYS >= TRACE      14               8.0     6.0       20
DAYS >= 1.0         4               3.6     0.4        3
GREATEST
 SNOW DEPTH         9   03/09                          6  03/04
                        03/08                             03/03
                                                          03/02
 24 HR TOTAL      5.3   03/07 TO 03/07               6.8

DEGREE_DAYS
HEATING TOTAL    1148              1124      24     1131
 SINCE 7/1       6597              6856    -259     5762
COOLING TOTAL       0                 0       0        0
 SINCE 1/1          0                 0       0        0

FREEZE DATES
RECORD
 EARLIEST     MM
 LATEST       MM
EARLIEST                        MM
LATEST                          MM
.................................................................

WIND (MPH)
AVERAGE WIND SPEED              8.0
HIGHEST WIND SPEED/DIRECTION    29/140    DATE  03/26
HIGHEST GUST SPEED/DIRECTION    38/140    DATE  03/26

SKY COVER
POSSIBLE SUNSHINE (PERCENT)   MM
AVERAGE SKY COVER           0.40
NUMBER OF DAYS FAIR           15
NUMBER OF DAYS PC              7
NUMBER OF DAYS CLOUDY          9

AVERAGE RH (PERCENT)     71

WEATHER CONDITIONS. NUMBER OF DAYS WITH
  0
  0
  0
  0
  4
  0
  0
HAZE                      1

-  INDICATES NEGATIVE NUMBERS.
R  INDICATES RECORD WAS SET OR TIED.
MM INDICATES DATA IS MISSING.
T  INDICATES TRACE AMOUNT.

$$
