000
CXUS54 KMRX 032325
CLMCHA


CLIMATE REPORT
NATIONAL WEATHER SERVICE MORRISTOWN TN
724 PM EDT TUE APR 3 2018

...................................

...THE CHATTANOOGA  ASOS CLIMATE SUMMARY FOR THE MONTH OF MARCH 2018...

CLIMATE NORMAL PERIOD 1981 TO 2010
CLIMATE RECORD PERIOD 1879 TO 2018

WEATHER         OBSERVED          NORMAL  DEPART
                 VALUE   DATE(S)  VALUE   FROM
                                          NORMAL
................................................
TEMPERATURE (F)
HIGHEST            78   03/17
LOWEST             26   03/09
AVG. MAXIMUM     61.2              63.7    -2.5
AVG. MINIMUM     41.3              40.7     0.6
MEAN             51.2              52.2    -1.0
DAYS MAX >= 90      0
DAYS MAX <= 32      0
DAYS MIN <= 32      6
DAYS MIN <= 0       0

PRECIPITATION (INCHES)
RECORD
 MAXIMUM        16.32   1980
 MINIMUM         0.93   1910
TOTALS           2.73              4.98   -2.25
DAYS >= .01        11
DAYS >= .10         5
DAYS >= .50         3
DAYS >= 1.00        0
GREATEST
 24 HR. TOTAL    0.85   03/19 TO 03/19

SNOWFALL (INCHES)
TOTALS              T               1.2    -1.2
SINCE 7/1         0.8
SNOWDEPTH AVG.      0
DAYS >= TRACE       1
GREATEST
 SNOW DEPTH         0   MM

DEGREE_DAYS
HEATING TOTAL     422               404      18
 SINCE 7/1       2820              3026    -206
COOLING TOTAL       4                 7      -3
 SINCE 1/1         29                 7      22
.................................................



-  INDICATES NEGATIVE NUMBERS.
R  INDICATES RECORD WAS SET OR TIED.
MM INDICATES DATA IS MISSING.
T  INDICATES TRACE AMOUNT.

$$
