000
CXUS53 KTOP 051423
CLMCNK


CLIMATE REPORT
NATIONAL WEATHER SERVICE TOPEKA KS
920 AM CDT SAT MAY 5 2018

...................................

...THE CONCORDIA KS CLIMATE SUMMARY FOR THE MONTH OF APRIL 2018...

CLIMATE NORMAL PERIOD 1981 TO 2010
CLIMATE RECORD PERIOD 1885 TO 2018

WEATHER         OBSERVED          NORMAL  DEPART  LAST YEAR`S
                 VALUE   DATE(S)  VALUE   FROM    VALUE
                                          NORMAL
.............................................................
TEMPERATURE (F)
RECORD
 HIGH             100   04/20/1902
 LOW               12   04/07/2018
HIGHEST            85   04/12        69      16       81
LOWEST             12R  04/07        36     -24       27
AVG. MAXIMUM     60.1              65.0    -4.9     63.6
AVG. MINIMUM     32.7              41.2    -8.5     43.7
MEAN             46.4              53.1    -6.7     53.7
DAYS MAX >= 90      0               0.4    -0.4        0
DAYS MAX <= 32      2               0.0     2.0        0
DAYS MIN <= 32     15               4.4    10.6        2
DAYS MIN <= 0       0               0.0     0.0        0

PRECIPITATION (INCHES)
RECORD
 MAXIMUM         5.98   1984
 MINIMUM         0.37   1989
TOTALS           0.99              2.45   -1.46     5.34
DAILY AVG.       0.03              0.08   -0.05     0.18
DAYS >= .01         9               8.8     0.2       13
DAYS >= .10         3               4.9    -1.9        9
DAYS >= .50         0               1.8    -1.8        6
DAYS >= 1.00        0               0.5    -0.5        0
GREATEST
 24 HR. TOTAL    0.40   04/21 TO 04/21              0.98

SNOWFALL (INCHES)
RECORDS
 TOTAL            7.8   1997
TOTALS            0.4               0.5    -0.1      0.0
SINCE 7/1        11.6              20.2    -8.6      4.3
SNOWDEPTH AVG.      0                                  0
DAYS >= 1.0         0               0.2    -0.2        0
GREATEST
 SNOW DEPTH         0   MM                             0
 24 HR TOTAL      0.2   04/14 TO 04/14               0.0

DEGREE_DAYS
HEATING TOTAL     559               373     186      348
 SINCE 7/1       5298              5264      34     4418
COOLING TOTAL       9                16      -7       15
 SINCE 1/1          9                17      -8       19
..............................................................

WIND (MPH)
AVERAGE WIND SPEED              12.8
HIGHEST WIND SPEED/DIRECTION    41/180    DATE  04/30
HIGHEST GUST SPEED/DIRECTION    58/200    DATE  04/30

SKY COVER
POSSIBLE SUNSHINE (PERCENT)   MM
AVERAGE SKY COVER           0.30
NUMBER OF DAYS FAIR           16
NUMBER OF DAYS PC              8
NUMBER OF DAYS CLOUDY          6

AVERAGE RH (PERCENT)     60


-  INDICATES NEGATIVE NUMBERS.
R  INDICATES RECORD WAS SET OR TIED.
MM INDICATES DATA IS MISSING.
T  INDICATES TRACE AMOUNT.

$$
