000
CXUS52 KILM 012055
CLMCRE
CLIMATE REPORT
NATIONAL WEATHER SERVICE WILMINGTON NC
355 PM EST FRI MAR 01 2024
...................................
...THE N.MYRTLE BEACH SOUTH CAROLINA CLIMATE SUMMARY FOR THE MONTH OF FEBRUARY 2024...
CLIMATE NORMAL PERIOD 1991 TO 2020
CLIMATE RECORD PERIOD 1931 TO 2024
WEATHER OBSERVED NORMAL DEPART LAST YEAR`S
VALUE DATE(S) VALUE FROM VALUE DATE(S)
NORMAL
................................................................
TEMPERATURE (F)
RECORD
HIGH 86 02/29/1948
LOW 9 02/18/1958
HIGHEST 69 02/28 MM MM 81 02/24
02/28
LOWEST 31 02/08 MM MM 28 02/04
AVG. MAXIMUM 61.2 58.2 3.0 64.4
AVG. MINIMUM 41.3 39.6 1.7 45.5
MEAN 51.3 48.9 2.4 55.0
DAYS MAX >= 90 0 0.0 0.0 0
DAYS MAX <= 32 0 0.0 0.0 0
DAYS MIN <= 32 1 6.9 -5.9 1
DAYS MIN <= 0 0 0.0 0.0 0
PRECIPITATION (INCHES)
RECORD
MAXIMUM 14.37 1998
MINIMUM 0.64 2000
TOTALS 1.85 3.18 -1.33 3.56
DAILY AVG. 0.06
DAYS >= .01 5 9.3 -4.3
DAYS >= .10 2 6.1 -4.1
DAYS >= .50 1 2.1 -1.1
DAYS >= 1.00 1 0.8 0.2
GREATEST
24 HR. TOTAL 1.52 02/11 TO 02/12
DEGREE DAYS
HEATING TOTAL 391 452 -61 288
SINCE 7/1 1640 1907 -267
COOLING TOTAL 0 1 -1 13
SINCE 1/1 2 1 1
FREEZE DATES
RECORD
EARLIEST MM
LATEST MM
EARLIEST 01/01
LATEST 03/29
................................................................
WIND (MPH)
AVERAGE WIND SPEED 8.2
RESULTANT WIND SPEED/DIRECTION 1/270
HIGHEST WIND SPEED/DIRECTION 30/260 DATE 02/13
30/210 02/28
HIGHEST GUST SPEED/DIRECTION 52/260 DATE 02/13
SKY COVER
AVERAGE SKY COVER 0.16
AVERAGE RH (PERCENT) 65
WEATHER CONDITIONS. NUMBER OF DAYS WITH
THUNDERSTORM 0 MIXED PRECIP MM
HEAVY RAIN 1 RAIN 1
LIGHT RAIN 9 FREEZING RAIN 0
LT FREEZING RAIN 0 HAIL MM
HEAVY SNOW 0 SNOW 0
LIGHT SNOW 0 SLEET MM
FOG 10 FOG W/VIS <= 1/4 MILE 0
HAZE 3
- INDICATES NEGATIVE NUMBERS.
R INDICATES RECORD WAS SET OR TIED.
MM INDICATES DATA IS MISSING.
T INDICATES TRACE AMOUNT.
$$