000
CXUS52 KILM 011224
CLMCRE


CLIMATE REPORT
NATIONAL WEATHER SERVICE WILMINGTON NC
818 AM EDT TUE MAY 1 2018

...................................

...THE N.MYRTLE BEACH SOUTH CAROLINA CLIMATE SUMMARY FOR THE MONTH OF APRIL 2018...

CLIMATE NORMAL PERIOD 1981 TO 2010
CLIMATE RECORD PERIOD 1949 TO 2018

WEATHER         OBSERVED          NORMAL  DEPART  LAST YEAR`S
                 VALUE   DATE(S)  VALUE   FROM    VALUE  DATE(S)
                                          NORMAL
................................................................
TEMPERATURE (F)
RECORD
 HIGH              92   04/22/2002
                        04/21/2002
                        04/26/1990
 LOW               28   04/16/1950
HIGHEST            84   04/19        MM      MM       81  04/30
                                                          04/29
LOWEST             38   04/17        MM      MM       37  04/08
                        04/08
AVG. MAXIMUM     69.2              71.3    -2.1     74.8
AVG. MINIMUM     50.3              51.9    -1.6     58.4
MEAN             59.8              61.6    -1.8     66.6
DAYS MAX >= 90      0               0.0     0.0        0
DAYS MAX <= 32      0               0.0     0.0        0
DAYS MIN <= 32      0               0.2    -0.2        0
DAYS MIN <= 0       0               0.0     0.0        0

PRECIPITATION (INCHES)
RECORD
 MAXIMUM           MM   MM
 MINIMUM           MM   MM
TOTALS           5.07              2.96    2.11     3.44
DAILY AVG.       0.17              0.10    0.07
DAYS >= .01         9                MM      MM
DAYS >= .10         5                MM      MM
DAYS >= .50         4                MM      MM
DAYS >= 1.00        2                MM      MM
GREATEST
 24 HR. TOTAL    1.83   04/24 TO 04/24

DEGREE_DAYS
HEATING TOTAL     174               141      33       48
 SINCE 7/1       2334              2423     -89
COOLING TOTAL      24                39     -15      103
 SINCE 1/1         44                42       2

FREEZE DATES
RECORD
 EARLIEST     MM
 LATEST       MM
EARLIEST                        MM
LATEST                          MM
.................................................................

WIND (MPH)
AVERAGE WIND SPEED              9.2
RESULTANT WIND SPEED/DIRECTION   4/196
HIGHEST WIND SPEED/DIRECTION    29/100    DATE  04/24
HIGHEST GUST SPEED/DIRECTION    39/110    DATE  04/24

SKY COVER
POSSIBLE SUNSHINE (PERCENT)   MM
AVERAGE SKY COVER           0.30
NUMBER OF DAYS FAIR           21
NUMBER OF DAYS PC              5
NUMBER OF DAYS CLOUDY          4

AVERAGE RH (PERCENT)     71

WEATHER CONDITIONS. NUMBER OF DAYS WITH
THUNDERSTORM              3     MIXED PRECIP               M
HEAVY RAIN                5     RAIN                       6
LIGHT RAIN               10     FREEZING RAIN              0
LT FREEZING RAIN          0     HAIL                       M
HEAVY SNOW                0     SNOW                       0
LIGHT SNOW                0     SLEET                      0
FOG                      16     FOG W/VIS <= 1/4 MILE      3
HAZE                      1

-  INDICATES NEGATIVE NUMBERS.
R  INDICATES RECORD WAS SET OR TIED.
MM INDICATES DATA IS MISSING.
T  INDICATES TRACE AMOUNT.

$$
