000
CXUS52 KCAE 041304
CLMDNL
CLIMATE REPORT
NATIONAL WEATHER SERVICE COLUMBIA SC
804 AM EST MON MAR 04 2024
...................................
...THE AUGUSTA DANIEL FIELD GA CLIMATE SUMMARY FOR THE MONTH OF FEBRUARY 2024...
CLIMATE NORMAL PERIOD: 1991 TO 2020
CLIMATE RECORD PERIOD: 9999 TO 9999
WEATHER OBSERVED NORMAL DEPART LAST YEAR`S
VALUE DATE(S) VALUE FROM VALUE
NORMAL
..............................................................
TEMPERATURE (F)
HIGHEST 76 02/28 MM MM
LOWEST 33 02/20 MM MM
AVG. MAXIMUM 63.8 62.3 1.5
AVG. MINIMUM 43.8 42.6 1.2
MEAN 53.8 52.4 1.4
DAYS MAX >= 90 0 0.0 0.0
DAYS MAX <= 32 0 0.0 0.0
DAYS MIN <= 32 0 4.0 -4.0
DAYS MIN <= 0 0 0.0 0.0
PRECIPITATION (INCHES)
TOTALS 2.71 3.47 -0.76
DAYS >= .01 7 9.4 -2.4
DAYS >= .10 5 5.8 -0.8
DAYS >= .50 1 2.5 -1.5
DAYS >= 1.00 1 0.9 0.1
GREATEST
24 HR. TOTAL 1.67 02/12 TO 02/13
DAYS >= TRACE MM
DEGREE DAYS
HEATING TOTAL 296 360 -64
SINCE 7/1 1505 1616 -111
COOLING TOTAL 0 9 -9
SINCE 1/1 15 13 2
..............................................................
WIND (MPH)
AVERAGE WIND SPEED 6.0
RESULTANT WIND SPEED/DIRECTION 1/170
HIGHEST WIND SPEED/DIRECTION 22/300 DATE 02/28
HIGHEST GUST SPEED/DIRECTION 41/310 DATE 02/28
SKY COVER
POSSIBLE SUNSHINE (PERCENT) MM
AVERAGE SKY COVER 0.21
NUMBER OF DAYS FAIR 22
NUMBER OF DAYS PC 4
NUMBER OF DAYS CLOUDY 3
AVERAGE RH (PERCENT) 56
WEATHER CONDITIONS. NUMBER OF DAYS WITH
THUNDERSTORM 2 MIXED PRECIP 0
HEAVY RAIN 3 RAIN 4
LIGHT RAIN 9 FREEZING RAIN 0
LT FREEZING RAIN 0 HAIL 0
HEAVY SNOW 0 SNOW 0
LIGHT SNOW 0 SLEET 0
FOG 8 FOG W/VIS <= 1/4 MILE 1
HAZE 5
- INDICATES NEGATIVE NUMBERS.
R INDICATES RECORD WAS SET OR TIED.
MM INDICATES DATA IS MISSING.
T INDICATES TRACE AMOUNT.
$$