000
CXUS51 KCLE 080424
CLMERI


CLIMATE REPORT
NATIONAL WEATHER SERVICE CLEVELAND OH
1223 AM EDT SUN APR 8 2018

...................................

...THE ERIE PA CLIMATE SUMMARY FOR THE MONTH OF MARCH 2018...

CLIMATE NORMAL PERIOD 1981 TO 2010
CLIMATE RECORD PERIOD 1873 TO 2018

WEATHER         OBSERVED          NORMAL  DEPART  LAST YEAR`S
                 VALUE   DATE(S)  VALUE   FROM    VALUE
                                          NORMAL
.............................................................
TEMPERATURE (F)
RECORD
 HIGH              82   03/31/1998
                        03/30/1998
                        03/28/1945
 LOW              -10   03/12/1948
HIGHEST            54   03/31
                        03/26
LOWEST             15   03/12
                        03/05
AVG. MAXIMUM     38.2              43.8    -5.6     43.0
AVG. MINIMUM     25.3              27.5    -2.2     28.6
MEAN             31.7              35.7    -4.0     35.8
DAYS MAX >= 90      0               0.0     0.0        0
DAYS MAX <= 32      4               5.4    -1.4        9
DAYS MIN <= 32     28              21.9     6.1       19
DAYS MIN <= 0       0               0.0     0.0        0

PRECIPITATION (INCHES)
RECORD
 MAXIMUM         7.36   1913
 MINIMUM         0.53   1910
TOTALS           5.21              2.95    2.26     4.09
DAYS >= .01        14              14.3    -0.3       16
DAYS >= .10         9               7.9     1.1       10
DAYS >= .50         4               1.3     2.7        3
DAYS >= 1.00        1               0.4     0.6        1
GREATEST
 24 HR. TOTAL    1.02   03/01 TO 03/01              1.26

SNOWFALL (INCHES)
RECORDS
 TOTAL           33.9   2008
TOTALS           36.0R             13.7    22.3      9.8
SINCE 7/1       192.5              97.7    94.8     78.1
DAYS >= 1.0         6               3.8     2.2        3
GREATEST
 24 HR TOTAL     10.8   03/08 TO 03/08

DEGREE_DAYS
HEATING TOTAL    1023               911     112      896
 SINCE 7/1       5201              5276     -75     4400
COOLING TOTAL       0                 1      -1        0
 SINCE 1/1          2                 1       1        0
..............................................................

WIND (MPH)
AVERAGE WIND SPEED              10.4
HIGHEST WIND SPEED/DIRECTION    38/020    DATE  03/01
HIGHEST GUST SPEED/DIRECTION    53/020    DATE  03/01

SKY COVER
AVERAGE SKY COVER           0.50

AVERAGE RH (PERCENT)     70

WEATHER CONDITIONS. NUMBER OF DAYS WITH
THUNDERSTORM              0     MIXED PRECIP               0
HEAVY RAIN                1     RAIN                       3
LIGHT RAIN                7     FREEZING RAIN              0
LT FREEZING RAIN          0     HAIL                       0
HEAVY SNOW                5     SNOW                       7
LIGHT SNOW               12     SLEET                      0
FOG                      15     FOG W/VIS <= 1/4 MILE      6
HAZE                     15

-  INDICATES NEGATIVE NUMBERS.
R  INDICATES RECORD WAS SET OR TIED.
MM INDICATES DATA IS MISSING.
T  INDICATES TRACE AMOUNT.

$$
