000
CXUS53 KFGF 011950
CLMFAR

CLIMATE REPORT
NATIONAL WEATHER SERVICE EASTERN NORTH DAKOTA/GRAND FORKS
928 AM CDT TUE MAY 1 2018

...................................

...THE FARGO HECTOR INTL AP ND CLIMATE SUMMARY FOR THE MONTH OF APRIL 2018...

CLIMATE NORMAL PERIOD 1981 TO 2010
CLIMATE RECORD PERIOD 1881 TO 2018

WEATHER         OBSERVED          NORMAL  DEPART  LAST YEAR`S
                 VALUE   DATE(S)  VALUE   FROM    VALUE  DATE(S)
                                          NORMAL
................................................................
TEMPERATURE (F)
RECORD
 HIGH             100   04/21/1980
 LOW              -13   04/01/1881
HIGHEST            81   04/30        55      26       76  04/14
LOWEST              3   04/07        32     -29       23  04/11
                        04/06
AVG. MAXIMUM     45.0              55.5   -10.5     57.6
AVG. MINIMUM     24.0              32.7    -8.7     33.6
MEAN             34.5              44.1    -9.6     45.6
DAYS MAX >= 90      0               0.1    -0.1        0
DAYS MAX <= 32      9               0.9     8.1        1
DAYS MIN <= 32     22              15.1     6.9       13
DAYS MIN <= 0       0               0.0     0.0        0

PRECIPITATION (INCHES)
RECORD
 MAXIMUM         5.49   1886
 MINIMUM         0.00   2006
TOTALS           0.37              1.36   -0.99     1.40
DAILY AVG.       0.01              0.05   -0.04     0.05
DAYS >= .01         6               7.4    -1.4        9
DAYS >= .10         1               3.7    -2.7        4
DAYS >= .50         0               0.6    -0.6        1
DAYS >= 1.00        0               0.2    -0.2        0
GREATEST
 24 HR. TOTAL    0.14   04/02 TO 04/02           04/17 TO 04/18
                                                          04/26 TO 04/26EATHER         OBSERVED          NORMAL  DEPART  LAST YEAR`S
                                                          04/26 TO 04/26EATHER         OBSERVED          NORMAL  DEPART  LAST YEAR`S
 STORM TOTAL       MM                                 MM
 (MM/DD(HH))            MM                    04/18(00) TO 04/18(00)
                                                 04/26(00) TO 04/26(00)6EATHER         OBSERVED          NORMAL  DEPART  LAST YEAR`S
                                                 04/26(00) TO 04/26(00)6EATHER         OBSERVED          NORMAL  DEPART  LAST YEAR`S

SNOWFALL (INCHES)
RECORDS
 TOTAL           17.4   1886
TOTALS            3.8               3.3     0.5      2.2
SINCE 7/1        50.0              50.4    -0.4     33.1
SNOWDEPTH AVG.      2                MM      MM        0
DAYS >= 1.0         2               0.9     1.1        1
GREATEST
 SNOW DEPTH         5   04/04                          2  04/27
                        04/03
                        04/01
 24 HR TOTAL      1.5   04/05 TO 04/05
 STORM TOTAL       MM                                 MM
 (MM/DD(HH))            MM                    04/26(00) TO 04/26(00)
                                                 04/26(00) TO 04/26(00)6EATHER         OBSERVED          NORMAL  DEPART  LAST YEAR`S
                                                 04/26(00) TO 04/26(00)6EATHER         OBSERVED          NORMAL  DEPART  LAST YEAR`S

DEGREE_DAYS
HEATING TOTAL     908               626     282      578
 SINCE 7/1       8752              8456     296     7166
COOLING TOTAL       0                 3      -3        0
 SINCE 1/1          0                 3      -3        0
.................................................................

WIND (MPH)
AVERAGE WIND SPEED              12.1
HIGHEST WIND SPEED/DIRECTION    38/180    DATE  04/29
HIGHEST GUST SPEED/DIRECTION    55/170    DATE  04/29

SKY COVER
POSSIBLE SUNSHINE (PERCENT)   MM
AVERAGE SKY COVER           0.20
NUMBER OF DAYS FAIR           21
NUMBER OF DAYS PC              6
NUMBER OF DAYS CLOUDY          2

AVERAGE RH (PERCENT)     67

WEATHER CONDITIONS. NUMBER OF DAYS WITH
  0
  1
  0
  0
  1
  0
  1
HAZE                      3

-  INDICATES NEGATIVE NUMBERS.
R  INDICATES RECORD WAS SET OR TIED.
MM INDICATES DATA IS MISSING.
T  INDICATES TRACE AMOUNT.

&&

THE MONTH OF APRIL AT THE FARGO HECTOR INTERNATIONAL AIRPORT OVERALL
WAS COLDER AND DRIER THAN NORMAL. THE MONTH STARTED OFF VERY COLD
WITH DAILY TEMPERATURE DEPARTURES AS MUCH AS 27 DEGREES BELOW
AVERAGE...BUT AFTER THE 20TH OF THE MONTH TEMPERATURE DEPARTURES
TRENDED TOWARD AVERAGE TO ABOVE AVERAGE VALUES. THE RESULTANT
AVERAGE MONTHLY TEMPERATURE WAS 34.5 DEGREES WHICH WAS 9.6 DEGREES
BELOW NORMAL. THIS MAKES THE AVERAGE MONTHLY TEMPERATURE THE THIRD
COLDEST ON RECORD...WITH THE COLDEST BEING 33.5 DEGREES BACK IN 1950.
ON APRIL 3...THE AIRPORT SET A RECORD LOW MAXIMUM TEMPERATURE OF 18
DEGREES BREAKING THE OLD RECORD OF 20 DEGREES PREVIOUSLY SET IN
1982. AGAIN ON APRIL 6...THE AIRPORT SET A RECORD LOW MAXIMUM
TEMPERATURE OF 20 DEGREES BREAKING THE OLD RECORD OF 22 DEGREES
PREVIOUSLY SET IN 2007.

LIQUID EQUIVALENT PRECIPITATION WAS 0.37 INCHES FOR THE MONTH WHICH
WAS 0.99 INCHES BELOW NORMAL. A TOTAL OF 3.8 INCHES SNOW FELL DURING
APRIL.

REMEMBER...THIS DATA IS PROVISIONAL AND IS SUBJECT TO CHANGE. THE
FINAL AND OFFICIAL RECORDS WILL BE AVAILABLE FROM THE NATIONAL
CENTERS FOR ENVIRONMENTAL INFORMATION (FORMERLY THE NATIONAL
CLIMATIC DATA CENTER).

$$
