000
CXUS53 KUNR 011611
CLMGCC


CLIMATE REPORT
NATIONAL WEATHER SERVICE RAPID CITY SD
1010 AM MDT TUE MAY 1 2018

...................................

...THE GILLETTE AIRPORT WY CLIMATE SUMMARY FOR THE MONTH OF APRIL 2018...

CLIMATE NORMAL PERIOD 1981 TO 2010
CLIMATE RECORD PERIOD 9999 TO 9999

WEATHER         OBSERVED          NORMAL  DEPART  LAST YEAR`S
                 VALUE   DATE(S)  VALUE   FROM    VALUE  DATE(S)
                                          NORMAL
................................................................
TEMPERATURE (F)
HIGHEST            77   04/29                         78  04/13
LOWEST              3R  04/03                         11  04/29
                        04/01
AVG. MAXIMUM     54.6              55.8    -1.2     55.6
AVG. MINIMUM     27.9              29.6    -1.7     30.7
MEAN             41.2              42.7    -1.5     43.2
DAYS MAX >= 90      0                                  0
DAYS MAX <= 32      1                                  0
DAYS MIN <= 32     19                                 18
DAYS MIN <= 0       0                                  0

PRECIPITATION (INCHES)
TOTALS           1.02              1.47   -0.45     4.31
DAILY AVG.       0.03              0.05   -0.02     0.14
DAYS >= .01         9                                 10
DAYS >= .10         4                                  8
DAYS >= .50         0                                  4
DAYS >= 1.00        0                                  1
GREATEST
 24 HR. TOTAL    0.22   04/23 TO 04/23              1.53
                        04/12 TO 04/12
                        04/05 TO 04/05

DEGREE_DAYS
HEATING TOTAL     706               669      37      648
 SINCE 7/1       7094              7016      78     6110
COOLING TOTAL       0                 0       0        0
 SINCE 1/1          0                 0       0        0
.................................................................

WIND (MPH)
AVERAGE WIND SPEED              13.0
HIGHEST WIND SPEED/DIRECTION    44/310    DATE  04/07
HIGHEST GUST SPEED/DIRECTION    53/140    DATE  04/12

AVERAGE RH (PERCENT)     66

WEATHER CONDITIONS. NUMBER OF DAYS WITH
THUNDERSTORM              2     MIXED PRECIP               0
HEAVY RAIN                1     RAIN                       1
LIGHT RAIN                2     FREEZING RAIN              0
LT FREEZING RAIN          0     HAIL                       0
HEAVY SNOW                0     SNOW                       4
LIGHT SNOW               10     SLEET                      0
FOG                      13     FOG W/VIS <= 1/4 MILE      0
HAZE                      5

-  INDICATES NEGATIVE NUMBERS.
R  INDICATES RECORD WAS SET OR TIED.
MM INDICATES DATA IS MISSING.
T  INDICATES TRACE AMOUNT.

$$
