000
CXUS55 KTFX 010823
CLMHVR


CLIMATE REPORT
NATIONAL WEATHER SERVICE GREAT FALLS MT
223 AM MDT SUN APR 1 2018

...................................

...THE HAVRE MT CLIMATE SUMMARY FOR THE MONTH OF MARCH 2018...

CLIMATE NORMAL PERIOD 1981 TO 2010
CLIMATE RECORD PERIOD 1880 TO 2018

WEATHER         OBSERVED          NORMAL  DEPART  LAST YEAR`S
                 VALUE   DATE(S)  VALUE   FROM    VALUE
                                          NORMAL
.............................................................
TEMPERATURE (F)
RECORD
 HIGH              79   03/30/2004
 LOW              -41   03/13/1897
HIGHEST            42   03/27        52     -10       75
LOWEST             -7   03/07        15     -22        5
                        03/06
AVG. MAXIMUM     29.7              44.6   -14.9     46.9
AVG. MINIMUM     12.1              21.0    -8.9     23.6
MEAN             20.9              32.8   -11.9     35.3
DAYS MAX >= 90      0               0.0     0.0        0
DAYS MAX <= 32     16               5.5    10.5        6
DAYS MIN <= 32     31              27.3     3.7       23
DAYS MIN <= 0       7               2.0     5.0        0

PRECIPITATION (INCHES)
RECORD
 MAXIMUM         2.03   1977
 MINIMUM         0.03   1973
TOTALS           0.69              0.54    0.15     0.15
DAYS >= .01        12               6.9     5.1
DAYS >= .10         2               1.8     0.2
DAYS >= .50         0               0.1    -0.1
DAYS >= 1.00        0               0.0     0.0
GREATEST
 24 HR. TOTAL    0.18   03/19 TO 03/19

SNOWFALL (INCHES)
RECORDS
 TOTAL           30.1   1977
 24 HR TOTAL     26.9
 SNOW DEPTH        27   03/30/1978
TOTALS            5.3               6.3    -1.0      1.0
SNOWDEPTH AVG.     20
DAYS >= TRACE      12               5.4     6.6
DAYS >= 1.0         2               2.1    -0.1
GREATEST
 SNOW DEPTH        26   03/09                          2
                        03/08
                        03/07
 24 HR TOTAL      2.0   03/18 TO 03/18

DEGREE_DAYS
HEATING TOTAL    1360               998     362      912
 SINCE 7/1       8152              7118    1034     6911
COOLING TOTAL       0                 0       0        0
 SINCE 1/1          0                 0       0        0
..............................................................

WIND (MPH)
AVERAGE WIND SPEED              8.7
HIGHEST WIND SPEED/DIRECTION    36/080    DATE  03/02
HIGHEST GUST SPEED/DIRECTION    42/090    DATE  03/02

SKY COVER
AVERAGE SKY COVER           0.50

AVERAGE RH (PERCENT)     86

WEATHER CONDITIONS. NUMBER OF DAYS WITH
THUNDERSTORM              0     MIXED PRECIP               0
HEAVY RAIN                0     RAIN                       0
LIGHT RAIN                2     FREEZING RAIN              0
LT FREEZING RAIN          0     HAIL                       0
HEAVY SNOW                1     SNOW                       3
LIGHT SNOW               12     SLEET                      0
FOG                      23     FOG W/VIS <= 1/4 MILE     11
HAZE                      5

-  INDICATES NEGATIVE NUMBERS.
R  INDICATES RECORD WAS SET OR TIED.
MM INDICATES DATA IS MISSING.
T  INDICATES TRACE AMOUNT.

$$
