000
CXUS53 KIND 011512
CLMMIE


CLIMATE REPORT
NATIONAL WEATHER SERVICE INDIANAPOLIS IN
1107 AM EDT SUN APR 1 2018

...................................

...THE MUNCIE IN CLIMATE SUMMARY FOR THE MONTH OF MARCH 2018...

CLIMATE NORMAL PERIOD 1981 TO 2010
CLIMATE RECORD PERIOD 9999 TO 9999

WEATHER         OBSERVED          NORMAL  DEPART  LAST YEAR`S
                 VALUE   DATE(S)  VALUE   FROM    VALUE  DATE(S)
                                          NORMAL
................................................................
TEMPERATURE (F)
HIGHEST            56   03/31                         77  03/25
                        03/27                             03/24
                        03/19
LOWEST             22   03/16                         17  03/14
                        03/10
                        03/09
AVG. MAXIMUM     46.5              49.0    -2.5     51.3
AVG. MINIMUM     29.4              30.3    -0.9     34.2
MEAN             37.9              39.6    -1.7     42.7
DAYS MAX >= 90      0               0.0     0.0        0
DAYS MAX <= 32      1               2.6    -1.6        3
DAYS MIN <= 32     24              17.8     6.2       16
DAYS MIN <= 0       0               0.1    -0.1        0

PRECIPITATION (INCHES)
TOTALS           3.83              2.95    0.88     4.84
DAILY AVG.       0.12              0.10    0.02     0.16
DAYS >= .01        14              11.5     2.5       13
DAYS >= .10         7               7.3    -0.3        9
DAYS >= .50         3               1.9     1.1        5
DAYS >= 1.00        2               0.3     1.7        1
GREATEST
 24 HR. TOTAL    1.10   03/29 TO 03/29

DEGREE_DAYS
HEATING TOTAL     829               787      42      686
 SINCE 7/1       4779              5170    -391     3974
COOLING TOTAL       0                 1      -1        2
 SINCE 1/1          4                 1       3        2
.................................................................

WIND (MPH)
AVERAGE WIND SPEED              10.5
HIGHEST WIND SPEED/DIRECTION    31/350    DATE  03/13
HIGHEST GUST SPEED/DIRECTION    41/200    DATE  03/31

SKY COVER
POSSIBLE SUNSHINE (PERCENT)   MM
AVERAGE SKY COVER           0.40
NUMBER OF DAYS FAIR           14
NUMBER OF DAYS PC             10
NUMBER OF DAYS CLOUDY          7

AVERAGE RH (PERCENT)     65

WEATHER CONDITIONS. NUMBER OF DAYS WITH
THUNDERSTORM              0     MIXED PRECIP               0
HEAVY RAIN                3     RAIN                       4
LIGHT RAIN               10     FREEZING RAIN              1
LT FREEZING RAIN          1     HAIL                       0
HEAVY SNOW                0     SNOW                       1
LIGHT SNOW                6     SLEET                      0
FOG                      14     FOG W/VIS <= 1/4 MILE      3
HAZE                      4

-  INDICATES NEGATIVE NUMBERS.
R  INDICATES RECORD WAS SET OR TIED.
MM INDICATES DATA IS MISSING.
T  INDICATES TRACE AMOUNT.

$$
