000
CXUS54 KMOB 011415
CLMPNS
CLIMATE REPORT
NATIONAL WEATHER SERVICE MOBILE AL
915 AM CDT MON APR 01 2024
...................................
...THE PENSACOLA CLIMATE SUMMARY FOR THE MONTH OF MARCH 2024...
CLIMATE NORMAL PERIOD: 1991 TO 2020
CLIMATE RECORD PERIOD: 1879 TO 2024
WEATHER OBSERVED NORMAL DEPART LAST YEAR`S
VALUE DATE(S) VALUE FROM VALUE DATE(S)
NORMAL
................................................................
TEMPERATURE (F)
RECORD
HIGH 90 03/22/2017
LOW 22 03/02/1980
HIGHEST 80 03/06 86 03/07
03/31
LOWEST 38 03/19 30 03/20
AVG. MAXIMUM 72.0 72.0 0.0 75.5
AVG. MINIMUM 54.0 52.7 1.3 57.6
MEAN 63.0 62.3 0.7 66.5
DAYS MAX >= 90 0 0.0 0.0 0
DAYS MAX <= 32 0 0.0 0.0 0
DAYS MIN <= 32 0 0.5 -0.5 1
DAYS MIN <= 0 0 0.0 0.0 0
PRECIPITATION (INCHES)
RECORD
MAXIMUM 16.53 1948
MINIMUM 0.24 2006
TOTALS 5.25 5.25 0.00 3.15
DAILY AVG. 0.17 0.17 0.00 0.10
DAYS >= .01 10 8.1 1.9 11
DAYS >= .10 9 5.7 3.3 5
DAYS >= .50 5 3.2 1.8 3
DAYS >= 1.00 1 1.7 -0.7 1
SNOWFALL (INCHES)
RECORDS
TOTAL 2.3 1954
SNOW DEPTH 0
TOTALS 0.0
SINCE 7/1 T
SNOWDEPTH AVG. 0
DAYS >= 1.0 0
GREATEST
SNOW DEPTH 0
24 HR TOTAL 0.0
DEGREE DAYS
HEATING TOTAL 88 139 -51 97
SINCE 7/1 1168 1268 -100 844
COOLING TOTAL 33 57 -24 152
SINCE 1/1 51 86 -35 322
................................................................
WIND (MPH)
AVERAGE WIND SPEED 8.8
HIGHEST WIND SPEED/DIRECTION 30/120 DATE 03/25
HIGHEST GUST SPEED/DIRECTION 44/130 DATE 03/25
SKY COVER
POSSIBLE SUNSHINE (PERCENT)
AVERAGE SKY COVER 0.40
NUMBER OF DAYS FAIR 15
NUMBER OF DAYS PC 9
NUMBER OF DAYS CLOUDY 7
AVERAGE RH (PERCENT) 67
WEATHER CONDITIONS. NUMBER OF DAYS WITH
THUNDERSTORM 5 MIXED PRECIP 0
HEAVY RAIN 7 RAIN 7
LIGHT RAIN 13 FREEZING RAIN 0
LT FREEZING RAIN 0 HAIL 0
HEAVY SNOW 0 SNOW 0
LIGHT SNOW 0 SLEET 0
FOG 15 FOG W/VIS <= 1/4 MILE 3
HAZE 1
- INDICATES NEGATIVE NUMBERS.
R INDICATES RECORD WAS SET OR TIED.
MM INDICATES DATA IS MISSING.
T INDICATES TRACE AMOUNT.
$$