344
CXUS56 KPQR 011552
CLMSPB


CLIMATE REPORT
NATIONAL WEATHER SERVICE PORTLAND OREGON
852 AM PDT SUN APR 1 2018

...................................

...THE SCAPPOOSE OR CLIMATE SUMMARY FOR THE MONTH OF MARCH 2018...

CLIMATE NORMAL PERIOD 1981 TO 2010
CLIMATE RECORD PERIOD 9999 TO 9999

WEATHER         OBSERVED          NORMAL  DEPART  LAST YEAR`S
                 VALUE   DATE(S)  VALUE   FROM    VALUE  DATE(S)
                                          NORMAL
................................................................
TEMPERATURE (F)
HIGHEST            70                                 62  03/12
LOWEST             26                                 30  03/19
AVG. MAXIMUM     54.2              56.3    -2.1     53.5
AVG. MINIMUM     34.0              36.4    -2.4     38.3
MEAN             44.1              46.4    -2.3     45.9
DAYS MAX >= 90      0               0.0     0.0        0
DAYS MAX <= 32      0               0.0     0.0        0
DAYS MIN <= 32     12               6.4     5.6        4
DAYS MIN <= 0       0               0.0     0.0        0

PRECIPITATION (INCHES)
RECORD
 MAXIMUM           MM   MM
 MINIMUM           MM   MM
TOTALS           2.33              4.25   -1.92     8.56
DAYS >= .01        15                MM      MM       25
DAYS >= .10         9                MM      MM       21
DAYS >= .50         0                MM      MM        7
DAYS >= 1.00        0                MM      MM        0
GREATEST
 24 HR. TOTAL    0.35   03/23 TO 03/23

DEGREE_DAYS
HEATING TOTAL     640               578      62      584
 SINCE 7/1       3944              4035     -91     4132
COOLING TOTAL       0                 0       0        0
 SINCE 1/1          0                 0       0        0
.................................................................

WIND (MPH)
AVERAGE WIND SPEED              3.4
RESULTANT WIND SPEED/DIRECTION   0/225
HIGHEST WIND SPEED/DIRECTION    23/220    DATE  03/08
HIGHEST GUST SPEED/DIRECTION    32/230    DATE  03/08

SKY COVER
POSSIBLE SUNSHINE (PERCENT)   MM
AVERAGE SKY COVER           0.60

AVERAGE RH (PERCENT)     77

WEATHER CONDITIONS. NUMBER OF DAYS WITH
THUNDERSTORM              0     MIXED PRECIP               0
HEAVY RAIN                2     RAIN                       6
LIGHT RAIN               18     FREEZING RAIN              0
LT FREEZING RAIN          0     HAIL                       0
HEAVY SNOW                0     SNOW                       0
LIGHT SNOW                0     SLEET                      0
FOG                      21     FOG W/VIS <= 1/4 MILE      3
HAZE                      2

-  INDICATES NEGATIVE NUMBERS.
R  INDICATES RECORD WAS SET OR TIED.
MM INDICATES DATA IS MISSING.
T  INDICATES TRACE AMOUNT.

$$
