000
CXUS51 KOKX 011714
CLSEWR

CLIMATE REPORT
NATIONAL WEATHER SERVICE NEW YORK NY
1149 AM EST THU MAR 1 2018

...................................

...THE NEWARK NJ CLIMATE SUMMARY FOR THE SEASON, FROM
12/1/2017 TO 2/28/2018...

CLIMATE NORMAL PERIOD 1981 TO 2010
CLIMATE RECORD PERIOD 1929 TO 2018

WEATHER         OBSERVED          NORMAL  DEPART  LAST YEAR`S
                 VALUE   DATE(S)  VALUE   FROM    VALUE
                                          NORMAL
.............................................................
TEMPERATURE (F)
RECORD
 HIGH              80   02/21/2018
 LOW              -14   02/09/1934
HIGHEST            80R  02/21        MM      MM
LOWEST              4   01/07        MM      MM
AVG. MAXIMUM     43.5              41.5     2.0
AVG. MINIMUM     27.9              27.0     0.9
MEAN             35.7              34.2     1.5
DAYS MAX >= 90      0               0.0     0.0
DAYS MAX <= 32     18              14.7     3.3
DAYS MIN <= 32     58              62.6    -4.6
DAYS MIN <= 0       0               0.4    -0.4

PRECIPITATION (INCHES)
RECORD
 MAXIMUM        20.41   1979
 MINIMUM         4.38   2002
TOTALS           9.44             10.23   -0.79     9.65
DAILY AVG.       0.11              0.11    0.00
DAYS >= .01        31              30.8     0.2
DAYS >= .10        19              18.4     0.6
DAYS >= .50         8               7.6     0.4
DAYS >= 1.00        1               2.7    -1.7
GREATEST
 24 HR. TOTAL    1.19   MM
 STORM TOTAL       MM
 (MM/DD(HH))            MM

SNOWFALL (INCHES)
RECORDS
 TOTAL           66.0   2011
 24 HR TOTAL     27.5   MM
TOTALS           21.2              22.6    -1.4
 LIQUID EQUIV    2.12              2.30   -0.18
SINCE 7/1        21.2              23.0    -1.8
 LIQUID 7/1      2.12
DAYS >= TRACE      21              11.3     9.7
DAYS >= 1.0         6               5.2     0.8
GREATEST
 SNOW DEPTH         7   01/06
                        01/05
 24 HR TOTAL      8.4   MM
 STORM TOTAL       MM
 (MM/DD(HH))            MM

DEGREE_DAYS
HEATING TOTAL    2640              2767    -127
 SINCE 7/1         MM              3635      MM
COOLING TOTAL       3                 0       3
 SINCE 1/1          3                 0       3
..............................................................

WIND (MPH)
AVERAGE WIND SPEED              9.9
HIGHEST WIND SPEED/DIRECTION    40/270    DATE  12/25
HIGHEST GUST SPEED/DIRECTION    51/280    DATE  12/25

SKY COVER
POSSIBLE SUNSHINE (PERCENT)   MM
AVERAGE SKY COVER           0.70
NUMBER OF DAYS FAIR           14
NUMBER OF DAYS PC             38
NUMBER OF DAYS CLOUDY         38

AVERAGE RH (PERCENT)     63

WEATHER CONDITIONS. NUMBER OF DAYS WITH
  0
  9
  0
  0
  7
  4
  7
HAZE                     10

-  INDICATES NEGATIVE NUMBERS.
R  INDICATES RECORD WAS SET OR TIED.
MM INDICATES DATA IS MISSING.
T  INDICATES TRACE AMOUNT.

$$
