000
CXUS51 KGYX 190059
CLSGYX

PWMCLMGYX 000
TTAA00 KGYX 071234


CLIMATE REPORT
NATIONAL WEATHER SERVICE GRAY ME
858 PM EDT SUN MAR 18 2018

...................................

...THE GRAY ME CLIMATE SUMMARY FOR THE WINTER SEASON, FROM
12/1/2017 TO 2/28/2018...

CLIMATE NORMAL PERIOD 1981 TO 2010
CLIMATE RECORD PERIOD 1995 TO 2018

WEATHER         OBSERVED          NORMAL  DEPART  LAST YEAR`S
                 VALUE   DATE(S)  VALUE   FROM    VALUE
                                          NORMAL
.............................................................
TEMPERATURE (F)
RECORD
 HIGH              69   12/07/1998
 LOW              -15   01/15/2004
HIGHEST            68   02/21        58      10       57
LOWEST            -10   01/07        -7      -3       -6
                        01/01
                        12/29
AVG. MAXIMUM     31.9              32.5    -0.6     34.2
AVG. MINIMUM     15.8              16.1    -0.3     19.4
MEAN             23.8              24.3    -0.5     26.8
DAYS MAX >= 90      0               0.0     0.0        0
DAYS MAX <= 32     44              43.5     0.5       39
DAYS MIN <= 32     84              84.9    -0.9       81
DAYS MIN <= 0      12               6.6     5.4        4

PRECIPITATION (INCHES)
RECORD
 MAXIMUM        15.31   2008
TOTALS          10.64             10.90   -0.26    11.50
DAILY AVG.       0.12              0.12    0.00     0.13
DAYS >= .01        35              32.2     2.8       38
DAYS >= .10        24              20.9     3.1       24
DAYS >= .50         9               7.3     1.7        6
DAYS >= 1.00        1               2.9    -1.9        3
GREATEST
 24 HR. TOTAL    1.00   01/04                       1.64

SNOWFALL (INCHES)
RECORDS
 TOTAL          111.3   2008
TOTALS           68.7              56.0    12.7     88.5
SINCE 7/1        69.9              59.1    10.8     89.8
SNOWDEPTH AVG.      9
DAYS >= TRACE      35              23.5    11.5       38
DAYS >= 1.0        15              13.9     1.1       19
GREATEST
 SNOW DEPTH        22   01/05                         34
 24 HR TOTAL     12.6   01/04 TO 01/05              16.6

DEGREE_DAYS
HEATING TOTAL    3698              3661      37     3415
 SINCE 7/1       4891              5158    -267     4694
COOLING TOTAL       0                 0       0        0
 SINCE 1/1          0                 0       0        0
..............................................................

-  INDICATES NEGATIVE NUMBERS.
R  INDICATES RECORD WAS SET OR TIED.
MM INDICATES DATA IS MISSING.
T  INDICATES TRACE AMOUNT.

&&

AFTER COLD WEATHER HAD LASTED MUCH OF NOVEMBER, THIS COLD BEGAN TO
EASE UP A BIT AS THE CALENDAR CHANGED TO DECEMBER. THE FIRST WEEK
SAW TEMPERATURES WARMING INTO THE 40S AND EVEN THE 50S. BUT THIS
BRIEF BREAK FROM THE COLD WAS NOT GOING TO LAST. THE FIRST
SIGNIFICANT SNOWSTORM OF THE SEASON ARRIVED ON DECEMBER 9 WHEN MORE
THAN 5 INCHES OF SNOW FELL. THIS SNOW WOULD ULTIMATELY PROVE TO BE A
KEEPER THAT REMAINED ON THE GROUND THROUGH THE REST OF THE SEASON.
COLDER TEMPERATURES SOON BECAME THE NEW NORMAL WITH THE NEXT SEVERAL
STORM SYSTEMS BRINGING SNOW FOLLOWED BY FREEZING RAIN. THE NEXT
SIGNIFICANT SNOWSTORM ARRIVED CHRISTMAS MORNING WITH 6 INCHES OF
SNOW FALLING IN JUST A FEW HOURS. BRUTALLY COLD ARCTIC AIR POURED IN
BEHIND THIS STORM WITH THE TEMPERATURE NOT RISING ABOVE FREEZING
AGAIN FOR 15 DAYS. THIS WAS THE MOST INTENSE AND LONG LASTING ARCTIC
BLAST IN THE SHORT 23-YEAR HISTORY OF OBSERVATIONS AT THE NATIONAL
WEATHER SERVICE OFFICE IN GRAY. FOR 7 STRAIGHT DAYS THE TEMPERATURE
DID NOT WARM ABOVE 15 DEGREES AND THE TEMPERATURE FELL BELOW ZERO
EACH NIGHT. FOUR OF THE TOP 5 COLDEST DECEMBER TEMPERATURES ON
RECORD WERE OBSERVED. JUST AS TEMPERATURES WARMED BACK INTO THE MID
20S, AN INTENSE STORM SYSTEM BROUGHT 12 INCHES OF SNOW ON JANUARY 4
ACCOMPANIED BY BLIZZARD CONDITIONS. A REINFORCING SHOT OF BRUTAL
COLD POURED IN AGAIN AFTER THIS STORM WITH 3 MORE NIGHTS OF SUBZERO
TEMPERATURES. IN FACT, THE TEMPERATURE DID NOT EVEN WARM ABOVE ZERO
ON JANUARY 6. FINALLY THE INTENSE COLD BEGAN TO BREAK AND THE
TEMPERATURE ROSE ABOVE FREEZING AGAIN FOR THE FIRST TIME ON JANUARY
9, JUST AS THE JANUARY THAW BEGAN. THE NEXT 4 DAYS BROUGHT WARMING
TEMPERATURES. THE TEMPERATURE PEAKED AT 52 DEGREES ON THE 13TH AS
WARM AIR AND HEAVY RAINFALL SURGED NORTHWARD AHEAD OF A STRONG COLD
FRONT. THE STRONG COLD FRONT BROUGHT A RETURN TO VERY COLD WEATHER
FOR A FEW DAYS, THOUGH THIS COLD SPELL WAS NOT AS INTENSE OR AS LONG
LASTING AS THE LAST ONE. MORE SNOW FELL ON JANUARY 17TH, HELPING TO
REPLENISH THE EARLY SEASON SNOW COVER WHICH HAD BEEN DIMINISHED FROM
THE JANUARY THAW. FOR THE NEXT FEW WEEKS THE TEMPERATURE GRADUALLY
BEGAN WARMING AGAIN WITH THE EXCEPTION OF SOME LIGHT SNOW AND
FREEZING RAIN ON JANUARY 22 AND 23. SOME COLDER AIR RETURNED AT THE
END OF JANUARY INTO THE BEGINNING OF FEBRUARY WITH THE COLDEST
TEMPERATURE FROM THIS COLDER SPELL BEING 4 BELOW ZERO ON FEBRUARY 3.
ULTIMATELY THIS PROVED TO BE THE LAST SIGNIFICANT COLD SPELL OF THE
WINTER. MUCH OF FEBRUARY SAW WARMING TEMPERATURES WITH JUST ENOUGH
PERIODIC WINTRY SET BACKS TO KEEP A SEVERAL INCHES OF SNOW ON THE
GROUND. THE TWO BIGGEST SNOWSTORMS CAME ON FEBRUARY 7 AND 18 WITH
EACH ONE BRINGING MORE THAN 6 INCHES OF SNOW. THE GRADUAL WARMING
INTENSIFIED IN THE LAST PART OF THE MONTH AS A RIDGE OF HIGH
PRESSURE BROUGHT WARM AIR FROM THE SOUTHERN UNITED STATES INTO NEW
ENGLAND. THIS WARMTH PEAKED WITH A TEMPERATURE OF 68 DEGREES ON
FEBRUARY 21, THE WARMEST TEMPERATURE EVER OBSERVED IN THE MONTH OF
FEBRUARY. ALTHOUGH A COLD FRONT THAT EVENING BROUGHT COOLER
TEMPERATURES BACK INTO THE AREA, THE REST OF THE MONTH REMAINED
ABOVE NORMAL WITH MOST DAYS REACHING THE 40S. BY THE END OF THE
FEBRUARY ONLY 6 INCHES OF SNOW WAS LEFT ON THE GROUND.

THE AVERAGE TEMPERATURE FOR THE MONTH WAS 23.8 DEGREES WHICH WAS 0.5
DEGREES BELOW NORMAL. THE COLDEST WINTER ON RECORD WAS IN 2014-15
WHEN THE AVERAGE TEMPERATURE WAS 19.8 DEGREES. THE WARMEST WAS IN
2001-02 WHEN IT WAS 29.8 DEGREES. THE HIGH TEMPERATURE OF 68 DEGREES
ON FEBRUARY 21 WAS THE SECOND WARMEST WINTER TEMPERATURE ON RECORD.
THE FOLLOWING TABLE LISTS THE WARMEST WINTER TEMPERATURES AT GRAY.

WARMEST TEMPERATURE IN WINTER (SINCE 1995)...
RANK  TEMP  DATE
1      69   DEC 7, 1998
2      68   FEB 21, 2018 <===
3      67   DEC 6, 2001
4      66   DEC 3, 2009
       66   JAN 6, 2007

A TOTAL OF 10.64 INCHES OF PRECIPITATION FELL WHICH WAS 0.26 INCHES
BELOW NORMAL AND THE DRIEST WINTER SINCE 2012-13. THE HEAVIEST
PRECIPITATION CAME DURING THE JANUARY THAW WHEN 1.33 INCHES WAS
OBSERVED ON JANUARY 12-13. THE DRIEST WINTER WAS IN 2006-07 WHEN
ONLY 7.17 INCHES WAS OBSERVED. THE WETTEST WAS IN 2007-08 WHEN 15.31
INCHES WAS MEASURED.

THERE WAS 68.7 INCHES OF SNOWFALL WHICH WAS 12.7 INCHES ABOVE
NORMAL. THE HEAVIEST SNOWFALL WAS ON JANUARY 4 AND 5 WHEN 12.6
INCHES OF SNOW WAS ACCOMPANIED BY BLIZZARD CONDITIONS. THE SNOWIEST
WINTER ON RECORD WAS IN 2007-08 WHEN 111.3 INCHES FELL. THE LEAST
SNOWY WAS IN 1997-98 WHEN ONLY 26.5 INCHES WAS OBSERVED.

$$

KIMBLE
