000
CXUS54 KFWD 010830
CF60F2
PRELIMINARY LOCAL CLIMATOLOGICAL DATA (WS FORM: F-6)
STATION: BOWIE
MONTH: DECEMBER
YEAR: 2022
LATITUDE: 33 36 N
LONGITUDE: 97 47 W
TEMPERATURE IN F: :PCPN: SNOW: WIND :SUNSHINE: SKY :PK WND
================================================================================
1 2 3 4 5 6A 6B 7 8 9 10 11 12 13 14 15 16 17 18
12Z AVG MX 2MIN
DY MAX MIN AVG DEP HDD CDD WTR SNW DPTH SPD SPD DIR MIN PSBL S-S WX SPD DR
================================================================================
1 50 29 40 -6 25 0 0.00 M M 7.1 14 150 M M 6 22 140
2 75 48 62 16 3 0 0.00 M M 9.6 17 190 M M 6 1 29 200
3 64 37 51 6 14 0 0.00 M M 9.8 24 360 M M 1 36 300
4 57 40 49 4 16 0 0.00 M M 4.7 10 160 M M 5 17 170
5 79 51 65 20 0 0 0.00 M M 8.8 15 200 M M 3 20 180
6 64 50 57 13 8 0 0.02 M M 3.3 7 320 M M 2 12 M M
7 59 49 54 10 11 0 0.11 M M 2.0 7 330 M M 8 1 M M
8 72 51 62 18 3 0 0.03 M M 2.4 7 330 M M 8 12 M M
9 67 50 59 15 6 0 M M M 4.9 9 130 M M 7 1 M M
10 61 49 55 12 10 0 0.31 M M 5.8 12 330 M M 10 12 16 170
11 53 47 50 7 15 0 0.00 M M 3.2 8 360 M M 10 1 M M
12 62 50 56 13 9 0 0.13 M M 9.1 16 140 M M 10 12 22 140
13 67 49 58 15 7 0 0.18 M M 9.9 17 170 M M 6 13 29 160
14 52 37 45 3 20 0 0.00 M M 7.4 13 300 M M 2 20 300
15 50 28 39 -3 26 0 0.00 M M 5.4 14 300 M M 0 21 310
16 47 28 38 -4 27 0 0.00 M M 6.2 13 320 M M 3 21 320
17 49 25 37 -5 28 0 0.00 M M 4.7 9 310 M M 0 M M
18 55 24 40 -2 25 0 0.00 M M 5.7 14 180 M M 3 22 180
19 51 42 47 5 18 0 0.00 M M 9.7 15 150 M M 9 1 25 160
20 51 28 40 -2 25 0 0.00 M M 5.2 9 320 M M 5 1 17 10
21 47 24 36 -5 29 0 0.00 M M 5.2 12 200 M M 3 1 20 190
22 42 8 25 -16 40 0 0.00 M M 18.0 30 340 M M 6 18 44 250
23 20 8 14 -27 51 0 0.00 M M 11.3 17 310 M M 0 23 310
24 37 13 25 -16 40 0 0.00 M M 1.2 5 230 M M 0 M M
25 52 17 35 -6 30 0 0.00 M M 4.1 12 170 M M 0 16 180
26 56 25 41 0 24 0 0.00 M M 9.1 22 330 M M 1 30 330
27 53 18 36 -5 29 0 0.00 M M 8.3 15 160 M M 0 24 160
28 73 41 57 16 8 0 0.00 M M 13.4 23 190 M M 0 30 180
29 65 47 56 15 9 0 0.00 M M 4.8 10 170 M M 0 21 0
30 58 35 47 6 18 0 0.00 M M 2.0 7 340 M M 1 M M
31 69 40 55 14 10 0 0.00 M M 6.2 14 200 M M 1 21 190
================================================================================
SM 1757 1088 584 0 0.78 M 208.6 M 116
================================================================================
AV 56.7 35.1 6.7 FASTST M M 4 MAX(MPH)
MISC ----> 30 340 44 250
================================================================================
NOTES:
# LAST OF SEVERAL OCCURRENCES
COLUMN 17 PEAK WIND IN M.P.H.
PRELIMINARY LOCAL CLIMATOLOGICAL DATA (WS FORM: F-6) , PAGE 2
STATION: BOWIE
MONTH: DECEMBER
YEAR: 2022
LATITUDE: 33 36 N
LONGITUDE: 97 47 W
[TEMPERATURE DATA] [PRECIPITATION DATA] SYMBOLS USED IN COLUMN 16
AVERAGE MONTHLY: 45.9 TOTAL FOR MONTH: 0.78 1 = FOG OR MIST
DPTR FM NORMAL: 3.3 DPTR FM NORMAL: -1.29 2 = FOG REDUCING VISIBILITY
HIGHEST: 79 ON 5 GRTST 24HR 0.31 ON 10-10 TO 1/4 MILE OR LESS
LOWEST: 8 ON 23,22 3 = THUNDER
SNOW, ICE PELLETS, HAIL 4 = ICE PELLETS
TOTAL MONTH: M 5 = HAIL
GRTST 24HR M ON M 6 = FREEZING RAIN OR DRIZZLE
GRTST DEPTH: M ON M 7 = DUSTSTORM OR SANDSTORM:
VSBY 1/2 MILE OR LESS
8 = SMOKE OR HAZE
[NO. OF DAYS WITH] [WEATHER - DAYS WITH] 9 = BLOWING SNOW
X = TORNADO
MAX 32 OR BELOW: 1 0.01 INCH OR MORE: 6
MAX 90 OR ABOVE: 0 0.10 INCH OR MORE: 4
MIN 32 OR BELOW: 13 0.50 INCH OR MORE: 0
MIN 0 OR BELOW: 0 1.00 INCH OR MORE: 0
[HDD (BASE 65) ]
TOTAL THIS MO. 584 CLEAR (SCALE 0-3) 17
DPTR FM NORMAL -111 PTCLDY (SCALE 4-7) 9
TOTAL FM JUL 1 1123 CLOUDY (SCALE 8-10) 5
DPTR FM NORMAL -95
[CDD (BASE 65) ]
TOTAL THIS MO. 0
DPTR FM NORMAL 0 [PRESSURE DATA]
TOTAL FM JAN 1 2726 HIGHEST SLP M ON M
DPTR FM NORMAL 654 LOWEST SLP M ON M
[REMARKS]
#FINAL-12-22#