000
CXUS54 KHGX 011410
CF611R
PRELIMINARY LOCAL CLIMATOLOGICAL DATA (WS FORM: F-6)
STATION: BRENHAM
MONTH: JULY
YEAR: 2022
LATITUDE: 30 13 N
LONGITUDE: 96 22 W
TEMPERATURE IN F: :PCPN: SNOW: WIND :SUNSHINE: SKY :PK WND
================================================================================
1 2 3 4 5 6A 6B 7 8 9 10 11 12 13 14 15 16 17 18
12Z AVG MX 2MIN
DY MAX MIN AVG DEP HDD CDD WTR SNW DPTH SPD SPD DIR MIN PSBL S-S WX SPD DR
================================================================================
1 93 74 84 M 0 19 0.00 0.0 0 2.9 10 110 M M 7 18 120
2 101 77 89 M 0 24 0.00 0.0 0 7.0 13 180 M M 4 1 21 180
3 101 77 89 M 0 24 M 0.0 0 7.5 16 180 M M 2 1 18 180
4 101 76 89 M 0 24 M 0.0 M 7.2 13 160 M M 3 18 160
5 101 77 89 M 0 24 0.00 0.0 0 6.2 12 210 M M 2 1 17 170
6 102 76 89 M 0 24 0.00 0.0 0 6.2 9 170 M M 3 1 20 140
7 101 78 90 M 0 25 0.00 0.0 0 6.3 14 130 M M 3 22 130
8 102 76 89 M 0 24 0.00 0.0 0 5.4 10 200 M M 2 17 200
9 104 80 92 M 0 27 0.00 0.0 0 5.2 12 250 M M 2 16 260
10 108 80 94 M 0 29 0.00 0.0 0 5.7 12 250 M M 3 33 0
11 105 78 92 M 0 27 M 0.0 0 6.6 23 250 M M 1 28 250
12 106 78 92 M 0 27 M 0.0 0 4.5 16 140 M M 1 22 140
13 104 78 91 M 0 26 M 0.0 0 4.5 13 180 M M 1 20 150
14 97 76 87 M 0 22 M 0.0 0 5.1 14 130 M M 1 1 24 100
15 97 75 86 M 0 21 M 0.0 0 4.7 18 170 M M 3 1 23 170
16 99 74 87 M 0 22 M 0.0 0 6.4 12 190 M M 3 18 220
17 102 76 89 M 0 24 M 0.0 0 6.0 12 190 M M 1 1 22 170
18 102 80 91 M 0 26 M 0.0 M 8.3 16 190 M M 2 23 200
19 103 79 91 M 0 26 0.00 0.0 0 11.3 17 170 M M 2 24 170
20 103 79 91 M 0 26 0.00 0.0 0 9.3 14 190 M M 3 22 170
21 103 78 91 M 0 26 0.00 0.0 0 7.1 14 190 M M 4 20 190
22 101 77 89 M 0 24 0.00 0.0 0 6.3 20 110 M M 2 1 24 110
23 100 77 89 M 0 24 0.00 0.0 0 6.1 12 170 M M 3 22 150
24 103 76 90 M 0 25 0.00 0.0 0 6.2 13 180 M M 2 18 160
25 102 76 89 M 0 24 0.00 0.0 0 6.6 14 170 M M 2 22 170
26 102 76 89 M 0 24 M 0.0 0 7.3 16 150 M M 3 22 150
27 100 76 88 M 0 23 0.00 0.0 0 4.8 16 170 M M 3 21 190
28 101 77 89 M 0 24 0.00 0.0 0 5.9 12 210 M M 2 27 130
29 99 77 88 M 0 23 0.00 0.0 0 5.8 13 170 M M 3 20 150
30 100 77 89 M 0 24 M 0.0 0 6.7 14 190 M M 2 20 210
31 101 77 89 M 0 24 0.00 0.0 0 6.5 16 120 M M 2 1 21 120
================================================================================
SM 3144 2388 0 756 0.00 0.0 195.6 M 77
================================================================================
AV101.4 77.0 6.3 FASTST M M 2 MAX(MPH)
MISC ----> 23 250 33 0
================================================================================
NOTES:
# LAST OF SEVERAL OCCURRENCES
COLUMN 17 PEAK WIND IN M.P.H.
PRELIMINARY LOCAL CLIMATOLOGICAL DATA (WS FORM: F-6) , PAGE 2
STATION: BRENHAM
MONTH: JULY
YEAR: 2022
LATITUDE: 30 13 N
LONGITUDE: 96 22 W
[TEMPERATURE DATA] [PRECIPITATION DATA] SYMBOLS USED IN COLUMN 16
AVERAGE MONTHLY: 89.2 TOTAL FOR MONTH: 0.00 1 = FOG OR MIST
DPTR FM NORMAL: 36.8 DPTR FM NORMAL: -2.63 2 = FOG REDUCING VISIBILITY
HIGHEST: 108 ON 10 GRTST 24HR 0.00 ON 1- 1 TO 1/4 MILE OR LESS
LOWEST: 74 ON 16, 1 3 = THUNDER
SNOW, ICE PELLETS, HAIL 4 = ICE PELLETS
TOTAL MONTH: 0.0 INCH 5 = HAIL
GRTST 24HR 0.0 6 = FREEZING RAIN OR DRIZZLE
GRTST DEPTH: 0 7 = DUSTSTORM OR SANDSTORM:
VSBY 1/2 MILE OR LESS
8 = SMOKE OR HAZE
[NO. OF DAYS WITH] [WEATHER - DAYS WITH] 9 = BLOWING SNOW
X = TORNADO
MAX 32 OR BELOW: 0 0.01 INCH OR MORE: 0
MAX 90 OR ABOVE: 31 0.10 INCH OR MORE: 0
MIN 32 OR BELOW: 0 0.50 INCH OR MORE: 0
MIN 0 OR BELOW: 0 1.00 INCH OR MORE: 0
[HDD (BASE 65) ]
TOTAL THIS MO. 0 CLEAR (SCALE 0-3) 26
DPTR FM NORMAL M PTCLDY (SCALE 4-7) 5
TOTAL FM JUL 1 0 CLOUDY (SCALE 8-10) 0
DPTR FM NORMAL M
[CDD (BASE 65) ]
TOTAL THIS MO. 756
DPTR FM NORMAL M [PRESSURE DATA]
TOTAL FM JAN 1 2241 HIGHEST SLP M ON M
DPTR FM NORMAL M LOWEST SLP M ON M
[REMARKS]
#FINAL-07-22#