045
CXUS54 KEWX 011010
CF63T5
PRELIMINARY LOCAL CLIMATOLOGICAL DATA (WS FORM: F-6)
STATION: LA GRANGE
MONTH: APRIL
YEAR: 2020
LATITUDE: 29 54 N
LONGITUDE: 96 57 W
TEMPERATURE IN F: :PCPN: SNOW: WIND :SUNSHINE: SKY :PK WND
================================================================================
1 2 3 4 5 6A 6B 7 8 9 10 11 12 13 14 15 16 17 18
12Z AVG MX 2MIN
DY MAX MIN AVG DEP HDD CDD WTR SNW DPTH SPD SPD DIR MIN PSBL S-S WX SPD DR
================================================================================
1 M M M M M M 0.00 M M 5.6 12 160 M M 0 16 130
2 M M M M M M 0.00 M M 5.0 12 130 M M 8 18 130
3 M M M M M M 1.50 M M 7.2 22 340 M M 10 3 33 340
4 M M M M M M 0.58 M M 8.6 13 110 M M 10 18 20 350
5 M M M M M M 0.01 M M 4.2 8 340 M M 9 18 M M
6 78 M M M M M 0.01 M M 2.0 8 150 M M 8 18 M M
7 85 73 79 M 0 14 0.00 M M 4.2 8 190 M M 7 1 M M
8 90 72 81 M 0 16 0.00 M M 5.0 8 200 M M 5 1 M M
9 91 69 80 M 0 15 0.04 M M 4.1 18 350 M M 4 1 33 350
10 76 64 70 M 0 5 0.00 M M 4.3 8 60 M M 3 1 M M
11 82 60 71 M 0 6 0.00 M M 5.1 12 140 M M 7 8 18 140
12 88 62 75 M 0 10 0.00 M M 9.8 18 280 M M 4 1 24 280
13 65 47 56 M 9 0 0.00 M M 10.0 20 10 M M 0 30 10
14 65 47 56 M 9 0 0.00 M M 7.8 15 20 M M 2 20 20
15 69 45 57 M 8 0 0.00 M M 3.7 8 50 M M 0 M M
16 78 46 62 M 3 0 0.00 M M 5.0 10 150 M M 1 20 170
17 80 57 69 M 0 4 0.00 M M 4.8 12 360 M M 8 1 17 350
18 67 56 62 M 3 0 0.06 M M 4.4 8 10 M M 10 123 16 10
19 88 59 74 M 0 9 0.00 M M 3.3 10 330 M M 6 123 16 250
20 84 55 70 M 0 5 0.00 M M 3.4 8 150 M M 3 12 M M
21 86 66 76 M 0 11 0.00 M M 5.6 13 160 M M 6 1 18 130
22 82 70 76 M 0 11 0.04 M M 5.8 14 180 M M 8 1238 18 180
23 87 61 74 M 0 9 0.00 M M 6.8 16 330 M M 2 12 23 330
24 94 57 76 M 0 11 0.00 M M 6.7 16 190 M M 0 23 190
25 80 60 70 M 0 5 0.00 M M 5.7 13 10 M M 4 3 18 360
26 85 51 68 M 0 3 0.00 M M 2.5 7 150 M M 0 M M
27 86 57 72 M 0 7 0.00 M M 8.7 17 190 M M 3 27 150
28 89 73 81 M 0 16 0.00 M M 9.5 16 140 M M 7 22 150
29 82 58 70 M 0 5 1.15 M M 7.0 14 340 M M 4 3 32 20
30 83 51 67 M 0 2 0.00 M M 1.1 8 350 M M 0 M M
================================================================================
SM 2040 1416 32 164 3.39 M 166.9 M 139
================================================================================
AV 81.6 59.0 5.6 FASTST M M 5 MAX(MPH)
MISC ----> # 22 340 # 33 340
================================================================================
NOTES:
# LAST OF SEVERAL OCCURRENCES
COLUMN 17 PEAK WIND IN M.P.H.
PRELIMINARY LOCAL CLIMATOLOGICAL DATA (WS FORM: F-6) , PAGE 2
STATION: LA GRANGE
MONTH: APRIL
YEAR: 2020
LATITUDE: 29 54 N
LONGITUDE: 96 57 W
[TEMPERATURE DATA] [PRECIPITATION DATA] SYMBOLS USED IN COLUMN 16
AVERAGE MONTHLY: 70.3 TOTAL FOR MONTH: 3.39 1 = FOG OR MIST
DPTR FM NORMAL: M DPTR FM NORMAL: M 2 = FOG REDUCING VISIBILITY
HIGHEST: 94 ON 24 GRTST 24HR 1.50 ON 3- 3 TO 1/4 MILE OR LESS
LOWEST: 45 ON 15 3 = THUNDER
SNOW, ICE PELLETS, HAIL 4 = ICE PELLETS
TOTAL MONTH: M 5 = HAIL
GRTST 24HR M ON M 6 = FREEZING RAIN OR DRIZZLE
GRTST DEPTH: M ON M 7 = DUSTSTORM OR SANDSTORM:
VSBY 1/2 MILE OR LESS
8 = SMOKE OR HAZE
[NO. OF DAYS WITH] [WEATHER - DAYS WITH] 9 = BLOWING SNOW
X = TORNADO
MAX 32 OR BELOW: 0 0.01 INCH OR MORE: 8
MAX 90 OR ABOVE: 3 0.10 INCH OR MORE: 3
MIN 32 OR BELOW: 0 0.50 INCH OR MORE: 3
MIN 0 OR BELOW: 0 1.00 INCH OR MORE: 2
[HDD (BASE 65) ]
TOTAL THIS MO. 32 CLEAR (SCALE 0-3) 11
DPTR FM NORMAL M PTCLDY (SCALE 4-7) 13
TOTAL FM JUL 1 1230 CLOUDY (SCALE 8-10) 6
DPTR FM NORMAL M
[CDD (BASE 65) ]
TOTAL THIS MO. 164
DPTR FM NORMAL M [PRESSURE DATA]
TOTAL FM JAN 1 226 HIGHEST SLP M ON M
DPTR FM NORMAL M LOWEST SLP M ON M
[REMARKS]
#FINAL-04-20#