000
CXUS54 KSJT 011000
CF6ABI
PRELIMINARY LOCAL CLIMATOLOGICAL DATA (WS FORM: F-6)
STATION: ABILENE
MONTH: MARCH
YEAR: 2023
LATITUDE: 32 25 N
LONGITUDE: 99 41 W
TEMPERATURE IN F: :PCPN: SNOW: WIND :SUNSHINE: SKY :PK WND
================================================================================
1 2 3 4 5 6A 6B 7 8 9 10 11 12 13 14 15 16 17 18
12Z AVG MX 2MIN
DY MAX MIN AVG DEP HDD CDD WTR SNW DPTH SPD SPD DIR MIN PSBL S-S WX SPD DR
================================================================================
1 66 54 60 6 5 0 0.00 0.0 0 5.8 13 140 M M 1 3 16 140
2 80 44 62 8 3 0 0.37 0.0 0 8.9 33 310 M M 4 138 46 10
3 66 41 54 0 11 0 0.09 0.0 0 10.0 26 310 M M 2 41 300
4 75 46 61 7 4 0 0.00 0.0 0 7.8 16 190 M M 0 24 170
5 84 49 67 12 0 2 0.00 0.0 0 14.4 29 200 M M 0 39 180
6 85 60 73 18 0 8 0.00 0.0 0 11.1 21 180 M M 0 31 180
7 72 52 62 7 3 0 0.00 0.0 0 8.2 16 350 M M 4 20 360
8 52 41 47 -9 18 0 0.18 0.0 0 9.6 18 350 M M 10 138 24 350
9 57 46 52 -4 13 0 T 0.0 0 6.3 16 40 M M 10 18 25 30
10 70 46 58 2 7 0 0.00 0.0 0 8.1 18 170 M M 6 18 27 190
11 90 59 75 18 0 10 0.00 0.0 0 13.2 26 210 M M 0 37 200
12 65 48 57 0 8 0 0.00 0.0 0 11.8 20 10 M M 0 27 340
13 61 36 49 -8 16 0 0.00 0.0 0 8.3 16 90 M M 1 8 22 80
14 57 39 48 -10 17 0 0.00 0.0 0 9.2 20 130 M M 6 23 110
15 76 45 61 3 4 0 0.00 0.0 0 21.5 36 190 M M 4 51 210
16 84 41 63 5 2 0 T 0.0 0 23.8 38 350 M M 4 78 49 360
17 53 36 45 -13 20 0 T 0.0 0 12.1 29 360 M M 2 37 360
18 55 34 45 -14 20 0 0.00 0.0 0 7.0 17 350 M M 1 27 10
19 61 32 47 -12 18 0 0.00 0.0 M 7.3 17 140 M M 0 23 150
20 59 40 50 -9 15 0 0.00 0.0 0 20.0 36 190 M M 5 8 50 190
21 80 53 67 7 0 2 0.00 0.0 0 18.5 30 210 M M 3 45 180
22 90 63 77 17 0 12 0.00 0.0 0 16.9 25 190 M M 1 44 170
23 81 65 73 13 0 8 0.01 0.0 0 12.1 23 180 M M 5 3 32 180
24 75 54 65 4 0 0 0.40 0.0 0 10.9 22 350 M M 8 13 31 340
25 73 49 61 0 4 0 0.00 0.0 0 M M M M M M M M
26 68 39 54 -7 11 0 0.00 0.0 0 M M M M M M M M
27 66 42 54 -8 11 0 0.00 0.0 0 6.2 12 360 M M 4 8 16 360
28 61 41 51 -11 14 0 0.00 0.0 0 13.1 24 350 M M 2 33 340
29 69 49 59 -3 6 0 T 0.0 0 11.1 25 160 M M 8 36 170
30 76 59 68 6 0 3 0.00 0.0 0 19.3 31 170 M M 8 43 180
31 78 53 66 4 0 1 0.00 0.0 0 18.2 35 280 M M 1 48 300
================================================================================
SM 2185 1456 230 46 1.05 0.0 350.7 M 100
================================================================================
AV 70.5 47.0 12.1 FASTST M M 3 MAX(MPH)
MISC ----> 38 350 51 210
================================================================================
NOTES:
# LAST OF SEVERAL OCCURRENCES
COLUMN 17 PEAK WIND IN M.P.H.
PRELIMINARY LOCAL CLIMATOLOGICAL DATA (WS FORM: F-6) , PAGE 2
STATION: ABILENE
MONTH: MARCH
YEAR: 2023
LATITUDE: 32 25 N
LONGITUDE: 99 41 W
[TEMPERATURE DATA] [PRECIPITATION DATA] SYMBOLS USED IN COLUMN 16
AVERAGE MONTHLY: 58.7 TOTAL FOR MONTH: 1.05 1 = FOG OR MIST
DPTR FM NORMAL: 0.6 DPTR FM NORMAL: -0.68 2 = FOG REDUCING VISIBILITY
HIGHEST: 90 ON 22,11 GRTST 24HR 0.46 ON 2- 3 TO 1/4 MILE OR LESS
LOWEST: 32 ON 19 3 = THUNDER
SNOW, ICE PELLETS, HAIL 4 = ICE PELLETS
TOTAL MONTH: 0.0 INCH 5 = HAIL
GRTST 24HR 0.0 6 = FREEZING RAIN OR DRIZZLE
GRTST DEPTH: 0 7 = DUSTSTORM OR SANDSTORM:
VSBY 1/2 MILE OR LESS
8 = SMOKE OR HAZE
[NO. OF DAYS WITH] [WEATHER - DAYS WITH] 9 = BLOWING SNOW
X = TORNADO
MAX 32 OR BELOW: 0 0.01 INCH OR MORE: 5
MAX 90 OR ABOVE: 2 0.10 INCH OR MORE: 3
MIN 32 OR BELOW: 1 0.50 INCH OR MORE: 0
MIN 0 OR BELOW: 0 1.00 INCH OR MORE: 0
[HDD (BASE 65) ]
TOTAL THIS MO. 230 CLEAR (SCALE 0-3) 14
DPTR FM NORMAL -25 PTCLDY (SCALE 4-7) 13
TOTAL FM JUL 1 2007 CLOUDY (SCALE 8-10) 4
DPTR FM NORMAL -205
[CDD (BASE 65) ]
TOTAL THIS MO. 46
DPTR FM NORMAL 5 [PRESSURE DATA]
TOTAL FM JAN 1 65 HIGHEST SLP 30.52 ON 19
DPTR FM NORMAL 14 LOWEST SLP 29.27 ON 2
[REMARKS]
#FINAL-03-23#