000
CXUS54 KSJT 011000
CF6ABI
PRELIMINARY LOCAL CLIMATOLOGICAL DATA (WS FORM: F-6)
STATION: ABILENE
MONTH: JULY
YEAR: 2022
LATITUDE: 32 25 N
LONGITUDE: 99 41 W
TEMPERATURE IN F: :PCPN: SNOW: WIND :SUNSHINE: SKY :PK WND
================================================================================
1 2 3 4 5 6A 6B 7 8 9 10 11 12 13 14 15 16 17 18
12Z AVG MX 2MIN
DY MAX MIN AVG DEP HDD CDD WTR SNW DPTH SPD SPD DIR MIN PSBL S-S WX SPD DR
================================================================================
1 101 77 89 6 0 24 0.00 0.0 0 11.0 21 120 M M 2 27 120
2 103 77 90 7 0 25 0.00 0.0 0 9.6 29 130 M M 1 34 150
3 99 74 87 4 0 22 0.09 0.0 0 9.6 30 150 M M 2 3 40 150
4 102 73 88 4 0 23 0.00 0.0 0 12.4 22 160 M M 0 34 150
5 103 79 91 7 0 26 0.00 0.0 0 13.6 20 170 M M 0 30 180
6 105 80 93 9 0 28 0.00 0.0 0 12.8 22 200 M M 0 32 200
7 105 80 93 9 0 28 0.00 0.0 0 10.9 20 140 M M 0 30 140
8 107 81 94 10 0 29 0.00 0.0 0 8.8 21 10 M M 0 33 20
9 106 76 91 7 0 26 0.01 0.0 0 6.9 20 120 M M 1 3 27 20
10 106 73 90 6 0 25 0.00 0.0 0 5.6 17 10 M M 0 25 10
11 106 74 90 6 0 25 0.00 0.0 0 6.8 16 110 M M 0 26 60
12 104 79 92 8 0 27 0.00 0.0 0 9.0 18 70 M M 1 28 30
13 107 72 90 6 0 25 0.00 0.0 0 5.4 16 100 M M 1 23 10
14 97 74 86 1 0 21 0.07 0.0 0 10.3 31 120 M M 2 3 39 110
15 101 67 84 -1 0 19 0.00 0.0 0 7.7 18 140 M M 0 25 140
16 102 74 88 3 0 23 0.00 0.0 0 8.4 17 150 M M 0 24 150
17 104 81 93 8 0 28 0.00 0.0 0 8.1 18 210 M M 0 24 210
18 110 80 95 10 0 30 0.00 0.0 0 9.3 16 190 M M 0 23 190
19 110 83 97 12 0 32 0.00 0.0 0 12.4 18 200 M M 0 27 220
20 110 83 97 12 0 32 0.00 0.0 0 9.3 18 100 M M 0 27 190
21 95 79 87 2 0 22 T 0.0 0 6.6 18 50 M M 2 25 50
22 98 78 88 2 0 23 0.00 0.0 0 12.2 22 110 M M 3 38 27 110
23 103 80 92 6 0 27 0.00 0.0 0 11.5 20 180 M M 1 30 180
24 102 79 91 5 0 26 0.00 0.0 0 11.9 20 180 M M 0 26 150
25 104 80 92 6 0 27 0.00 0.0 0 12.1 21 140 M M 0 29 190
26 105 80 93 7 0 28 0.00 0.0 0 12.1 20 170 M M 0 34 170
27 104 79 92 6 0 27 0.00 0.0 0 12.3 21 120 M M 0 28 120
28 103 79 91 5 0 26 0.00 0.0 0 10.4 20 140 M M 1 25 180
29 103 80 92 6 0 27 0.00 0.0 0 11.0 26 130 M M 1 3 33 130
30 104 80 92 6 0 27 0.00 0.0 0 9.9 18 60 M M 1 28 150
31 105 81 93 7 0 28 0.00 0.0 0 12.7 21 210 M M 0 30 230
================================================================================
SM 3214 2412 0 806 0.17 0.0 310.6 M 19
================================================================================
AV103.7 77.8 10.0 FASTST M M 1 MAX(MPH)
MISC ----> 31 120 40 150
================================================================================
NOTES:
# LAST OF SEVERAL OCCURRENCES
COLUMN 17 PEAK WIND IN M.P.H.
PRELIMINARY LOCAL CLIMATOLOGICAL DATA (WS FORM: F-6) , PAGE 2
STATION: ABILENE
MONTH: JULY
YEAR: 2022
LATITUDE: 32 25 N
LONGITUDE: 99 41 W
[TEMPERATURE DATA] [PRECIPITATION DATA] SYMBOLS USED IN COLUMN 16
AVERAGE MONTHLY: 90.7 TOTAL FOR MONTH: 0.17 1 = FOG OR MIST
DPTR FM NORMAL: 6.0 DPTR FM NORMAL: -1.75 2 = FOG REDUCING VISIBILITY
HIGHEST: 110 ON 20,19 GRTST 24HR 0.09 ON 3- 3 TO 1/4 MILE OR LESS
LOWEST: 67 ON 15 3 = THUNDER
SNOW, ICE PELLETS, HAIL 4 = ICE PELLETS
TOTAL MONTH: 0.0 INCH 5 = HAIL
GRTST 24HR 0.0 6 = FREEZING RAIN OR DRIZZLE
GRTST DEPTH: 0 7 = DUSTSTORM OR SANDSTORM:
VSBY 1/2 MILE OR LESS
8 = SMOKE OR HAZE
[NO. OF DAYS WITH] [WEATHER - DAYS WITH] 9 = BLOWING SNOW
X = TORNADO
MAX 32 OR BELOW: 0 0.01 INCH OR MORE: 3
MAX 90 OR ABOVE: 31 0.10 INCH OR MORE: 0
MIN 32 OR BELOW: 0 0.50 INCH OR MORE: 0
MIN 0 OR BELOW: 0 1.00 INCH OR MORE: 0
[HDD (BASE 65) ]
TOTAL THIS MO. 0 CLEAR (SCALE 0-3) 31
DPTR FM NORMAL 0 PTCLDY (SCALE 4-7) 0
TOTAL FM JUL 1 0 CLOUDY (SCALE 8-10) 0
DPTR FM NORMAL 0
[CDD (BASE 65) ]
TOTAL THIS MO. 806
DPTR FM NORMAL 194 [PRESSURE DATA]
TOTAL FM JAN 1 2207 HIGHEST SLP 30.07 ON 15
DPTR FM NORMAL 639 LOWEST SLP 28.01 ON 20
[REMARKS]
#FINAL-07-22#