000
CXUS54 KSJT 011100
CF6ABI
PRELIMINARY LOCAL CLIMATOLOGICAL DATA (WS FORM: F-6)
STATION: ABILENE
MONTH: NOVEMBER
YEAR: 2021
LATITUDE: 32 25 N
LONGITUDE: 99 41 W
TEMPERATURE IN F: :PCPN: SNOW: WIND :SUNSHINE: SKY :PK WND
================================================================================
1 2 3 4 5 6A 6B 7 8 9 10 11 12 13 14 15 16 17 18
12Z AVG MX 2MIN
DY MAX MIN AVG DEP HDD CDD WTR SNW DPTH SPD SPD DIR MIN PSBL S-S WX SPD DR
================================================================================
1 75 47 61 0 4 0 0.00 0.0 0 5.2 14 90 M M 7 18 21 60
2 59 47 53 -7 12 0 0.02 0.0 0 8.0 13 340 M M 10 18 17 10
3 48 46 47 -13 18 0 0.15 0.0 0 10.5 16 360 M M 10 13 20 360
4 59 43 51 -9 14 0 0.00 0.0 0 5.3 12 170 M M 9 1 16 20
5 66 42 54 -5 11 0 0.00 0.0 0 7.3 14 160 M M 4 20 140
6 74 44 59 0 6 0 0.00 0.0 0 8.1 17 160 M M 0 22 150
7 78 47 63 4 2 0 0.00 0.0 0 12.2 20 190 M M 0 26 180
8 78 55 67 9 0 2 0.00 0.0 0 13.5 24 200 M M 0 31 210
9 77 59 68 10 0 3 0.00 0.0 0 9.0 18 190 M M 1 29 170
10 81 56 69 11 0 4 0.00 0.0 0 11.5 29 200 M M 2 36 190
11 68 44 56 -1 9 0 0.00 0.0 0 5.6 14 360 M M 0 20 20
12 66 37 52 -5 13 0 0.00 0.0 0 9.7 24 20 M M 0 31 20
13 73 35 54 -2 11 0 0.00 0.0 0 9.9 23 190 M M 0 31 200
14 73 46 60 4 5 0 0.00 0.0 0 7.1 15 10 M M 0 26 200
15 84 41 63 7 2 0 0.00 0.0 0 4.3 8 170 M M 0 M M
16 86 62 74 19 0 9 0.00 0.0 0 16.1 26 210 M M 0 37 210
17 77 48 63 8 2 0 0.00 0.0 0 15.9 25 340 M M 0 31 360
18 60 37 49 -5 16 0 0.00 0.0 0 9.0 18 50 M M 0 27 50
19 67 35 51 -3 14 0 0.00 0.0 0 11.2 21 180 M M 1 29 170
20 80 52 66 12 0 1 0.00 0.0 0 14.1 23 200 M M 0 36 200
21 65 47 56 2 9 0 0.00 0.0 0 13.3 24 360 M M 1 34 210
22 69 31 50 -3 15 0 0.00 0.0 0 3.9 10 160 M M 0 8 12 180
23 73 44 59 6 6 0 0.00 0.0 0 12.1 24 170 M M 0 37 180
24 76 58 67 15 0 2 0.00 0.0 0 14.5 29 210 M M 0 39 210
25 58 34 46 -6 19 0 0.00 0.0 0 14.7 28 360 M M 0 38 360
26 65 33 49 -3 16 0 0.00 0.0 0 6.6 16 170 M M 0 21 180
27 55 49 52 0 13 0 0.07 0.0 0 7.5 20 200 M M 9 1 26 200
28 66 39 53 2 12 0 0.00 0.0 0 6.6 12 350 M M 2 1 17 360
29 80 40 60 9 5 0 0.00 0.0 0 8.4 15 230 M M 0 23 240
30 77 52 65 14 0 0 0.00 M M 10.5 20 200 M M 0 27 190
================================================================================
SM 2113 1350 234 21 0.24 0.0 291.6 M 56
================================================================================
AV 70.4 45.0 9.7 FASTST M M 2 MAX(MPH)
MISC ----> # 29 200 39 210
================================================================================
NOTES:
# LAST OF SEVERAL OCCURRENCES
COLUMN 17 PEAK WIND IN M.P.H.
PRELIMINARY LOCAL CLIMATOLOGICAL DATA (WS FORM: F-6) , PAGE 2
STATION: ABILENE
MONTH: NOVEMBER
YEAR: 2021
LATITUDE: 32 25 N
LONGITUDE: 99 41 W
[TEMPERATURE DATA] [PRECIPITATION DATA] SYMBOLS USED IN COLUMN 16
AVERAGE MONTHLY: 57.7 TOTAL FOR MONTH: 0.24 1 = FOG OR MIST
DPTR FM NORMAL: 2.2 DPTR FM NORMAL: -1.16 2 = FOG REDUCING VISIBILITY
HIGHEST: 86 ON 16 GRTST 24HR 0.17 ON 2- 3 TO 1/4 MILE OR LESS
LOWEST: 31 ON 22 3 = THUNDER
SNOW, ICE PELLETS, HAIL 4 = ICE PELLETS
TOTAL MONTH: 0.0 INCH 5 = HAIL
GRTST 24HR 0.0 6 = FREEZING RAIN OR DRIZZLE
GRTST DEPTH: 0 7 = DUSTSTORM OR SANDSTORM:
VSBY 1/2 MILE OR LESS
8 = SMOKE OR HAZE
[NO. OF DAYS WITH] [WEATHER - DAYS WITH] 9 = BLOWING SNOW
X = TORNADO
MAX 32 OR BELOW: 0 0.01 INCH OR MORE: 3
MAX 90 OR ABOVE: 0 0.10 INCH OR MORE: 1
MIN 32 OR BELOW: 1 0.50 INCH OR MORE: 0
MIN 0 OR BELOW: 0 1.00 INCH OR MORE: 0
[HDD (BASE 65) ]
TOTAL THIS MO. 234 CLEAR (SCALE 0-3) 24
DPTR FM NORMAL -73 PTCLDY (SCALE 4-7) 2
TOTAL FM JUL 1 265 CLOUDY (SCALE 8-10) 4
DPTR FM NORMAL -132
[CDD (BASE 65) ]
TOTAL THIS MO. 21
DPTR FM NORMAL -2 [PRESSURE DATA]
TOTAL FM JAN 1 2585 HIGHEST SLP 30.54 ON 18
DPTR FM NORMAL -109 LOWEST SLP 29.69 ON 10
[REMARKS]
#FINAL-11-21#