000
CXUS55 KABQ 011110
CF6ABQ
PRELIMINARY LOCAL CLIMATOLOGICAL DATA (WS FORM: F-6)
STATION: ALBUQUERQUE NM
MONTH: APRIL
YEAR: 2020
LATITUDE: 35 2 N
LONGITUDE: 106 37 W
TEMPERATURE IN F: :PCPN: SNOW: WIND :SUNSHINE: SKY :PK WND
================================================================================
1 2 3 4 5 6A 6B 7 8 9 10 11 12 13 14 15 16 17 18
12Z AVG MX 2MIN
DY MAX MIN AVG DEP HDD CDD WTR SNW DPTH SPD SPD DIR MIN PSBL S-S WX SPD DR
================================================================================
1 73 49 61 9 4 0 0.00 0.0 0 10.8 35 270 M M 8 45 280
2 75 44 60 8 5 0 0.00 0.0 0 13.6 30 280 M M 4 42 250
3 69 44 57 5 8 0 T 0.0 0 12.9 38 90 M M 3 3 46 90
4 69 42 56 4 9 0 0.00 0.0 0 9.8 30 90 M M 4 37 80
5 71 40 56 3 9 0 0.00 0.0 0 9.2 24 180 M M 4 31 180
6 72 44 58 5 7 0 0.00 0.0 0 8.7 22 180 M M 7 28 190
7 73 41 57 4 8 0 0.00 0.0 0 6.7 21 250 M M 4 26 260
8 74 46 60 6 5 0 0.00 0.0 0 5.8 20 180 M M 2 25 190
9 73 51 62 8 3 0 0.00 0.0 0 7.9 23 170 M M 5 29 160
10 70 44 57 3 8 0 0.00 0.0 0 7.7 17 220 M M 1 25 170
11 68 41 55 1 10 0 0.00 0.0 0 9.0 29 270 M M 2 37 270
12 65 37 51 -4 14 0 0.01 0.0 0 10.2 28 260 M M 6 36 270
13 50 33 42 -13 23 0 0.46 0.1 0 6.5 18 80 M M 9 18 24 240
14 53 33 43 -12 22 0 0.00 0.0 0 10.3 26 300 M M 1 33 310
15 64 29 47 -9 18 0 0.00 0.0 0 6.8 22 290 M M 0 27 240
16 73 39 56 0 9 0 0.00 0.0 0 13.3 31 290 M M 1 44 280
17 69 43 56 0 9 0 0.00 0.0 0 8.6 24 190 M M 5 31 190
18 68 45 57 0 8 0 0.00 0.0 0 9.9 29 280 M M 5 34 290
19 71 41 56 -1 9 0 0.00 0.0 0 6.8 25 270 M M 5 8 30 260
20 73 47 60 3 5 0 0.00 0.0 0 6.7 20 250 M M 7 29 240
21 71 51 61 3 4 0 0.00 0.0 0 8.9 32 340 M M 6 43 340
22 74 45 60 2 5 0 0.00 0.0 0 12.8 29 310 M M 3 40 310
23 76 44 60 2 5 0 0.00 0.0 0 8.9 26 300 M M 3 36 340
24 76 54 65 6 0 0 0.00 0.0 0 13.3 25 320 M M 2 36 330
25 77 48 63 4 2 0 0.00 0.0 0 7.6 22 80 M M 1 27 240
26 84 45 65 6 0 0 0.00 0.0 0 6.0 22 260 M M 6 30 260
27 85 53 69 9 0 4 0.00 0.0 0 7.4 21 250 M M 6 27 190
28 86 53 70 10 0 5 0.00 0.0 0 11.2 28 290 M M 6 35 310
29 78 57 68 8 0 3 0.00 0.0 0 11.5 29 110 M M 0 36 110
30 88 55 72 11 0 7 0.00 0.0 0 7.3 21 190 M M 6 27 190
================================================================================
SM 2168 1338 209 19 0.47 0.1 276.1 M 122
================================================================================
AV 72.3 44.6 9.2 FASTST M M 4 MAX(MPH)
MISC ----> # 38 90 # 46 90
================================================================================
NOTES:
# LAST OF SEVERAL OCCURRENCES
COLUMN 17 PEAK WIND IN M.P.H.
PRELIMINARY LOCAL CLIMATOLOGICAL DATA (WS FORM: F-6) , PAGE 2
STATION: ALBUQUERQUE NM
MONTH: APRIL
YEAR: 2020
LATITUDE: 35 2 N
LONGITUDE: 106 37 W
[TEMPERATURE DATA] [PRECIPITATION DATA] SYMBOLS USED IN COLUMN 16
AVERAGE MONTHLY: 58.4 TOTAL FOR MONTH: 0.47 1 = FOG OR MIST
DPTR FM NORMAL: 2.4 DPTR FM NORMAL: -0.14 2 = FOG REDUCING VISIBILITY
HIGHEST: 88 ON 30 GRTST 24HR 0.46 ON 13-13 TO 1/4 MILE OR LESS
LOWEST: 29 ON 15 3 = THUNDER
SNOW, ICE PELLETS, HAIL 4 = ICE PELLETS
TOTAL MONTH: 0.1 INCH 5 = HAIL
GRTST 24HR 0.1 ON 13-13 6 = FREEZING RAIN OR DRIZZLE
GRTST DEPTH: 0 7 = DUSTSTORM OR SANDSTORM:
VSBY 1/2 MILE OR LESS
8 = SMOKE OR HAZE
[NO. OF DAYS WITH] [WEATHER - DAYS WITH] 9 = BLOWING SNOW
X = TORNADO
MAX 32 OR BELOW: 0 0.01 INCH OR MORE: 2
MAX 90 OR ABOVE: 0 0.10 INCH OR MORE: 1
MIN 32 OR BELOW: 1 0.50 INCH OR MORE: 0
MIN 0 OR BELOW: 0 1.00 INCH OR MORE: 0
[HDD (BASE 65) ]
TOTAL THIS MO. 209 CLEAR (SCALE 0-3) 11
DPTR FM NORMAL -68 PTCLDY (SCALE 4-7) 18
TOTAL FM JUL 1 3925 CLOUDY (SCALE 8-10) 1
DPTR FM NORMAL -179
[CDD (BASE 65) ]
TOTAL THIS MO. 19
DPTR FM NORMAL 12 [PRESSURE DATA]
TOTAL FM JAN 1 19 HIGHEST SLP 30.19 ON 14
DPTR FM NORMAL 12 LOWEST SLP 29.54 ON 11
[REMARKS]
#FINAL-04-20#