000
CXUS54 KFWD 010730
CF6ACT
PRELIMINARY LOCAL CLIMATOLOGICAL DATA (WS FORM: F-6)
STATION: WACO
MONTH: OCTOBER
YEAR: 2022
LATITUDE: 31 37 N
LONGITUDE: 97 13 W
TEMPERATURE IN F: :PCPN: SNOW: WIND :SUNSHINE: SKY :PK WND
================================================================================
1 2 3 4 5 6A 6B 7 8 9 10 11 12 13 14 15 16 17 18
12Z AVG MX 2MIN
DY MAX MIN AVG DEP HDD CDD WTR SNW DPTH SPD SPD DIR MIN PSBL S-S WX SPD DR
================================================================================
1 88 47 68 -6 0 3 0.00 0.0 0 4.6 13 80 M M 0 19 20
2 88 47 68 -6 0 3 0.00 0.0 0 4.0 14 60 M M 0 22 30
3 89 48 69 -4 0 4 0.00 0.0 0 3.0 10 100 M M 0 16 130
4 91 53 72 -1 0 7 0.00 0.0 0 3.7 12 140 M M 0 16 180
5 91 53 72 -1 0 7 0.00 0.0 0 2.9 10 100 M M 0 16 160
6 94 54 74 2 0 9 0.00 0.0 0 3.0 12 120 M M 0 17 140
7 91 62 77 5 0 12 0.00 0.0 0 3.3 12 60 M M 0 17 60
8 89 61 75 3 0 10 0.00 0.0 0 7.7 16 40 M M 2 22 40
9 89 55 72 1 0 7 0.00 0.0 0 5.9 10 80 M M 0 15 80
10 90 59 75 4 0 10 0.00 0.0 0 9.3 18 180 M M 0 24 180
11 90 65 78 8 0 13 0.00 0.0 0 12.7 23 180 M M 1 29 180
12 100 68 84 14 0 19 0.00 0.0 0 10.5 17 230 M M 1 25 210
13 90 58 74 4 0 9 0.00 0.0 0 9.2 21 50 M M 0 26 50
14 90 48 69 0 0 4 0.00 0.0 0 7.0 18 180 M M 0 25 180
15 95 71 83 14 0 18 0.00 0.0 0 13.0 20 180 M M 1 27 190
16 79 66 73 5 0 8 0.52 0.0 0 11.2 18 10 M M 6 13 26 10
17 75 54 65 -3 0 0 0.12 0.0 0 11.4 21 20 M M 3 29 10
18 70 45 58 -10 7 0 0.00 0.0 0 8.5 20 360 M M 0 29 20
19 70 37 54 -13 11 0 0.00 0.0 0 5.0 15 180 M M 0 19 200
20 89 49 69 2 0 4 0.00 0.0 0 9.1 17 220 M M 0 24 220
21 92 52 72 5 0 7 0.00 0.0 0 11.7 23 180 M M 0 32 180
22 88 64 76 10 0 11 0.00 0.0 0 20.0 28 180 M M 1 39 180
23 89 69 79 13 0 14 T 0.0 0 20.2 30 170 M M 4 43 180
24 76 60 68 3 0 3 0.88 0.0 0 11.7 36 310 M M 10 13 55 300
25 74 45 60 -5 5 0 0.00 0.0 0 12.1 29 300 M M 1 1 41 280
26 76 41 59 -6 6 0 0.00 0.0 0 4.9 13 120 M M 0 18 20 130
27 79 47 63 -1 2 0 0.00 0.0 0 9.0 17 160 M M 1 26 150
28 68 55 62 -2 3 0 1.32 0.0 0 12.2 25 30 M M 10 13 35 20
29 69 53 61 -2 4 0 0.01 0.0 0 10.6 20 340 M M 7 18 27 330
30 77 51 64 1 1 0 0.00 0.0 0 5.6 13 340 M M 0 1 19 320
31 79 48 64 1 1 0 0.00 0.0 0 3.4 9 160 M M 0 1 13 170
================================================================================
SM 2615 1685 40 182 2.85 0.0 266.4 M 48
================================================================================
AV 84.4 54.4 8.6 FASTST M M 2 MAX(MPH)
MISC ----> 36 310 55 300
================================================================================
NOTES:
# LAST OF SEVERAL OCCURRENCES
COLUMN 17 PEAK WIND IN M.P.H.
PRELIMINARY LOCAL CLIMATOLOGICAL DATA (WS FORM: F-6) , PAGE 2
STATION: WACO
MONTH: OCTOBER
YEAR: 2022
LATITUDE: 31 37 N
LONGITUDE: 97 13 W
[TEMPERATURE DATA] [PRECIPITATION DATA] SYMBOLS USED IN COLUMN 16
AVERAGE MONTHLY: 69.4 TOTAL FOR MONTH: 2.85 1 = FOG OR MIST
DPTR FM NORMAL: 1.0 DPTR FM NORMAL: -1.56 2 = FOG REDUCING VISIBILITY
HIGHEST: 100 ON 12 GRTST 24HR 1.33 ON 28-29 TO 1/4 MILE OR LESS
LOWEST: 37 ON 19 3 = THUNDER
SNOW, ICE PELLETS, HAIL 4 = ICE PELLETS
TOTAL MONTH: 0.0 INCH 5 = HAIL
GRTST 24HR 0.0 6 = FREEZING RAIN OR DRIZZLE
GRTST DEPTH: 0 7 = DUSTSTORM OR SANDSTORM:
VSBY 1/2 MILE OR LESS
8 = SMOKE OR HAZE
[NO. OF DAYS WITH] [WEATHER - DAYS WITH] 9 = BLOWING SNOW
X = TORNADO
MAX 32 OR BELOW: 0 0.01 INCH OR MORE: 5
MAX 90 OR ABOVE: 11 0.10 INCH OR MORE: 4
MIN 32 OR BELOW: 0 0.50 INCH OR MORE: 3
MIN 0 OR BELOW: 0 1.00 INCH OR MORE: 1
[HDD (BASE 65) ]
TOTAL THIS MO. 40 CLEAR (SCALE 0-3) 25
DPTR FM NORMAL -24 PTCLDY (SCALE 4-7) 4
TOTAL FM JUL 1 40 CLOUDY (SCALE 8-10) 2
DPTR FM NORMAL -26
[CDD (BASE 65) ]
TOTAL THIS MO. 182
DPTR FM NORMAL 11 [PRESSURE DATA]
TOTAL FM JAN 1 3556 HIGHEST SLP M ON M
DPTR FM NORMAL 728 LOWEST SLP 29.60 ON 24
[REMARKS]
#FINAL-10-22#