000
CXUS56 KEKA 011330
CF6ACV
PRELIMINARY LOCAL CLIMATOLOGICAL DATA (WS FORM: F-6)
STATION: ARCATA CA
MONTH: NOVEMBER
YEAR: 2023
LATITUDE: 40 58 N
LONGITUDE: 124 6 W
TEMPERATURE IN F: :PCPN: SNOW: WIND :SUNSHINE: SKY :PK WND
================================================================================
1 2 3 4 5 6A 6B 7 8 9 10 11 12 13 14 15 16 17 18
12Z AVG MX 2MIN
DY MAX MIN AVG DEP HDD CDD WTR SNW DPTH SPD SPD DIR MIN PSBL S-S WX SPD DR
================================================================================
1 66 43 55 3 10 0 0.00 M M 3.1 13 240 M M 0 1 17 240
2 62 51 57 5 8 0 0.63 M M 3.1 12 100 M M 8 12 17 100
3 67 54 61 9 4 0 0.01 M M 2.4 9 80 M M 5 128 12 90
4 64 58 61 9 4 0 0.16 M M 7.6 24 200 M M 8 12 37 190
5 64 57 61 9 4 0 0.86 M M 3.5 16 210 M M 9 128 25 200
6 60 51 56 4 9 0 0.71 M M 6.9 17 160 M M 8 13 23 190
7 59 42 51 -1 14 0 0.01 M M 5.6 17 330 M M 3 8 23 320
8 59 39 49 -2 16 0 0.00 M M 5.3 15 320 M M 0 18 19 310
9 56 37 47 -4 18 0 0.01 0.0 M 4.6 10 90 M M 3 13 80
10 57 46 52 1 13 0 0.01 0.0 M 3.7 14 310 M M 9 18 18 320
11 62 41 52 1 13 0 0.00 0.0 M 3.2 9 320 M M 0 18 13 120
12 60 42 51 0 14 0 0.02 0.0 M 4.5 13 180 M M 1 8 17 190
13 61 49 55 4 10 0 0.23 M M 2.6 10 330 M M 7 18 14 330
14 60 48 54 3 11 0 0.54 0.0 M 3.5 10 120 M M 8 1 17 110
15 72 53 63 13 2 0 0.05 M M 3.9 12 220 M M 7 1 14 220
16 68 48 58 8 7 0 T M M 3.2 12 320 M M 5 1 14 300
17 70 46 58 8 7 0 0.02 M M 3.8 17 170 M M 3 8 23 170
18 58 49 54 4 11 0 0.44 M M 7.6 28 290 M M 10 1 43 240
19 57 38 48 -2 17 0 0.05 M M 5.2 15 330 M M 3 18 22 310
20 65 36 51 1 14 0 0.00 M M 2.9 10 330 M M 0 18 12 320
21 61 41 51 1 14 0 0.00 M M 3.7 8 330 M M 0 18 11 320
22 59 39 49 -1 16 0 T M M 3.2 10 310 M M 4 18 12 310
23 59 36 48 -2 17 0 0.00 M M 7.3 23 330 M M 0 1 29 340
24 58 33 46 -3 19 0 0.00 M M 6.6 17 330 M M 0 1 23 20
25 55 31 43 -6 22 0 0.00 M M 3.5 8 80 M M 0 18 9 290
26 59 32 46 -3 19 0 0.00 M M 4.2 8 80 M M 0 18 11 80
27 63 34 49 0 16 0 0.00 M M 3.9 10 80 M M 0 8 16 70
28 66 36 51 2 14 0 0.01 M M 4.6 10 340 M M 2 14 80
29 62 37 50 1 15 0 0.00 M M 4.0 9 80 M M 1 18 11 80
30 54 42 48 -1 17 0 0.32 M M 3.7 14 260 M M 8 18 20 260
================================================================================
SM 1843 1289 375 0 4.08 0.0 130.9 M 112
================================================================================
AV 61.4 43.0 4.4 FASTST M M 4 MAX(MPH)
MISC ----> 28 290 43 240
================================================================================
NOTES:
# LAST OF SEVERAL OCCURRENCES
COLUMN 17 PEAK WIND IN M.P.H.
PRELIMINARY LOCAL CLIMATOLOGICAL DATA (WS FORM: F-6) , PAGE 2
STATION: ARCATA CA
MONTH: NOVEMBER
YEAR: 2023
LATITUDE: 40 58 N
LONGITUDE: 124 6 W
[TEMPERATURE DATA] [PRECIPITATION DATA] SYMBOLS USED IN COLUMN 16
AVERAGE MONTHLY: 52.2 TOTAL FOR MONTH: 4.08 1 = FOG OR MIST
DPTR FM NORMAL: 1.7 DPTR FM NORMAL: -1.63 2 = FOG REDUCING VISIBILITY
HIGHEST: 72 ON 15 GRTST 24HR 1.19 ON 5- 6 TO 1/4 MILE OR LESS
LOWEST: 31 ON 25 3 = THUNDER
SNOW, ICE PELLETS, HAIL 4 = ICE PELLETS
TOTAL MONTH: 0.0 INCH 5 = HAIL
GRTST 24HR 0.0 6 = FREEZING RAIN OR DRIZZLE
GRTST DEPTH: M ON M 7 = DUSTSTORM OR SANDSTORM:
VSBY 1/2 MILE OR LESS
8 = SMOKE OR HAZE
[NO. OF DAYS WITH] [WEATHER - DAYS WITH] 9 = BLOWING SNOW
X = TORNADO
MAX 32 OR BELOW: 0 0.01 INCH OR MORE: 17
MAX 90 OR ABOVE: 0 0.10 INCH OR MORE: 8
MIN 32 OR BELOW: 2 0.50 INCH OR MORE: 4
MIN 0 OR BELOW: 0 1.00 INCH OR MORE: 0
[HDD (BASE 65) ]
TOTAL THIS MO. 375 CLEAR (SCALE 0-3) 15
DPTR FM NORMAL -60 PTCLDY (SCALE 4-7) 10
TOTAL FM JUL 1 1132 CLOUDY (SCALE 8-10) 5
DPTR FM NORMAL -344
[CDD (BASE 65) ]
TOTAL THIS MO. 0
DPTR FM NORMAL 0 [PRESSURE DATA]
TOTAL FM JAN 1 5 HIGHEST SLP 30.48 ON 19
DPTR FM NORMAL 1 LOWEST SLP 29.71 ON 18
[REMARKS]
#FINAL-11-23#