000
CXUS51 KPHI 010815
CF6ACY
PRELIMINARY LOCAL CLIMATOLOGICAL DATA (WS FORM: F-6)
STATION: ATLANTIC CITY NJ
MONTH: APRIL
YEAR: 2022
LATITUDE: 39 27 N
LONGITUDE: 74 34 W
TEMPERATURE IN F: :PCPN: SNOW: WIND :SUNSHINE: SKY :PK WND
================================================================================
1 2 3 4 5 6A 6B 7 8 9 10 11 12 13 14 15 16 17 18
12Z AVG MX 2MIN
DY MAX MIN AVG DEP HDD CDD WTR SNW DPTH SPD SPD DIR MIN PSBL S-S WX SPD DR
================================================================================
1 60 42 51 4 14 0 T 0.0 0 16.2 31 290 M M 6 1 45 290
2 56 34 45 -3 20 0 0.00 0.0 0 9.6 20 320 M M 1 27 320
3 56 40 48 0 17 0 0.08 0.0 0 10.0 32 310 M M 7 18 40 310
4 57 36 47 -1 18 0 0.00 0.0 0 9.3 20 340 M M 3 24 350
5 54 33 44 -5 21 0 0.42 0.0 0 6.2 16 170 M M 9 1 22 160
6 56 46 51 2 14 0 1.47 0.0 0 13.5 24 40 M M 10 1 35 50
7 60 46 53 3 12 0 0.22 0.0 0 13.0 21 160 M M 10 12 31 130
8 65 45 55 5 10 0 T 0.0 0 11.4 21 260 M M 3 30 250
9 59 42 51 1 14 0 0.03 0.0 0 8.4 22 260 M M 8 1 28 290
10 52 42 47 -4 18 0 0.00 0.0 0 15.3 30 290 M M 6 44 310
11 57 33 45 -6 20 0 0.00 0.0 0 8.0 18 180 M M 1 26 180
12 75 44 60 9 5 0 T 0.0 0 6.7 23 300 M M 3 32 280
13 78 48 63 11 2 0 0.00 0.0 0 6.9 16 200 M M 1 28 190
14 84 57 71 19 0 6 T 0.0 0 12.9 25 310 M M 3 36 230
15 69 47 58 6 7 0 T 0.0 0 10.5 22 310 M M 1 31 180
16 70 48 59 6 6 0 0.34 0.0 0 13.0 26 340 M M 1 13 34 350
17 56 32 44 -9 21 0 0.02 0.0 0 8.9 24 310 M M 5 12 32 300
18 54 28 41 -12 24 0 1.39 0.0 0 14.1 33 100 M M 5 1 49 100
19 56 40 48 -6 17 0 0.01 0.0 0 18.5 30 290 M M 7 1 40 300
20 61 39 50 -4 15 0 0.00 0.0 0 9.2 25 310 M M 0 34 310
21 58 35 47 -7 18 0 T 0.0 0 7.8 20 170 M M 2 29 170
22 74 43 59 4 6 0 0.00 0.0 0 7.2 21 330 M M 1 29 340
23 64 45 55 0 10 0 0.00 0.0 0 6.6 12 140 M M 5 16 140
24 65 49 57 1 8 0 0.00 0.0 0 10.5 21 100 M M 2 29 80
25 57 49 53 -3 12 0 0.00 0.0 0 10.8 20 80 M M 9 27 80
26 80 56 68 12 0 3 0.03 0.0 0 8.2 24 330 M M 8 30 320
27 59 44 52 -4 13 0 0.00 0.0 0 17.9 28 290 M M 5 40 300
28 59 36 48 -9 17 0 0.00 0.0 0 17.8 31 310 M M 2 43 340
29 64 34 49 -8 16 0 0.00 0.0 0 12.1 25 320 M M 0 36 280
30 68 35 52 -5 13 0 0.00 0.0 0 8.1 20 330 M M 0 25 320
================================================================================
SM 1883 1248 388 9 4.01 0.0 328.6 M 124
================================================================================
AV 62.8 41.6 11.0 FASTST M M 4 MAX(MPH)
MISC ----> 33 100 49 100
================================================================================
NOTES:
# LAST OF SEVERAL OCCURRENCES
COLUMN 17 PEAK WIND IN M.P.H.
PRELIMINARY LOCAL CLIMATOLOGICAL DATA (WS FORM: F-6) , PAGE 2
STATION: ATLANTIC CITY NJ
MONTH: APRIL
YEAR: 2022
LATITUDE: 39 27 N
LONGITUDE: 74 34 W
[TEMPERATURE DATA] [PRECIPITATION DATA] SYMBOLS USED IN COLUMN 16
AVERAGE MONTHLY: 52.2 TOTAL FOR MONTH: 4.01 1 = FOG OR MIST
DPTR FM NORMAL: -0.3 DPTR FM NORMAL: 0.69 2 = FOG REDUCING VISIBILITY
HIGHEST: 84 ON 14 GRTST 24HR 1.89 ON 5- 6 TO 1/4 MILE OR LESS
LOWEST: 28 ON 18 3 = THUNDER
SNOW, ICE PELLETS, HAIL 4 = ICE PELLETS
TOTAL MONTH: 0.0 INCH 5 = HAIL
GRTST 24HR 0.0 6 = FREEZING RAIN OR DRIZZLE
GRTST DEPTH: 0 7 = DUSTSTORM OR SANDSTORM:
VSBY 1/2 MILE OR LESS
8 = SMOKE OR HAZE
[NO. OF DAYS WITH] [WEATHER - DAYS WITH] 9 = BLOWING SNOW
X = TORNADO
MAX 32 OR BELOW: 0 0.01 INCH OR MORE: 10
MAX 90 OR ABOVE: 0 0.10 INCH OR MORE: 5
MIN 32 OR BELOW: 2 0.50 INCH OR MORE: 2
MIN 0 OR BELOW: 0 1.00 INCH OR MORE: 2
[HDD (BASE 65) ]
TOTAL THIS MO. 388 CLEAR (SCALE 0-3) 16
DPTR FM NORMAL 1 PTCLDY (SCALE 4-7) 10
TOTAL FM JUL 1 4200 CLOUDY (SCALE 8-10) 4
DPTR FM NORMAL -324
[CDD (BASE 65) ]
TOTAL THIS MO. 9
DPTR FM NORMAL -3 [PRESSURE DATA]
TOTAL FM JAN 1 10 HIGHEST SLP 30.52 ON 21
DPTR FM NORMAL -3 LOWEST SLP 29.46 ON 19
[REMARKS]
#FINAL-04-22#