000
CXUS54 KLCH 011617
CF6AEX
PRELIMINARY LOCAL CLIMATOLOGICAL DATA (WS FORM: F-6)
STATION: ALEXANDRIA
MONTH: JUNE
YEAR: 2023
LATITUDE: 31 19 N
LONGITUDE: 92 33 W
TEMPERATURE IN F: :PCPN: SNOW: WIND :SUNSHINE: SKY :PK WND
================================================================================
1 2 3 4 5 6A 6B 7 8 9 10 11 12 13 14 15 16 17 18
12Z AVG MX 2MIN
DY MAX MIN AVG DEP HDD CDD WTR SNW DPTH SPD SPD DIR MIN PSBL S-S WX SPD DR
================================================================================
1 92 65 79 1 0 14 0.00 0.0 M 3.7 13 110 M M 2 1 17 150
2 94 70 82 3 0 17 0.00 0.0 M 3.5 12 50 M M 0 18 15 70
3 95 68 82 3 0 17 0.36 0.0 M 6.5 21 110 M M 3 138 28 330
4 90 68 79 0 0 14 0.01 0.0 M 4.3 22 80 M M 2 13 30 90
5 91 68 80 1 0 15 0.84 0.0 M 4.0 21 250 M M 4 13 26 170
6 89 66 78 -1 0 13 0.00 0.0 M 2.7 12 150 M M 3 12 14 150
7 91 67 79 -1 0 14 T 0.0 M 3.6 12 30 M M 0 1 17 320
8 93 69 81 1 0 16 0.00 0.0 M 3.5 16 160 M M 0 138 19 220
9 94 69 82 2 0 17 0.00 0.0 M 3.5 12 360 M M 0 18 16 360
10 94 69 82 2 0 17 0.09 0.0 M 6.2 44 340 M M 1 138 64 350
11 92 68 80 0 0 15 0.00 0.0 M 5.2 15 200 M M 3 1 22 190
12 92 73 83 3 0 18 0.08 0.0 M 5.2 17 30 M M 2 13 26 20
13 92 71 82 2 0 17 0.00 0.0 M 6.3 17 150 M M 3 12 21 150
14 94 75 85 5 0 20 0.00 0.0 M 9.2 20 240 M M 2 18 26 250
15 97 78 88 7 0 23 0.00 0.0 M 7.8 15 240 M M 5 18 21 240
16 97 70 84 3 0 19 T 0.0 M 9.2 33 350 M M 2 3 46 350
17 98 78 88 7 0 23 0.00 0.0 M 6.2 14 220 M M 1 1 19 230
18 95 81 88 7 0 23 0.00 0.0 M 10.7 22 140 M M 4 8 32 210
19 97 79 88 7 0 23 0.00 0.0 M 7.2 17 250 M M 5 3 24 260
20 98 73 86 5 0 21 1.03 0.0 M 7.2 22 140 M M 7 13 45 100
21 93 71 82 1 0 17 T 0.0 M 3.8 13 150 M M 3 3 18 170
22 93 74 84 3 0 19 T 0.0 M 3.8 14 80 M M 2 1 21 90
23 94 72 83 1 0 18 0.00 0.0 M 3.8 14 150 M M 0 18 150
24 95 73 84 2 0 19 0.00 0.0 M 5.4 13 240 M M 1 18 200
25 96 76 86 4 0 21 0.00 0.0 M 7.4 15 240 M M 3 21 260
26 95 75 85 3 0 20 0.01 0.0 M 6.8 22 360 M M 2 13 33 350
27 97 77 87 5 0 22 0.00 0.0 M 6.6 21 110 M M 1 26 100
28 96 75 86 4 0 21 0.00 0.0 0 4.5 12 230 M M 0 1 19 250
29 97 76 87 5 0 22 0.00 0.0 M 3.9 10 150 M M 0 18 14 280
30 99 78 89 7 0 24 0.00 0.0 0 4.5 12 150 M M 1 18 16 150
================================================================================
SM 2830 2172 0 559 2.42 0.0 166.2 M 62
================================================================================
AV 94.3 72.4 5.5 FASTST M M 2 MAX(MPH)
MISC ----> 44 340 64 350
================================================================================
NOTES:
# LAST OF SEVERAL OCCURRENCES
COLUMN 17 PEAK WIND IN M.P.H.
PRELIMINARY LOCAL CLIMATOLOGICAL DATA (WS FORM: F-6) , PAGE 2
STATION: ALEXANDRIA
MONTH: JUNE
YEAR: 2023
LATITUDE: 31 19 N
LONGITUDE: 92 33 W
[TEMPERATURE DATA] [PRECIPITATION DATA] SYMBOLS USED IN COLUMN 16
AVERAGE MONTHLY: 83.4 TOTAL FOR MONTH: 2.42 1 = FOG OR MIST
DPTR FM NORMAL: 2.9 DPTR FM NORMAL: -2.72 2 = FOG REDUCING VISIBILITY
HIGHEST: 99 ON 30 GRTST 24HR 1.03 ON 20-20 TO 1/4 MILE OR LESS
LOWEST: 65 ON 1 3 = THUNDER
SNOW, ICE PELLETS, HAIL 4 = ICE PELLETS
TOTAL MONTH: 0.0 INCH 5 = HAIL
GRTST 24HR 0.0 6 = FREEZING RAIN OR DRIZZLE
GRTST DEPTH: 0 7 = DUSTSTORM OR SANDSTORM:
VSBY 1/2 MILE OR LESS
8 = SMOKE OR HAZE
[NO. OF DAYS WITH] [WEATHER - DAYS WITH] 9 = BLOWING SNOW
X = TORNADO
MAX 32 OR BELOW: 0 0.01 INCH OR MORE: 7
MAX 90 OR ABOVE: 29 0.10 INCH OR MORE: 3
MIN 32 OR BELOW: 0 0.50 INCH OR MORE: 2
MIN 0 OR BELOW: 0 1.00 INCH OR MORE: 1
[HDD (BASE 65) ]
TOTAL THIS MO. 0 CLEAR (SCALE 0-3) 24
DPTR FM NORMAL 0 PTCLDY (SCALE 4-7) 6
TOTAL FM JUL 1 1368 CLOUDY (SCALE 8-10) 0
DPTR FM NORMAL -525
[CDD (BASE 65) ]
TOTAL THIS MO. 559
DPTR FM NORMAL 93 [PRESSURE DATA]
TOTAL FM JAN 1 1174 HIGHEST SLP 30.09 ON 26
DPTR FM NORMAL 231 LOWEST SLP 29.67 ON 14
[REMARKS]
#FINAL-06-23#