541
CXUS54 KLCH 010853
CF6AEX
PRELIMINARY LOCAL CLIMATOLOGICAL DATA (WS FORM: F-6)
STATION: ALEXANDRIA
MONTH: NOVEMBER
YEAR: 2020
LATITUDE: 31 19 N
LONGITUDE: 92 33 W
TEMPERATURE IN F: :PCPN: SNOW: WIND :SUNSHINE: SKY :PK WND
================================================================================
1 2 3 4 5 6A 6B 7 8 9 10 11 12 13 14 15 16 17 18
12Z AVG MX 2MIN
DY MAX MIN AVG DEP HDD CDD WTR SNW DPTH SPD SPD DIR MIN PSBL S-S WX SPD DR
================================================================================
1 75 44 60 -2 5 0 0.00 0.0 0 6.3 17 350 M M 1 12 25 30
2 67 39 53 -9 12 0 0.00 0.0 0 4.0 10 340 M M 0 17 50
3 72 38 55 -7 10 0 0.00 0.0 0 0.7 6 150 M M 0 1 8 140
4 74 41 58 -3 7 0 0.00 0.0 0 2.9 12 130 M M 0 1 15 150
5 73 45 59 -2 6 0 0.00 0.0 0 2.5 10 110 M M 0 18 15 100
6 77 45 61 0 4 0 0.00 0.0 0 3.2 13 20 M M 0 1 18 60
7 80 53 67 7 0 2 T 0.0 0 3.8 16 80 M M 4 1 24 80
8 75 62 69 9 0 4 0.88 0.0 0 5.2 14 100 M M 9 1 18 120
9 82 63 73 13 0 8 0.00 0.0 0 6.6 14 110 M M 4 1 18 120
10 82 61 72 13 0 7 0.00 0.0 0 2.0 10 180 M M 6 128 14 140
11 82 59 71 12 0 6 0.00 0.0 0 5.9 12 330 M M 5 12 16 320
12 79 49 64 5 1 0 0.00 0.0 0 2.2 7 80 M M 0 11 40
13 78 49 64 6 1 0 0.00 0.0 0 2.4 14 360 M M 0 1 19 360
14 79 52 66 8 0 1 0.00 0.0 0 8.4 20 170 M M 3 8 25 170
15 70 41 56 -2 9 0 T M 0 7.1 24 320 M M 5 1 36 330
16 69 36 53 -4 12 0 0.00 0.0 0 2.3 12 80 M M 0 17 50
17 73 37 55 -2 10 0 0.00 0.0 0 4.7 14 60 M M 0 8 23 50
18 70 38 54 -2 11 0 0.00 0.0 0 3.6 15 120 M M 0 19 120
19 74 42 58 2 7 0 0.00 0.0 0 5.3 15 140 M M 2 18 20 140
20 77 54 66 10 0 1 0.00 0.0 0 5.3 14 140 M M 4 18 20 130
21 76 48 62 6 3 0 0.00 0.0 0 2.1 12 80 M M 1 12 16 80
22 77 47 62 7 3 0 0.00 0.0 0 5.6 20 20 M M 4 128 29 40
23 65 47 56 1 9 0 0.00 0.0 0 5.7 16 20 M M 4 23 50
24 72 45 59 5 6 0 T M 0 9.9 22 170 M M 5 32 170
25 72 47 60 6 5 0 1.17 M 0 6.6 26 300 M M 1 18 37 320
26 M M M M M M T M 0 2.5 9 90 M M 3 1 M M
27 68 62 65 11 0 0 2.04 0.0 0 3.5 14 110 M M 10 18 110
28 62 52 57 4 8 0 0.09 0.0 0 6.5 15 50 M M 10 20 50
29 53 45 49 -4 16 0 0.75 M 0 11.5 26 320 M M 10 36 310
30 50 38 44 -9 21 0 0.00 0.0 0 14.5 20 300 M M 1 36 330
================================================================================
SM 2103 1379 166 29 4.93 0.0 152.8 M 92
================================================================================
AV 72.5 47.6 5.1 FASTST M M 3 MAX(MPH)
MISC ----> # 26 300 # 37 320
================================================================================
NOTES:
# LAST OF SEVERAL OCCURRENCES
COLUMN 17 PEAK WIND IN M.P.H.
PRELIMINARY LOCAL CLIMATOLOGICAL DATA (WS FORM: F-6) , PAGE 2
STATION: ALEXANDRIA
MONTH: NOVEMBER
YEAR: 2020
LATITUDE: 31 19 N
LONGITUDE: 92 33 W
[TEMPERATURE DATA] [PRECIPITATION DATA] SYMBOLS USED IN COLUMN 16
AVERAGE MONTHLY: 60.0 TOTAL FOR MONTH: 4.93 1 = FOG OR MIST
DPTR FM NORMAL: 2.6 DPTR FM NORMAL: -0.56 2 = FOG REDUCING VISIBILITY
HIGHEST: 82 ON 11,10 GRTST 24HR 2.04 ON 27-27 TO 1/4 MILE OR LESS
LOWEST: 36 ON 16 3 = THUNDER
SNOW, ICE PELLETS, HAIL 4 = ICE PELLETS
TOTAL MONTH: 0.0 INCH 5 = HAIL
GRTST 24HR 0.0 6 = FREEZING RAIN OR DRIZZLE
GRTST DEPTH: 0 7 = DUSTSTORM OR SANDSTORM:
VSBY 1/2 MILE OR LESS
8 = SMOKE OR HAZE
[NO. OF DAYS WITH] [WEATHER - DAYS WITH] 9 = BLOWING SNOW
X = TORNADO
MAX 32 OR BELOW: 0 0.01 INCH OR MORE: 5
MAX 90 OR ABOVE: 0 0.10 INCH OR MORE: 4
MIN 32 OR BELOW: 0 0.50 INCH OR MORE: 4
MIN 0 OR BELOW: 0 1.00 INCH OR MORE: 2
[HDD (BASE 65) ]
TOTAL THIS MO. 166 CLEAR (SCALE 0-3) 17
DPTR FM NORMAL -86 PTCLDY (SCALE 4-7) 9
TOTAL FM JUL 1 217 CLOUDY (SCALE 8-10) 4
DPTR FM NORMAL -108
[CDD (BASE 65) ]
TOTAL THIS MO. 29
DPTR FM NORMAL 5 [PRESSURE DATA]
TOTAL FM JAN 1 2637 HIGHEST SLP 30.48 ON 2
DPTR FM NORMAL 127 LOWEST SLP 29.81 ON 10
[REMARKS]
#FINAL-11-20#