394
CXUS55 KCAE 011400
CF6AGS
PRELIMINARY LOCAL CLIMATOLOGICAL DATA (WS FORM: F-6)
STATION: AUGUSTA BUSH FIELD GA
MONTH: SEPTEMBER
YEAR: 2020
LATITUDE: 33 22 N
LONGITUDE: 81 58 W
TEMPERATURE IN F: :PCPN: SNOW: WIND :SUNSHINE: SKY :PK WND
================================================================================
1 2 3 4 5 6A 6B 7 8 9 10 11 12 13 14 15 16 17 18
12Z AVG MX 2MIN
DY MAX MIN AVG DEP HDD CDD WTR SNW DPTH SPD SPD DIR MIN PSBL S-S WX SPD DR
================================================================================
1 96 74 85 6 0 20 T 0.0 0 1.8 9 230 M M 2 1 11 230
2 97 76 87 9 0 22 0.00 0.0 0 4.9 12 320 M M 1 1 15 300
3 97 73 85 7 0 20 0.00 0.0 0 5.6 15 310 M M 0 1 18 280
4 97 74 86 8 0 21 0.00 0.0 0 6.6 17 290 M M 0 23 300
5 92 70 81 3 0 16 0.00 0.0 0 5.4 15 40 M M 1 1 19 40
6 91 62 77 -1 0 12 0.00 0.0 0 5.2 14 70 M M 0 17 40
7 91 61 76 -1 0 11 0.00 0.0 0 3.2 12 30 M M 1 15 40
8 91 65 78 1 0 13 0.00 0.0 0 3.9 14 80 M M 0 16 70
9 90 72 81 4 0 16 0.02 0.0 0 7.0 14 40 M M 7 19 40
10 92 76 84 8 0 19 T 0.0 0 3.2 13 60 M M 7 15 60
11 92 73 83 7 0 18 0.01 0.0 0 2.8 15 80 M M 2 13 18 70
12 91 73 82 6 0 17 0.10 0.0 0 3.5 21 140 M M 5 138 31 100
13 91 76 84 8 0 19 0.08 0.0 0 3.6 12 70 M M 8 13 14 50
14 94 74 84 9 0 19 0.00 0.0 0 3.5 13 80 M M 5 12 16 60
15 84 69 77 2 0 12 0.18 0.0 0 8.0 15 60 M M 6 1 20 80
16 76 67 72 -3 0 7 0.95 0.0 0 6.0 13 60 M M 9 1 18 60
17 86 72 79 5 0 14 3.80 0.0 0 8.8 24 160 M M 9 123 33 150
18 81 68 75 1 0 10 0.00 0.0 0 7.5 18 20 M M 8 23 20
19 76 62 69 -5 0 4 0.00 0.0 0 9.2 18 20 M M 0 24 20
20 77 57 67 -6 0 2 0.00 0.0 0 10.9 20 30 M M 2 26 30
21 77 55 66 -7 0 1 0.00 0.0 0 10.1 21 50 M M 0 27 60
22 76 51 64 -9 1 0 0.00 0.0 0 3.3 12 50 M M 0 14 60
23 79 55 67 -5 0 2 T 0.0 M 1.4 10 20 M M 1 1 14 10
24 83 59 71 -1 0 6 0.06 0.0 0 2.7 10 100 M M 4 1 14 100
25 87 71 79 7 0 14 0.12 0.0 0 6.1 16 290 M M 9 13 21 290
26 75 62 69 -2 0 4 0.00 0.0 0 3.9 10 350 M M 8 12 13 30
27 74 62 68 -3 0 3 0.01 0.0 0 1.8 7 110 M M 7 12 8 120
28 82 68 75 4 0 10 T 0.0 0 4.0 15 140 M M 9 1 17 150
29 88 60 74 4 0 9 0.17 0.0 0 8.2 33 300 M M 8 18 42 300
30 78 49 64 -6 1 0 0.00 0.0 0 3.8 14 330 M M 0 1 21 300
================================================================================
SM 2581 1986 2 341 5.50 0.0 155.9 M 119
================================================================================
AV 86.0 66.2 5.2 FASTST M M 4 MAX(MPH)
MISC ----> # 33 300 # 42 300
================================================================================
NOTES:
# LAST OF SEVERAL OCCURRENCES
COLUMN 17 PEAK WIND IN M.P.H.
PRELIMINARY LOCAL CLIMATOLOGICAL DATA (WS FORM: F-6) , PAGE 2
STATION: AUGUSTA BUSH FIELD GA
MONTH: SEPTEMBER
YEAR: 2020
LATITUDE: 33 22 N
LONGITUDE: 81 58 W
[TEMPERATURE DATA] [PRECIPITATION DATA] SYMBOLS USED IN COLUMN 16
AVERAGE MONTHLY: 76.1 TOTAL FOR MONTH: 5.50 1 = FOG OR MIST
DPTR FM NORMAL: 1.5 DPTR FM NORMAL: 2.28 2 = FOG REDUCING VISIBILITY
HIGHEST: 97 ON 4, 3 GRTST 24HR 3.80 ON 17-17 TO 1/4 MILE OR LESS
LOWEST: 49 ON 30 3 = THUNDER
SNOW, ICE PELLETS, HAIL 4 = ICE PELLETS
TOTAL MONTH: 0.0 INCH 5 = HAIL
GRTST 24HR 0.0 6 = FREEZING RAIN OR DRIZZLE
GRTST DEPTH: 0 7 = DUSTSTORM OR SANDSTORM:
VSBY 1/2 MILE OR LESS
8 = SMOKE OR HAZE
[NO. OF DAYS WITH] [WEATHER - DAYS WITH] 9 = BLOWING SNOW
X = TORNADO
MAX 32 OR BELOW: 0 0.01 INCH OR MORE: 11
MAX 90 OR ABOVE: 14 0.10 INCH OR MORE: 6
MIN 32 OR BELOW: 0 0.50 INCH OR MORE: 2
MIN 0 OR BELOW: 0 1.00 INCH OR MORE: 1
[HDD (BASE 65) ]
TOTAL THIS MO. 2 CLEAR (SCALE 0-3) 15
DPTR FM NORMAL -5 PTCLDY (SCALE 4-7) 10
TOTAL FM JUL 1 2 CLOUDY (SCALE 8-10) 5
DPTR FM NORMAL -5
[CDD (BASE 65) ]
TOTAL THIS MO. 341
DPTR FM NORMAL 45 [PRESSURE DATA]
TOTAL FM JAN 1 2340 HIGHEST SLP 30.39 ON 21
DPTR FM NORMAL 356 LOWEST SLP 29.66 ON 17
[REMARKS]
#FINAL-09-20#