000
CXUS52 KCAE 191400
CF6AGS
PRELIMINARY LOCAL CLIMATOLOGICAL DATA (WS FORM: F-6)
STATION: AUGUSTA BUSH FIELD GA
MONTH: APRIL
YEAR: 2024
LATITUDE: 33 22 N
LONGITUDE: 81 58 W
TEMPERATURE IN F: :PCPN: SNOW: WIND :SUNSHINE: SKY :PK WND
================================================================================
1 2 3 4 5 6A 6B 7 8 9 10 11 12 13 14 15 16 17 18
12Z AVG MX 2MIN
DY MAX MIN AVG DEP HDD CDD WTR SNW DPTH SPD SPD DIR MIN PSBL S-S WX SPD DR
================================================================================
1 80 62 71 10 0 6 0.00 0.0 0 8.6 15 260 M M 2 8 22 280
2 81 64 73 12 0 8 0.00 0.0 0 9.5 21 230 M M 2 18 32 240
3 75 51 63 1 2 0 0.27 0.0 0 14.0 26 190 M M 4 13 37 210
4 67 46 57 -5 8 0 0.00 0.0 0 10.3 29 290 M M 3 8 41 300
5 68 37 53 -9 12 0 0.00 0.0 0 8.7 20 20 M M 0 26 20
6 67 36 52 -10 13 0 0.00 0.0 0 3.9 14 310 M M 0 19 310
7 72 38 55 -7 10 0 0.00 0.0 0 2.5 10 90 M M 0 1 15 90
8 77 44 61 -2 4 0 0.00 0.0 0 4.7 15 200 M M 1 1 20 180
9 68 53 61 -2 4 0 T 0.0 0 2.7 8 50 M M 2 11 20
10 80 57 69 6 0 4 0.03 0.0 0 6.6 16 120 M M 4 1 22 190
11 82 61 72 9 0 7 0.59 0.0 0 15.8 29 220 M M 8 13 42 270
12 74 50 62 -2 3 0 0.00 0.0 0 15.4 32 310 M M 0 46 310
13 78 43 61 -3 4 0 0.00 0.0 0 8.9 20 300 M M 0 31 300
14 86 42 64 0 1 0 0.00 0.0 0 4.4 16 210 M M 0 23 250
15 87 52 70 6 0 5 0.00 0.0 0 7.7 17 260 M M 0 25 260
16 84 52 68 3 0 3 0.00 0.0 0 3.0 10 210 M M 0 1 15 220
17 83 55 69 4 0 4 T 0.0 0 5.7 18 190 M M 1 128 25 200
18 88 57 73 8 0 8 0.00 0.0 0 2.2 10 210 M M 1 128 14 210
================================================================================
SM 1397 900 61 45 0.89 0.0 134.6 M 28
================================================================================
AV 77.6 50.0 7.5 FASTST M M 2 MAX(MPH)
MISC ----> 32 310 46 310
================================================================================
NOTES:
# LAST OF SEVERAL OCCURRENCES
COLUMN 17 PEAK WIND IN M.P.H.
PRELIMINARY LOCAL CLIMATOLOGICAL DATA (WS FORM: F-6) , PAGE 2
STATION: AUGUSTA BUSH FIELD GA
MONTH: APRIL
YEAR: 2024
LATITUDE: 33 22 N
LONGITUDE: 81 58 W
[TEMPERATURE DATA] [PRECIPITATION DATA] SYMBOLS USED IN COLUMN 16
AVERAGE MONTHLY: 63.8 TOTAL FOR MONTH: 0.89 1 = FOG OR MIST
DPTR FM NORMAL: 0.8 DPTR FM NORMAL: -0.99 2 = FOG REDUCING VISIBILITY
HIGHEST: 88 ON 18 GRTST 24HR 0.62 ON 10-11 TO 1/4 MILE OR LESS
LOWEST: 36 ON 6 3 = THUNDER
SNOW, ICE PELLETS, HAIL 4 = ICE PELLETS
TOTAL MONTH: 0.0 INCH 5 = HAIL
GRTST 24HR 0.0 6 = FREEZING RAIN OR DRIZZLE
GRTST DEPTH: 0 7 = DUSTSTORM OR SANDSTORM:
VSBY 1/2 MILE OR LESS
8 = SMOKE OR HAZE
[NO. OF DAYS WITH] [WEATHER - DAYS WITH] 9 = BLOWING SNOW
X = TORNADO
MAX 32 OR BELOW: 0 0.01 INCH OR MORE: 3
MAX 90 OR ABOVE: 0 0.10 INCH OR MORE: 2
MIN 32 OR BELOW: 0 0.50 INCH OR MORE: 1
MIN 0 OR BELOW: 0 1.00 INCH OR MORE: 0
[HDD (BASE 65) ]
TOTAL THIS MO. 61 CLEAR (SCALE 0-3) 15
DPTR FM NORMAL -11 PTCLDY (SCALE 4-7) 3
TOTAL FM JUL 1 2152 CLOUDY (SCALE 8-10) 0
DPTR FM NORMAL 3
[CDD (BASE 65) ]
TOTAL THIS MO. 45
DPTR FM NORMAL 8 [PRESSURE DATA]
TOTAL FM JAN 1 57 HIGHEST SLP M ON M
DPTR FM NORMAL -16 LOWEST SLP 29.43 ON 3
[REMARKS]