000
CXUS52 KFFC 011010
CF6AHN
PRELIMINARY LOCAL CLIMATOLOGICAL DATA (WS FORM: F-6)
STATION: ATHENS
MONTH: AUGUST
YEAR: 2023
LATITUDE: 33 57 N
LONGITUDE: 83 19 W
TEMPERATURE IN F: :PCPN: SNOW: WIND :SUNSHINE: SKY :PK WND
================================================================================
1 2 3 4 5 6A 6B 7 8 9 10 11 12 13 14 15 16 17 18
12Z AVG MX 2MIN
DY MAX MIN AVG DEP HDD CDD WTR SNW DPTH SPD SPD DIR MIN PSBL S-S WX SPD DR
================================================================================
1 92 72 82 1 0 17 0.00 0.0 M 5.9 15 60 M M 2 8 21 60
2 86 69 78 -3 0 13 0.06 0.0 M 5.2 10 90 M M 4 1 M M
3 84 70 77 -4 0 12 1.00 0.0 M 2.9 23 310 M M 8 1238 36 330
4 90 70 80 -1 0 15 0.07 0.0 M 3.2 12 260 M M 5 18 20 250
5 92 72 82 1 0 17 0.00 0.0 M 3.0 12 90 M M 1 1 16 120
6 91 71 81 0 0 16 0.04 0.0 M 2.7 16 260 M M 3 13 33 250
7 93 69 81 0 0 16 1.75 0.0 M 5.2 26 280 M M 4 1238 49 280
8 84 69 77 -4 0 12 T 0.0 M 5.4 22 300 M M 3 1 31 320
9 88 67 78 -3 0 13 0.00 0.0 M 4.6 10 340 M M 1 15 340
10 85 70 78 -2 0 13 0.04 0.0 M 4.9 18 290 M M 2 1 30 290
11 89 70 80 0 0 15 0.90 0.0 M 2.6 12 310 M M 4 13 21 300
12 93 72 83 3 0 18 0.03 0.0 M 2.1 13 240 M M 5 123 28 240
13 94 70 82 2 0 17 0.00 0.0 M 2.5 8 240 M M 2 1 13 230
14 95 73 84 4 0 19 0.35 0.0 M 3.3 21 310 M M 1 13 34 310
15 92 71 82 2 0 17 0.04 0.0 M 3.0 16 290 M M 1 13 29 290
16 87 66 77 -3 0 12 0.00 0.0 M 2.5 7 240 M M 1 12 210
17 86 64 75 -5 0 10 0.00 0.0 M 3.5 12 310 M M 3 20 300
18 89 65 77 -3 0 12 0.00 0.0 M 2.9 9 320 M M 0 17 260
19 87 64 76 -4 0 11 0.00 0.0 0 4.5 12 70 M M 0 16 50
20 91 68 80 0 0 15 0.00 0.0 M 2.5 8 80 M M 0 12 80
21 95 69 82 3 0 17 0.00 0.0 M 1.2 9 250 M M 0 18 12 250
22 94 72 83 4 0 18 0.00 0.0 M 1.6 8 90 M M 1 18 12 10
23 89 72 81 2 0 16 0.00 0.0 M 6.4 16 60 M M 1 8 24 60
24 94 68 81 2 0 16 0.02 0.0 M 2.1 16 350 M M 1 138 26 350
25 97 71 84 5 0 19 0.00 0.0 M 2.4 9 320 M M 0 14 320
26 99 73 86 7 0 21 0.00 0.0 M 3.4 10 70 M M 0 15 50
27 98 73 86 8 0 21 0.13 0.0 M 4.9 30 300 M M 3 138 47 290
28 89 70 80 2 0 15 0.41 0.0 M 5.0 14 300 M M 6 13 22 300
29 90 71 81 3 0 16 0.06 0.0 M 5.0 13 40 M M 6 1 21 150
30 75 70 73 -5 0 8 0.23 0.0 M 5.4 14 50 M M 6 12 22 40
31 87 70 79 1 0 14 0.00 0.0 M 4.1 14 70 M M 4 1 19 80
================================================================================
SM 2795 2161 0 471 5.13 0.0 113.9 M 78
================================================================================
AV 90.2 69.7 3.7 FASTST M M 3 MAX(MPH)
MISC ----> 30 300 49 280
================================================================================
NOTES:
# LAST OF SEVERAL OCCURRENCES
COLUMN 17 PEAK WIND IN M.P.H.
PRELIMINARY LOCAL CLIMATOLOGICAL DATA (WS FORM: F-6) , PAGE 2
STATION: ATHENS
MONTH: AUGUST
YEAR: 2023
LATITUDE: 33 57 N
LONGITUDE: 83 19 W
[TEMPERATURE DATA] [PRECIPITATION DATA] SYMBOLS USED IN COLUMN 16
AVERAGE MONTHLY: 79.9 TOTAL FOR MONTH: 5.13 1 = FOG OR MIST
DPTR FM NORMAL: 0.1 DPTR FM NORMAL: 0.58 2 = FOG REDUCING VISIBILITY
HIGHEST: 99 ON 26 GRTST 24HR 1.75 ON 6- 7 TO 1/4 MILE OR LESS
LOWEST: 64 ON 19,17 3 = THUNDER
SNOW, ICE PELLETS, HAIL 4 = ICE PELLETS
TOTAL MONTH: 0.0 INCH 5 = HAIL
GRTST 24HR 0.0 6 = FREEZING RAIN OR DRIZZLE
GRTST DEPTH: 0 7 = DUSTSTORM OR SANDSTORM:
VSBY 1/2 MILE OR LESS
8 = SMOKE OR HAZE
[NO. OF DAYS WITH] [WEATHER - DAYS WITH] 9 = BLOWING SNOW
X = TORNADO
MAX 32 OR BELOW: 0 0.01 INCH OR MORE: 15
MAX 90 OR ABOVE: 17 0.10 INCH OR MORE: 7
MIN 32 OR BELOW: 0 0.50 INCH OR MORE: 3
MIN 0 OR BELOW: 0 1.00 INCH OR MORE: 2
[HDD (BASE 65) ]
TOTAL THIS MO. 0 CLEAR (SCALE 0-3) 21
DPTR FM NORMAL 0 PTCLDY (SCALE 4-7) 10
TOTAL FM JUL 1 0 CLOUDY (SCALE 8-10) 0
DPTR FM NORMAL 0
[CDD (BASE 65) ]
TOTAL THIS MO. 471
DPTR FM NORMAL 12 [PRESSURE DATA]
TOTAL FM JAN 1 1460 HIGHEST SLP 30.19 ON 2
DPTR FM NORMAL -140 LOWEST SLP 29.64 ON 30
[REMARKS]
#FINAL-08-23#