000
CXUS52 KFFC 050032
CLMAHN
CLIMATE REPORT
NATIONAL WEATHER SERVICE PEACHTREE CITY GA
832 PM EDT TUE JUL 04 2023
...................................
...THE ATHENS CLIMATE SUMMARY FOR THE MONTH OF JUNE 2023...
CLIMATE NORMAL PERIOD: 1991 TO 2020
CLIMATE RECORD PERIOD: 1898 TO 2023
WEATHER OBSERVED NORMAL DEPART LAST YEAR`S
VALUE DATE(S) VALUE FROM VALUE DATE(S)
NORMAL
................................................................
TEMPERATURE (F)
RECORD
HIGH 109 06/29/2012
LOW 44 06/01/1889
HIGHEST 91 06/29 103 -12 102 06/22
LOWEST 55 06/10 45 10 59 06/20
AVG. MAXIMUM 84.2 88.9 -4.7 92.5
AVG. MINIMUM 63.9 66.5 -2.6 68.8
MEAN 74.0 77.7 -3.7 80.7
DAYS MAX >= 90 4 13.3 -9.3 20
DAYS MAX <= 32 0 0.0 0.0 0
DAYS MIN <= 32 0 0.0 0.0 0
DAYS MIN <= 0 0 0.0 0.0 0
PRECIPITATION (INCHES)
RECORD
MAXIMUM 13.25 1994
MINIMUM 0.69 1920
TOTALS 7.95 4.88 3.07 2.01
DAILY AVG. 0.26 0.16 0.10 0.07
GREATEST
24 HR. TOTAL 2.80 06/21 TO 06/22 1.32 06/08 TO 06/08
DEGREE DAYS
COOLING TOTAL 281 382 -101 478
SINCE 1/1 503 645 -142 MM
................................................................
WIND (MPH)
AVERAGE WIND SPEED 4.4
HIGHEST WIND SPEED/DIRECTION 24/330 DATE 06/25
HIGHEST GUST SPEED/DIRECTION 39/320 DATE 06/25
SKY COVER
POSSIBLE SUNSHINE (PERCENT) MM
AVERAGE SKY COVER 0.34
NUMBER OF DAYS FAIR 19
NUMBER OF DAYS PC 5
NUMBER OF DAYS CLOUDY 6
AVERAGE RH (PERCENT) 72
WEATHER CONDITIONS. NUMBER OF DAYS WITH
THUNDERSTORM 12 MIXED PRECIP 0
HEAVY RAIN 8 RAIN 9
LIGHT RAIN 12 FREEZING RAIN 0
LT FREEZING RAIN 0 HAIL 0
HEAVY SNOW 0 SNOW 0
LIGHT SNOW 0 SLEET 0
FOG 16 FOG W/VIS <= 1/4 MILE 2
HAZE 4
- INDICATES NEGATIVE NUMBERS.
R INDICATES RECORD WAS SET OR TIED.
MM INDICATES DATA IS MISSING.
T INDICATES TRACE AMOUNT.
$$