000
CXUS55 KCYS 020139 CCA
CF6AIA
PRELIMINARY LOCAL CLIMATOLOGICAL DATA (WS FORM: F-6)...CORRECTED
STATION: ALLIANCE NEBRASKA AIRPORT
MONTH: MARCH
YEAR: 2022
LATITUDE: 42 2 N
LONGITUDE: 102 48 W
TEMPERATURE IN F: :PCPN: SNOW: WIND :SUNSHINE: SKY :PK WND
================================================================================
1 2 3 4 5 6A 6B 7 8 9 10 11 12 13 14 15 16 17 18
12Z AVG MX 2MIN
DY MAX MIN AVG DEP HDD CDD WTR SNW DPTH SPD SPD DIR MIN PSBL S-S WX SPD DR
================================================================================
1 69 35 52 22 13 0 0.00 M M 12.8 22 290 M M 0 28 280
2 70 28 49 18 16 0 0.00 M M 6.6 15 280 M M 0 20 290
3 43 23 33 2 32 0 0.00 M M 12.5 23 140 M M 5 12 30 140
4 69 22 46 14 19 0 0.00 M M 11.8 25 10 M M 2 1 30 10
5 28 17 23 -9 42 0 0.00 M M 16.0 28 20 M M 9 128 35 30
6 24 -1 12 -20 53 0 T M M 9.8 20 340 M M 6 8 26 340
7 30 0 15 -18 50 0 0.00 M M 10.3 16 280 M M 1 23 280
8 30 7 19 -14 46 0 T M M 12.3 24 340 M M 6 18 31 340
9 16 -8 4 -30 61 0 T M M 10.0 21 30 M M 10 18 25 40
10 17 -12 3 -31 62 0 T M M 10.0 18 290 M M 2 1 23 290
11 27 -2 13 -22 52 0 0.00 M M 11.5 23 300 M M 1 29 290
12 52 18 35 0 30 0 0.00 M M 17.4 31 270 M M 6 40 270
13 66 25 46 10 19 0 0.00 M M 13.8 26 280 M M 1 36 220
14 54 28 41 5 24 0 0.00 M M 13.6 25 340 M M 3 35 330
15 70 22 46 10 19 0 0.00 M M 13.4 29 250 M M 0 37 240
16 58 30 44 7 21 0 T M M 10.7 28 20 M M 5 35 20
17 49 23 36 -1 29 0 0.07 M M 10.0 21 360 M M 7 1 31 350
18 56 19 38 0 27 0 0.00 M M 7.7 18 300 M M 0 24 300
19 60 19 40 2 25 0 0.00 M M 9.9 21 240 M M 0 28 250
20 69 29 49 11 16 0 0.00 M M 8.1 30 340 M M 0 40 350
21 45 31 38 -1 27 0 0.00 M M 17.5 37 340 M M 4 48 350
22 51 20 36 -3 29 0 T M M 19.1 43 350 M M 3 69 10
23 53 17 35 -4 30 0 0.00 M M 17.5 36 340 M M 1 49 350
24 70 16 43 3 22 0 0.00 M M 14.1 29 310 M M 2 40 320
25 54 31 43 3 22 0 0.01 M M 8.4 26 20 M M 5 1 35 20
26 57 25 41 1 24 0 0.00 M M 11.3 18 120 M M 1 32 120
27 58 21 40 0 25 0 0.00 M M 15.9 28 170 M M 0 36 180
28 80 33 57 17 8 0 0.00 M M 17.3 25 250 M M 0 31 240
29 63 29 46 5 19 0 T M M 21.3 40 350 M M 6 18 55 360
30 33 18 26 -15 39 0 T M M 18.7 32 320 M M 5 1 43 330
31 58 10 34 -7 31 0 0.00 M M 7.5 14 130 M M 0 17 140
================================================================================
SM 1579 573 932 0 0.08 M 396.8 M 91
================================================================================
AV 50.9 18.5 12.8 FASTST M M 3 MAX(MPH)
MISC ----> 43 350 69 10
================================================================================
NOTES:
# LAST OF SEVERAL OCCURRENCES
COLUMN 17 PEAK WIND IN M.P.H.
PRELIMINARY LOCAL CLIMATOLOGICAL DATA (WS FORM: F-6) , PAGE 2
STATION: ALLIANCE NEBRASKA AIRPORT
MONTH: MARCH
YEAR: 2022
LATITUDE: 42 2 N
LONGITUDE: 102 48 W
[TEMPERATURE DATA] [PRECIPITATION DATA] SYMBOLS USED IN COLUMN 16
AVERAGE MONTHLY: 34.7 TOTAL FOR MONTH: 0.08 1 = FOG OR MIST
DPTR FM NORMAL: -1.7 DPTR FM NORMAL: -0.52 2 = FOG REDUCING VISIBILITY
HIGHEST: 80 ON 28 GRTST 24HR 0.07 ON 17-17 TO 1/4 MILE OR LESS
LOWEST: -12 ON 10 3 = THUNDER
SNOW, ICE PELLETS, HAIL 4 = ICE PELLETS
TOTAL MONTH: M 5 = HAIL
GRTST 24HR M ON M 6 = FREEZING RAIN OR DRIZZLE
GRTST DEPTH: M ON M 7 = DUSTSTORM OR SANDSTORM:
VSBY 1/2 MILE OR LESS
8 = SMOKE OR HAZE
[NO. OF DAYS WITH] [WEATHER - DAYS WITH] 9 = BLOWING SNOW
X = TORNADO
MAX 32 OR BELOW: 7 0.01 INCH OR MORE: 2
MAX 90 OR ABOVE: 0 0.10 INCH OR MORE: 0
MIN 32 OR BELOW: 29 0.50 INCH OR MORE: 0
MIN 0 OR BELOW: 5 1.00 INCH OR MORE: 0
[HDD (BASE 65) ]
TOTAL THIS MO. 932 CLEAR (SCALE 0-3) 17
DPTR FM NORMAL 45 PTCLDY (SCALE 4-7) 12
TOTAL FM JUL 1 5692 CLOUDY (SCALE 8-10) 2
DPTR FM NORMAL -608
[CDD (BASE 65) ]
TOTAL THIS MO. 0
DPTR FM NORMAL 0 [PRESSURE DATA]
TOTAL FM JAN 1 0 HIGHEST SLP 30.43 ON 7
DPTR FM NORMAL 0 LOWEST SLP 29.28 ON 29
[REMARKS]
MARCH 10...RECORD LOW -12 DEGREES (PREVIOUS -10 DEGREES IN 1932)
MARCH PRECIPITATION 0.08" WAS 6TH DRIEST
#FINAL-03-22#