000
CXUS55 KCYS 041552 CCA
CF6AIA
PRELIMINARY LOCAL CLIMATOLOGICAL DATA (WS FORM: F-6)...CORRECTED
STATION: ALLIANCE NEBRASKA AIRPORT
MONTH: APRIL
YEAR: 2022
LATITUDE: 42 2 N
LONGITUDE: 102 48 W
TEMPERATURE IN F: :PCPN: SNOW: WIND :SUNSHINE: SKY :PK WND
================================================================================
1 2 3 4 5 6A 6B 7 8 9 10 11 12 13 14 15 16 17 18
12Z AVG MX 2MIN
DY MAX MIN AVG DEP HDD CDD WTR SNW DPTH SPD SPD DIR MIN PSBL S-S WX SPD DR
================================================================================
1 51 32 42 1 23 0 T M M 11.2 24 340 M M 8 32 340
2 63 20 42 1 23 0 0.00 M M 8.0 17 150 M M 2 26 190
3 57 18 38 -4 27 0 0.00 M M 15.8 32 300 M M 0 44 290
4 70 18 44 2 21 0 0.00 M M 20.5 44 260 M M 1 57 260
5 58 28 43 1 22 0 T M M 23.4 48 250 M M 5 8 66 250
6 47 28 38 -4 27 0 0.00 M M 29.6 52 330 M M 4 8 72 340
7 50 32 41 -1 24 0 0.00 M M 28.6 44 320 M M 1 61 320
8 60 15 38 -4 27 0 0.00 M M 10.2 25 350 M M 0 36 360
9 79 32 56 14 9 0 0.08 M M 16.6 32 10 M M 3 1 40 360
10 51 20 36 -6 29 0 0.13 M M 15.2 43 280 M M 6 1 52 260
11 63 17 40 -3 25 0 T M M 16.3 37 130 M M 3 50 120
12 53 15 34 -9 31 0 0.00 M M 25.0 44 300 M M 2 55 310
13 38 12 25 -18 40 0 0.00 M M 21.4 39 300 M M 0 51 300
14 50 3 27 -16 38 0 0.00 M M 11.8 23 290 M M 0 35 330
15 41 15 28 -15 37 0 0.00 M M 9.1 21 20 M M 5 24 20
16 48 22 35 -8 30 0 0.00 M M 16.2 31 170 M M 5 40 160
17 58 31 45 1 20 0 T M M 18.1 33 160 M M 4 46 170
18 56 20 38 -6 27 0 0.00 M M 10.5 26 150 M M 2 34 170
19 77 35 56 12 9 0 T M M 18.4 32 170 M M 2 44 140
20 67 33 50 6 15 0 0.00 M M 15.9 37 280 M M 1 48 280
21 76 23 50 6 15 0 0.00 M M 21.7 41 150 M M 1 55 150
22 91 49 70 26 0 5 0.01 M M 19.6 37 150 M M 5 138 52 170
23 49 32 41 -4 24 0 0.47 M M 28.0 45 290 M M 10 123 61 290
24 48 24 36 -9 29 0 0.02 M M 24.4 43 300 M M 4 1 56 310
25 55 22 39 -6 26 0 0.00 M M 7.7 16 330 M M 0 20 340
26 73 30 52 6 13 0 0.00 M M 9.5 18 160 M M 0 26 140
27 72 29 51 5 14 0 0.00 M M 9.1 20 80 M M 0 8 24 60
28 72 30 51 5 14 0 0.17 M M 11.6 29 70 M M 0 13 36 60
29 60 41 51 5 14 0 0.09 M M 15.9 38 30 M M 8 138 47 20
30 57 29 43 -4 22 0 0.00 M M 23.4 39 310 M M 5 52 310
================================================================================
SM 1790 755 675 5 0.97 M 512.7 M 87
================================================================================
AV 59.7 25.2 17.1 FASTST M M 3 MAX(MPH)
MISC ----> 52 330 72 340
================================================================================
NOTES:
# LAST OF SEVERAL OCCURRENCES
COLUMN 17 PEAK WIND IN M.P.H.
PRELIMINARY LOCAL CLIMATOLOGICAL DATA (WS FORM: F-6) , PAGE 2
STATION: ALLIANCE NEBRASKA AIRPORT
MONTH: APRIL
YEAR: 2022
LATITUDE: 42 2 N
LONGITUDE: 102 48 W
[TEMPERATURE DATA] [PRECIPITATION DATA] SYMBOLS USED IN COLUMN 16
AVERAGE MONTHLY: 42.4 TOTAL FOR MONTH: 0.97 1 = FOG OR MIST
DPTR FM NORMAL: -1.2 DPTR FM NORMAL: -0.75 2 = FOG REDUCING VISIBILITY
HIGHEST: 91 ON 22 GRTST 24HR 0.47 ON 23-23 TO 1/4 MILE OR LESS
LOWEST: 3 ON 14 3 = THUNDER
SNOW, ICE PELLETS, HAIL 4 = ICE PELLETS
TOTAL MONTH: M 5 = HAIL
GRTST 24HR M ON M 6 = FREEZING RAIN OR DRIZZLE
GRTST DEPTH: M ON M 7 = DUSTSTORM OR SANDSTORM:
VSBY 1/2 MILE OR LESS
8 = SMOKE OR HAZE
[NO. OF DAYS WITH] [WEATHER - DAYS WITH] 9 = BLOWING SNOW
X = TORNADO
MAX 32 OR BELOW: 0 0.01 INCH OR MORE: 7
MAX 90 OR ABOVE: 1 0.10 INCH OR MORE: 3
MIN 32 OR BELOW: 26 0.50 INCH OR MORE: 0
MIN 0 OR BELOW: 0 1.00 INCH OR MORE: 0
[HDD (BASE 65) ]
TOTAL THIS MO. 675 CLEAR (SCALE 0-3) 18
DPTR FM NORMAL 31 PTCLDY (SCALE 4-7) 11
TOTAL FM JUL 1 6367 CLOUDY (SCALE 8-10) 1
DPTR FM NORMAL -576
[CDD (BASE 65) ]
TOTAL THIS MO. 5
DPTR FM NORMAL 5 [PRESSURE DATA]
TOTAL FM JAN 1 5 HIGHEST SLP 30.42 ON 18
DPTR FM NORMAL 5 LOWEST SLP 29.04 ON 22
[REMARKS]
APRIL 22...RECORD HIGH 91 DEGREES (PREVIOUS 90 DEGREES IN 1989)
TIED APRIL 28 1910 FOR WARMEST MAXIMUM TEMPERATURE FOR APRIL
#FINAL-04-22#