000
CXUS53 KGRB 111436
CF6AIG
PRELIMINARY LOCAL CLIMATOLOGICAL DATA (WS FORM: F-6)
STATION: ANTIGO AWOS
MONTH: MAY
YEAR: 2021
LATITUDE: 45 9 N
LONGITUDE: 89 8 W
TEMPERATURE IN F: :PCPN: SNOW: WIND :SUNSHINE: SKY :PK WND
================================================================================
1 2 3 4 5 6A 6B 7 8 9 10 11 12 13 14 15 16 17 18
12Z AVG MX 2MIN
DY MAX MIN AVG DEP HDD CDD WTR SNW DPTH SPD SPD DIR MIN PSBL S-S WX SPD DR
================================================================================
1 79 37 58 10 7 0 M M M 10.9 21 220 M M 2 28 240
2 68 51 60 12 5 0 0.28 M M 7.2 20 60 M M 4 23 60
3 53 46 50 1 15 0 0.41 M M 7.9 15 320 M M 10 1 21 340
4 50 36 43 -6 22 0 M M M 12.2 18 330 M M 7 25 310
5 55 31 43 -7 22 0 M M M 6.2 10 330 M M 5 17 330
6 55 33 44 -6 21 0 0.01 M M 6.2 14 320 M M 6 23 280
7 47 34 41 -9 24 0 0.02 M M 11.2 18 340 M M 9 25 340
8 54 25 40 -10 25 0 M M M 3.4 13 150 M M 5 16 250
9 55 30 43 -8 22 0 M M M 5.4 15 10 M M 5 18 20
10 48 29 39 -12 26 0 M M M 8.0 13 340 M M 7 18 330
11 54 26 40 -11 25 0 M M M 6.0 15 330 M M 3 23 10
12 63 27 45 -7 20 0 M M M 1.9 8 200 M M 1 M M
13 67 33 50 -2 15 0 M M M 3.9 10 230 M M 2 21 210
14 67 35 51 -1 14 0 M M M 4.8 12 220 M M 3 18 230
15 59 43 51 -2 14 0 0.10 M M 5.3 18 180 M M 10 21 180
16 68 42 55 2 10 0 M M M 3.8 10 150 M M 5 1 M M
17 74 40 57 4 8 0 M M M 4.6 9 160 M M 2 12 18 170
18 74 48 61 7 4 0 0.07 M M 10.5 22 160 M M 5 29 160
19 67 58 63 9 2 0 0.26 M M 10.2 14 150 M M 10 1 21 140
20 73 62 68 14 0 3 0.12 M M 10.7 18 160 M M 10 1 24 160
21 70 64 67 13 0 2 0.17 M M 9.5 13 200 M M 10 17 170
22 78 65 72 17 0 7 M M M 8.8 13 240 M M 8 20 250
23 68 50 59 4 6 0 M M M 7.4 14 50 M M 9 1 18 90
24 74 49 62 7 3 0 M M M 7.2 10 150 M M 7 1 M M
25 76 59 68 12 0 3 0.33 M M 12.9 16 230 M M 7 29 200
26 60 43 52 -4 13 0 M M M 11.2 17 310 M M 3 27 290
27 43 34 39 -17 26 0 0.23 M M 8.6 15 50 M M 9 18 60
28 57 33 45 -11 20 0 M M M 9.9 16 50 M M 2 22 70
29 64 30 47 -10 18 0 M M M 3.0 7 140 M M 0 M M
30 58 36 47 -10 18 0 0.02 M M 4.8 12 240 M M 5 16 250
31 71 46 59 2 6 0 0.79 M M 8.2 22 20 M M 6 35 20
================================================================================
SM 1949 1275 411 15 2.81 M 231.8 M 177
================================================================================
AV 62.9 41.1 7.5 FASTST M M 6 MAX(MPH)
MISC ----> # 22 160 35 20
================================================================================
NOTES:
# LAST OF SEVERAL OCCURRENCES
COLUMN 17 PEAK WIND IN M.P.H.
PRELIMINARY LOCAL CLIMATOLOGICAL DATA (WS FORM: F-6) , PAGE 2
STATION: ANTIGO AWOS
MONTH: MAY
YEAR: 2021
LATITUDE: 45 9 N
LONGITUDE: 89 8 W
[TEMPERATURE DATA] [PRECIPITATION DATA] SYMBOLS USED IN COLUMN 16
AVERAGE MONTHLY: 52.0 TOTAL FOR MONTH: 2.81 1 = FOG OR MIST
DPTR FM NORMAL: -0.9 DPTR FM NORMAL: -0.40 2 = FOG REDUCING VISIBILITY
HIGHEST: 79 ON 1 GRTST 24HR 0.79 ON 31-31 TO 1/4 MILE OR LESS
LOWEST: 25 ON 8 3 = THUNDER
SNOW, ICE PELLETS, HAIL 4 = ICE PELLETS
TOTAL MONTH: M 5 = HAIL
GRTST 24HR M ON M 6 = FREEZING RAIN OR DRIZZLE
GRTST DEPTH: M ON M 7 = DUSTSTORM OR SANDSTORM:
VSBY 1/2 MILE OR LESS
8 = SMOKE OR HAZE
[NO. OF DAYS WITH] [WEATHER - DAYS WITH] 9 = BLOWING SNOW
X = TORNADO
MAX 32 OR BELOW: 0 0.01 INCH OR MORE: 13
MAX 90 OR ABOVE: 0 0.10 INCH OR MORE: 9
MIN 32 OR BELOW: 7 0.50 INCH OR MORE: 1
MIN 0 OR BELOW: 0 1.00 INCH OR MORE: 0
[HDD (BASE 65) ]
TOTAL THIS MO. 411 CLEAR (SCALE 0-3) 7
DPTR FM NORMAL 26 PTCLDY (SCALE 4-7) 16
TOTAL FM JUL 1 8462 CLOUDY (SCALE 8-10) 8
DPTR FM NORMAL -498
[CDD (BASE 65) ]
TOTAL THIS MO. 15
DPTR FM NORMAL 7 [PRESSURE DATA]
TOTAL FM JAN 1 15 HIGHEST SLP M ON M
DPTR FM NORMAL 6 LOWEST SLP M ON M
[REMARKS]
#FINAL-05-21#