000
CXAK57 PAJK 050817
CLMAJK
NATIONAL WEATHER SERVICE JUNEAU AK
1206 AM AKDT MON JUN 05 2023
...................................
...THE JUNEAU CLIMATE SUMMARY FOR THE MONTH OF MAY 2023...
CLIMATE NORMAL PERIOD: 1991 TO 2020
CLIMATE RECORD PERIOD: 1936 TO 2023
WEATHER OBSERVED NORMAL DEPART LAST YEAR`S
VALUE DATE(S) VALUE FROM VALUE DATE(S)
NORMAL
................................................................
TEMPERATURE (F)
RECORD
HIGH 82 05/27/1947
LOW 25 05/01/1972
05/11/1965
05/02/1956
HIGHEST 76 05/18 70 6
LOWEST 29 05/04 32 -3
AVG. MAXIMUM 57.5 57.6 -0.1
AVG. MINIMUM 41.6 40.3 1.3
MEAN 49.6 49.0 0.6
DAYS MAX >= 90 0 0.0 0.0
DAYS MAX <= 32 0 0.0 0.0
DAYS MIN <= 32 2 2.1 -0.1
DAYS MIN <= 0 0 0.0 0.0
PRECIPITATION (INCHES)
RECORD
MAXIMUM 9.20 1992
MINIMUM 0.52 2015
TOTALS 4.54 3.51 1.03
DAILY AVG. 0.15 0.11 0.04
DAYS >= .01 17 16.1 0.9
DAYS >= .10 10 9.0 1.0
DAYS >= .50 3 1.9 1.1
DAYS >= 1.00 0 0.4 -0.4
GREATEST
24 HR. TOTAL 1.06 05/27 TO 05/28
SNOWFALL (INCHES)
RECORDS
TOTAL 1.2 1964
SNOW DEPTH 0 05/31/2002
TOTALS 0.0 0.0 0.0 MM
SINCE 7/1 MM 87.6 MM MM
SNOWDEPTH AVG. 0 MM
DAYS >= TRACE 0 0.0 0.0 MM
DAYS >= 1.0 0 0.0 0.0 MM
GREATEST
SNOW DEPTH 0 MM MM
DEGREE DAYS
HEATING TOTAL 469 498 -29
SINCE 7/1 7749 8024 -275
COOLING TOTAL 0 0 0
SINCE 1/1 0 0 0
FREEZE DATES
EARLIEST 10/23
LATEST 05/09
................................................................
WIND (MPH)
AVERAGE WIND SPEED 7.7
HIGHEST WIND SPEED/DIRECTION 29/110 DATE 05/02
HIGHEST GUST SPEED/DIRECTION 35/110 DATE 05/12
WEATHER CONDITIONS. NUMBER OF DAYS WITH
THUNDERSTORM 0 MIXED PRECIP 0
HEAVY RAIN 0 RAIN 9
LIGHT RAIN 21 FREEZING RAIN 0
LT FREEZING RAIN 0 HAIL 0
HEAVY SNOW 0 SNOW 0
LIGHT SNOW 0 SLEET 0
FOG 23 FOG W/VIS <= 1/4 MILE 0
HAZE 0
- INDICATES NEGATIVE NUMBERS.
R INDICATES RECORD WAS SET OR TIED.
MM INDICATES DATA IS MISSING.
T INDICATES TRACE AMOUNT.
$$
...ABOVE NORMAL TEMPERATURES AND ABOVE NORMAL PRECIPITATION FOR MOST
CLIMATE SITES IN SE AK FOR MAY...
Around the middle of the month, Southeast Alaska had a warm, dry,
and mostly clear spell that lasted for several days with area
temperatures much above normal values, which ended up breaking daily
high temperature records for several locations on multiple days.
This warm spell skewed the daily average temperatures for the month
of May to either normal or above normal values with values
increasing the farther south you go. Yakutat`s daily average
temperature was exactly normal at 45.6 degrees for the month.
Ketchikan`s daily average temperature was 3.1 degrees above normal
for May with Juneau and Sitka falling between the values from
Ketchikan and Yakutat. If it wasn`t for the warm spell, Ketchikan
would have been around normal for the month and the other locations
would have been more below normal the farther north you went. On May
16th, Sitka tied their record high temperature that was initially
set back in 1969. On the 17th, Juneau reported a high temperature of
73, which broke their old record of 72, which was set in 2014. On
that same day, Ketchikan reported a high temperature of 77, which
broke their old record of 76, which was set in 1913. On May 18th,
Juneau reported a high temperature of 76, which broke the old record
of 74, which was set in 2018. On that same day, Sitka reported 82,
which broke their record of 77, which was set back in 1945. Finally,
also on the 18th, Yakutat reported a high of 77, which broke their
previous record of 72, which was set back in 1963.
The beginning and end of the month were much wetter and cooler as we
were in a much more active weather pattern with frontal system after
frontal system moving over the region, a few of them nearer to the
beginning of the month were associated with long fetches of deep
tropical moisture. A couple of records were broken in the central
and southern Panhandle. On May 12th, Ketchikan reported 2.66 inches
of rainfall, which broke their record of 2.61 inches, which was set
back in 1952. On the 29th, Sitka recorded 0.79 inches of rainfall,
which broke their old record of 0.59 inches, which was set back in
1963. Post-frontal onshore flow with moderate to heavy convective
shower activity is responsible for the late-month record being
broken in Sitka.
Chambers/Fritsch
$$