000
CXAK56 PAJK 011310
CF6AJN
PRELIMINARY LOCAL CLIMATOLOGICAL DATA (WS FORM: F-6)
STATION: JUNEAU
MONTH: MARCH
YEAR: 2023
LATITUDE: 58 22 N
LONGITUDE: 134 35 W
TEMPERATURE IN F: :PCPN: SNOW: WIND :SUNSHINE: SKY :PK WND
================================================================================
1 2 3 4 5 6A 6B 7 8 9 10 11 12 13 14 15 16 17 18
12Z AVG MX 2MIN
DY MAX MIN AVG DEP HDD CDD WTR SNW DPTH SPD SPD DIR MIN PSBL S-S WX SPD DR
================================================================================
1 38 25 32 1 33 0 0.90 10.5 12 22.9 44 110 M M 10 129 56 110
2 36 30 33 2 32 0 0.12 0.7 12 8.2 20 80 M M 8 1 22 80
3 35 17 26 -5 39 0 0.01 0.4 11 4.3 14 140 M M 7 1 18 150
4 33 13 23 -8 42 0 0.00 0.0 11 8.6 26 90 M M 2 34 90
5 26 18 22 -9 43 0 0.00 0.0 10 13.5 25 70 M M 2 35 90
6 31 5 18 -13 47 0 0.00 0.0 10 2.7 15 120 M M 2 17 120
7 32 13 23 -8 42 0 0.00 0.0 10 10.2 35 90 M M 3 49 70
8 26 13 20 -11 45 0 0.00 0.0 10 14.1 28 80 M M 1 36 100
9 31 13 22 -10 43 0 0.00 0.0 9 5.3 21 100 M M 7 29 90
10 30 24 27 -5 38 0 0.00 0.0 9 13.9 25 100 M M 6 39 110
11 27 22 25 -7 40 0 0.00 0.0 9 17.3 29 100 M M 3 41 70
12 27 10 19 -13 46 0 0.00 0.0 9 10.1 26 100 M M 2 39 100
13 33 7 20 -12 45 0 0.00 0.0 9 2.6 16 120 M M 3 21 130
14 32 16 24 -8 41 0 0.00 0.0 9 3.2 16 140 M M 8 20 130
15 35 23 29 -3 36 0 0.32 2.0 9 9.8 25 110 M M 10 1 32 110
16 41 35 38 6 27 0 0.65 0.0 9 25.2 33 110 M M 10 1 43 110
17 47 36 42 9 23 0 T 0.0 2 14.2 33 120 M M 8 41 110
18 48 31 40 7 25 0 0.02 0.0 2 5.7 20 130 M M 9 23 120
19 39 34 37 4 28 0 0.36 0.0 1 3.9 16 90 M M 10 1 19 90
20 42 34 38 5 27 0 0.03 0.0 T 1.5 7 280 M M 10 12 10 240
21 42 31 37 3 28 0 0.04 0.0 T 4.2 14 110 M M 10 12 17 120
22 42 36 39 5 26 0 0.05 0.0 T 15.2 24 120 M M 10 31 120
23 45 34 40 6 25 0 0.08 0.0 0 6.0 17 130 M M 10 1 23 140
24 41 31 36 2 29 0 T T T 3.3 13 110 M M 8 12 14 120
25 38 30 34 0 31 0 0.09 T T 7.7 18 120 M M 10 1 21 120
26 44 26 35 0 30 0 0.00 0.0 0 5.6 18 90 M M 2 1 24 110
27 44 23 34 -1 31 0 0.00 0.0 0 3.2 13 230 M M 5 15 240
28 44 23 34 -1 31 0 0.00 0.0 0 3.5 14 230 M M 5 16 230
29 47 24 36 0 29 0 0.00 0.0 0 4.6 15 240 M M 4 18 240
30 43 27 35 -1 30 0 0.01 0.0 0 10.2 24 120 M M 9 1 30 120
31 42 35 39 3 26 0 0.07 0.0 0 16.0 22 130 M M 10 1 27 140
================================================================================
SM 1161 739 1058 0 2.75 13.6 276.7 M 204
================================================================================
AV 37.5 23.8 8.9 FASTST M M 7 MAX(MPH)
MISC ----> 44 110 56 110
================================================================================
NOTES:
# LAST OF SEVERAL OCCURRENCES
COLUMN 17 PEAK WIND IN M.P.H.
PRELIMINARY LOCAL CLIMATOLOGICAL DATA (WS FORM: F-6) , PAGE 2
STATION: JUNEAU
MONTH: MARCH
YEAR: 2023
LATITUDE: 58 22 N
LONGITUDE: 134 35 W
[TEMPERATURE DATA] [PRECIPITATION DATA] SYMBOLS USED IN COLUMN 16
AVERAGE MONTHLY: 30.6 TOTAL FOR MONTH: 2.75 1 = FOG OR MIST
DPTR FM NORMAL: -2.3 DPTR FM NORMAL: -0.92 2 = FOG REDUCING VISIBILITY
HIGHEST: 48 ON 18 GRTST 24HR 0.90 ON 1- 1 TO 1/4 MILE OR LESS
LOWEST: 5 ON 6 3 = THUNDER
SNOW, ICE PELLETS, HAIL 4 = ICE PELLETS
TOTAL MONTH: 13.7 INCHES 5 = HAIL
GRTST 24HR 10.5 ON 1- 1 6 = FREEZING RAIN OR DRIZZLE
GRTST DEPTH: 12 ON 2, 1 7 = DUSTSTORM OR SANDSTORM:
VSBY 1/2 MILE OR LESS
8 = SMOKE OR HAZE
[NO. OF DAYS WITH] [WEATHER - DAYS WITH] 9 = BLOWING SNOW
X = TORNADO
MAX 32 OR BELOW: 9 0.01 INCH OR MORE: 14
MAX 90 OR ABOVE: 0 0.10 INCH OR MORE: 5
MIN 32 OR BELOW: 24 0.50 INCH OR MORE: 2
MIN 0 OR BELOW: 0 1.00 INCH OR MORE: 0
[HDD (BASE 65) ]
TOTAL THIS MO. 1058 CLEAR (SCALE 0-3) 7
DPTR FM NORMAL 63 PTCLDY (SCALE 4-7) 8
TOTAL FM JUL 1 6556 CLOUDY (SCALE 8-10) 16
DPTR FM NORMAL -244
[CDD (BASE 65) ]
TOTAL THIS MO. 0
DPTR FM NORMAL 0 [PRESSURE DATA]
TOTAL FM JAN 1 0 HIGHEST SLP 30.57 ON 27
DPTR FM NORMAL 0 LOWEST SLP 28.59 ON 1
[REMARKS]
#FINAL-03-23#